(124,'MAMS logout form','{* logout form template *}\n{if isset($alt_logoutform)}{$alt_logoutform}{/if}\n{if isset($message)}<div class=\"alert alert-info\">{$message}</div>{/if}\n<p>{$prompt_loggedin}&nbsp;{$username}</p>\n<p><a href=\"{$url_changesettings}\" title=\"{$mod->Lang(\'info_changesettings\')}\">{$mod->Lang(\'prompt_changesettings\')}</a></p>\n{if isset($url_logout)}\n<p><a href=\"{$url_logout}\" title=\"{$mod->Lang(\'info_logout\')}\">{$mod->Lang(\'logout\')}</a></p>\n{/if}',NULL,86,1,NULL,1,1,1782318921,1782318921),
(125,'MAMS chsettings form','<!-- change settings template -->\r\n<div id=\"mams_changesettingsform\">\r\n<h4>{$mod->Lang(\'user_settings\')}</h4>\r\n\r\n{if isset($message) && $message != \'\'}\r\n  {if isset($error) && $error != \'\'}\r\n    <p class=\"alert alert-error\">{$message}</p>\r\n  {else}\r\n    <p class=\"alert alert-info\">{$message}</p>\r\n  {/if}\r\n{/if}\r\n\r\n{$startform}{xt_form_csrf}\r\n  {if $controlcount > 0}\r\n  {foreach $controls as $key=>$field}\r\n    <div class=\"row\">\r\n      <label for=\"{$field->input_id}\" class=\"col-sm-3 text-right\" style=\"color: {$field->color|default:\'inherit\'}\">{$field->marker|default:\'\'} {$field->prompt}:</label>\r\n      <div class=\"col-sm-9\">\r\n        {$field->hidden|default:\'\'}\r\n        {if isset($field->hidden)}{$field->hidden}{/if}\r\n\r\n	{* build the field itself *}\r\n	{if $field->type == \'0\'} {* text *}\r\n	  <input type=\"text\" id=\"{$field->input_id}\" class=\"form-control\" name=\"{$field->input_name}\" size=\"{$field->length}\" maxlength=\"{$field->maxlength}\" value=\"{$field->value}\" {if $field->readonly}readonly{/if}/>\r\n	{elseif $field->type == \'password\'} {* text *}\r\n	  <input type=\"password\" id=\"{$field->input_id}\" class=\"form-control\" name=\"{$field->input_name}\" size=\"{$field->length}\" maxlength=\"{$field->maxlength}\" value=\"{$field->value}\" {if $field->readonly}readonly{/if}/>\r\n	{elseif $field->type == 2} {* email *}\r\n	  <input type=\"email\" id=\"{$field->input_id}\" class=\"form-control\" name=\"{$field->input_name}\" size=\"{$field->length}\" maxlength=\"{$field->maxlength}\" value=\"{$field->value}\" {if $field->readonly}readonly{/if}/>\r\n	{elseif $field->type == 3} {* textarea *}\r\n          {xt_textarea id=$field->input_id wysiwyg=$field->wysiwyg name=$field->input_name content=$field->value class=\"form-control\"}\r\n	{elseif $field->type == 1} {* checkbox *}\r\n	  <input type=\"hidden\" name=\"{$field->input_name}\" value=\"0\"/>\r\n	  <input type=\"checkbox\" id=\"{$field->input_id}\" class=\"checkbox\" name=\"{$field->input_name}\" value=\"1\" {if $field->value}checked{/if}/>\r\n	{elseif $field->type == 4} {* dropdown *}\r\n	   <select id=\"{$field->input_id}\" class=\"form-control\" name=\"{$field->input_name}\" {if $field->readonly}readonly{/if}>\r\n	      {html_options options=$field->options selected=$field->value}\r\n	   </select>\r\n	{elseif $field->type == 5} {* multiselect *}\r\n	   <select id=\"{$field->input_id}\" class=\"form-control\" name=\"{$field->input_name}[]\" {if $field->readonly}readonly{/if} multiple>\r\n	      {html_options options=$field->options selected=$field->selected}\r\n	   </select>\r\n	{elseif $field->type == 7} {* radio group *}\r\n	   {foreach $field->options as $key => $val}\r\n	      <label><input type=\"radio\" class=\"form-control\" name=\"{$field->input_name}\" value=\"{$key}\" {if $key==$field->value}checked=\"checked\"{/if}> {$val}</label>\r\n	   {/foreach}\r\n	{elseif $field->type == 6} {* image *}\r\n	   {if isset($field->image_url) && $field->image_url}<img src=\"{$field->image_url}\" alt=\"{$field->image_url}\" width=\"100\" height=\"100\"/>{/if}\r\n	   {if isset($field->prompt2) && $field->prompt2}<label><input type=\"checkbox\" class=\"checkbox\" name=\"{$field->input_name2}\" value=\"clear\"/> {$field->prompt2}</label>{/if}\r\n	   <input type=\"hidden\" name=\"{$field->input_name}\" value=\"{$field->value}\"/>\r\n 	   <input type=\"file\" id=\"{$field->input_id}\" class=\"form-control\" name=\"{$field->input_name}\" {if $field->readonly}readonly{/if}/>\r\n	{elseif $field->type == 8} {* date *}\r\n	   {$sy=$field->startyear|default:\'-5\'}\r\n	   {$ey=$field->startyear|default:\'+10\'}\r\n	   {html_select_date prefix=$field->input_name start_year=$sy end_year=$ey time=$field->value}\r\n	{/if}\r\n        {$field->addtext|default:\'\'}\r\n      </div>\r\n    </div>\r\n  {/foreach}\r\n  {/if}\r\n\r\n  <div class=\"row\">\r\n    <div class=\"col-sm-3\"></div>\r\n    <div class=\"col-sm-9\">\r\n      <button type=\"submit\" class=\"btn btn_active\" name=\"{$actionid}submit\">{$mod->Lang(\'submit\')}</button>\r\n    </div>\r\n  </div>\r\n{$hidden|default:\'\'}{$endform}\r\n</div>\r\n<!-- change settings template -->','',87,1,1,1,1,1782318921,1782787181),
(123,'MAMS login form','{* login form template *}\n{* this is a sample template, feel free to customize it *}\n{if isset($alt_loginform)}\n  <div class=\"row\" id=\"altlogin\">{$alt_loginform}</div><br/>\n{/if}\n\n<fieldset id=\"loginform\">\n  <legend>{$MAMS->Lang(\'prompt_normallogin\')}:</legend>\n  {$startform}{xt_form_csrf}\n\n  {*\n   * a simple honeypot captcha....if this field has a value after submit an error will be thrown\n   * deleting this field will simply disable the honeypot.\n   * it is important that the field be hidden with CSS rather than using a hidden input field.\n   *}\n  <input type=\"text\" name=\"{$actionid}mams__data\" value=\"\" style=\"display: none;\"/>\n\n  {if $error}<div class=\"alert alert-danger\">{$error}</div>{/if}\n\n  <div class=\"row\">\n    <p class=\"col-md-4 text-right\"><label for=\"mams_username\">*{$prompt_username}:</label></p>\n    <p class=\"col-md-8\">\n      <input type=\"{if $username_is_email}email{else}text{/if}\" id=\"mams_username\" name=\"{$fldname_username}\" value=\"{$username}\" size=\"{$username_size}\" maxlength=\"{$username_maxlength}\" {if !$username_is_email}autocorrect=\"off\" autocapitalize=\"off\"{/if} required/>\n    </p>\n  </div>\n\n  <div class=\"row\">\n    <p class=\"col-md-4 text-right\"><label for=\"mams_password\">*{$prompt_password}:</label></p>\n    <p class=\"col-md-8\">\n      <input type=\"password\" id=\"mams_password\" name=\"{$fldname_password}\" value=\"{$password}\" size=\"{$password_size}\" maxlength=\"{$password_maxlength}\" required/>\n    </p>\n  </div>\n\n  {if isset($captcha)}\n  <div class=\"row\">\n    <p class=\"col-md-4 text-right\">{$captcha_title}</p>\n    <div class=\"col-md-8\">{$captcha}\n      {if $need_captcha_input}\n      <div class=\"row\">\n        <input type=\"text\" name=\"{$actionid}mams_input_captcha\" size=\"10\"/>\n      </div>\n      {/if}\n    </div>\n  </div>\n  {/if}\n\n  {if isset($prompt_rememberme)}\n  <div class=\"row\">\n    <p class=\"col-md-4\"></p>\n    <p class=\"col-md-8\">\n      <label><input type=\"checkbox\" name=\"{$actionid}mams_rememberme\" value=\"1\" {if $rememberme==1}checked{/if}/> {$prompt_rememberme}</label>\n    </p>\n  </div>\n  {/if}\n\n  <div class=\"row\">\n    <p class=\"col-md-4\"></p>\n    <p class=\"col-md-8\">\n      <button class=\"btn btn-active\" name=\"{$actionid}mams_submit\">{$MAMS->Lang(\'login\')}</button>\n    </p>\n  </div>\n\n  {if isset($url_lostun) || isset($url_forgot)}\n  <div class=\"row\">\n    <p class=\"col-md-4\"></p>\n    <p class=\"col-sm-8\">\n      {if isset($url_forgot)}\n        <a href=\"{$url_forgot}\" title=\"{$MAMS->Lang(\'info_forgotpw\')}\">{$MAMS->Lang(\'forgotpw\')}</a>\n      {/if}\n      {if isset($url_lostun)}\n        | <a href=\"{$url_lostun}\" title=\"{$MAMS->Lang(\'info_lostun\')}\">{$MAMS->Lang(\'lostusername\')}</a>\n      {/if}\n    </p>\n  </div>\n  {/if}\n  {$endform}\n</fieldset>',NULL,85,1,NULL,1,1,1782318921,1782318921),
(131,'MAMS lost username confirm','{* lost username confirm template form *}\n<h3>{$premsg}</h3>\n<p>{$prompt_yourusernameis}: <strong>{$username}</strong>.</p>\n<p>{$postmsg}</p>',NULL,93,1,NULL,1,1,1782318921,1782318921),
(140,'packages reslynx','{strip}\r\n	{process_pagedata}\r\n{/strip}<!doctype html>\r\n<html lang=\"{cms_get_language}\">\r\n\r\n<head>\r\n	<title>{title} - {sitename}</title>\r\n	{metadata}\r\n	{cms_stylesheet}\r\n</head>\r\n\r\n<body>\r\n	<header id=\"header\">\r\n		<h1>{sitename}</h1>\r\n	</header>\r\n\r\n	<nav id=\"menu\">\r\n		{Navigator}\r\n	</nav>\r\n\r\n	<section id=\"content\">\r\n		<h1>{title}</h1>\r\n		{content}\r\n	</section>\r\n</body>\r\n\r\n</html>','',1,0,NULL,1,1,1782833801,1782833861),
(141,'package detail reslynx','{strip}\r\n	{process_pagedata}\r\n{/strip}<!doctype html>\r\n<html lang=\"{cms_get_language}\">\r\n\r\n<head>\r\n	<title>{title} - {sitename}</title>\r\n	{metadata}\r\n	{cms_stylesheet}\r\n</head>\r\n\r\n<body>\r\n	<header id=\"header\">\r\n		<h1>{sitename}</h1>\r\n	</header>\r\n\r\n	<nav id=\"menu\">\r\n		{Navigator}\r\n	</nav>\r\n\r\n	<section id=\"content\">\r\n		<h1>{title}</h1>\r\n		{content}\r\n	</section>\r\n</body>\r\n\r\n</html>','',1,0,NULL,1,1,1782833837,1782833837);

--
-- Table structure for table `cmsqy_layout_tpl_addusers`
--

CREATE TABLE `cmsqy_layout_tpl_addusers` (
  `tpl_id` int(11) NOT NULL,
  `user_id` int(11) NOT NULL,
  PRIMARY KEY (`tpl_id`,`user_id`)
) ENGINE=MyISAM DEFAULT CHARSET=utf8mb3 COLLATE=utf8mb3_general_ci;

--
-- Dumping data for table `cmsqy_layout_tpl_addusers`
--

INSERT INTO `cmsqy_layout_tpl_addusers` (`tpl_id`, `user_id`) VALUES (29,-3),
(29,-2),
(29,1);

--
-- Table structure for table `cmsqy_layout_tpl_categories`
--

CREATE TABLE `cmsqy_layout_tpl_categories` (
  `id` int(11) NOT NULL AUTO_INCREMENT,
  `name` varchar(100) NOT NULL,
  `description` text DEFAULT NULL,
  `item_order` text DEFAULT NULL,
  `modified` int(11) DEFAULT NULL,
  PRIMARY KEY (`id`),
  UNIQUE KEY `cmsqy_idx_layout_tpl_cat_1` (`name`)
) ENGINE=MyISAM AUTO_INCREMENT=2 DEFAULT CHARSET=utf8mb3 COLLATE=utf8mb3_general_ci;

--
-- Dumping data for table `cmsqy_layout_tpl_categories`
--

INSERT INTO `cmsqy_layout_tpl_categories` (`id`, `name`, `description`, `item_order`, `modified`) VALUES (1,'mams','','1',1782787087);

--
-- Table structure for table `cmsqy_layout_tpl_type`
--

CREATE TABLE `cmsqy_layout_tpl_type` (
  `id` int(11) NOT NULL AUTO_INCREMENT,
  `originator` varchar(50) NOT NULL,
  `name` varchar(100) NOT NULL,
  `has_dflt` tinyint(4) DEFAULT NULL,
  `dflt_contents` longtext DEFAULT NULL,
  `description` text DEFAULT NULL,
  `lang_cb` varchar(255) DEFAULT NULL,
  `dflt_content_cb` varchar(255) DEFAULT NULL,
  `requires_contentblocks` tinyint(4) DEFAULT NULL,
  `help_content_cb` varchar(255) DEFAULT NULL,
  `one_only` tinyint(4) DEFAULT NULL,
  `owner` int(11) DEFAULT NULL,
  `created` int(11) DEFAULT NULL,
  `modified` int(11) DEFAULT NULL,
  PRIMARY KEY (`id`),
  UNIQUE KEY `cmsqy_idx_layout_tpl_type_1` (`originator`,`name`)
) ENGINE=MyISAM AUTO_INCREMENT=97 DEFAULT CHARSET=utf8mb3 COLLATE=utf8mb3_general_ci;

--
-- Dumping data for table `cmsqy_layout_tpl_type`
--

INSERT INTO `cmsqy_layout_tpl_type` (`id`, `originator`, `name`, `has_dflt`, `dflt_contents`, `description`, `lang_cb`, `dflt_content_cb`, `requires_contentblocks`, `help_content_cb`, `one_only`, `owner`, `created`, `modified`) VALUES (1,'__CORE__','page',1,'{strip}\n	{process_pagedata}\n{/strip}<!doctype html>\n<html lang=\"{cms_get_language}\">\n\n<head>\n	<title>{title} - {sitename}</title>\n	{metadata}\n	{cms_stylesheet}\n</head>\n\n<body>\n	<header id=\"header\">\n		<h1>{sitename}</h1>\n	</header>\n\n	<nav id=\"menu\">\n		{Navigator}\n	</nav>\n\n	<section id=\"content\">\n		<h1>{title}</h1>\n		{content}\n	</section>\n</body>\n\n</html>',NULL,'s:44:\"CmsTemplateResource::page_type_lang_callback\";','s:45:\"CmsTemplateResource::reset_page_type_defaults\";',1,'s:43:\"CmsTemplateResource::template_help_callback\";',NULL,NULL,1780330016,1780330016),
(2,'__CORE__','generic',NULL,NULL,NULL,'s:47:\"CmsTemplateResource::generic_type_lang_callback\";','N;',0,'s:43:\"CmsTemplateResource::template_help_callback\";',NULL,NULL,1780330016,1780330016),
(3,'Navigator','navigation',1,'{* simple navigation *}\n{* note, function can only be defined once *}\n{* \n  variables:\n  node: contains the current node.\n  aclass: is used to build a string containing class names given to the a tag if one is used\n  liclass: is used to build a string containing class names given to the li tag.\n*}\n\n{function name=Nav_menu depth=1}{strip}\n<ul>\n  {foreach $data as $node}\n    {* setup classes for the anchor and list item *}\n    {assign var=\'liclass\' value=\'menudepth\'|cat:$depth}\n    {assign var=\'aclass\' value=\'\'}\n\n    {* the first child gets a special class *}\n    {if $node@first && $node@total > 1}{assign var=\'liclass\' value=$liclass|cat:\' first_child\'}{/if}\n\n    {* the last child gets a special class *}\n    {if $node@last && $node@total > 1}{assign var=\'liclass\' value=$liclass|cat:\' last_child\'}{/if}\n\n    {if $node->current}\n      {* this is the current page *}\n      {assign var=\'liclass\' value=$liclass|cat:\' menuactive\'}\n      {assign var=\'aclass\' value=$aclass|cat:\' menuactive\'}\n    {/if}\n\n    {if $node->parent}\n      {* this is a parent of the current page *}\n      {assign var=\'liclass\' value=$liclass|cat:\' menuactive menuparent\'}\n      {assign var=\'aclass\' value=$aclass|cat:\' menuactive menuparent\'}\n    {/if}\n\n    {if $node->children}\n      {assign var=\'liclass\' value=$liclass|cat:\' parent\'}\n      {assign var=\'aclass\' value=$aclass|cat:\' parent\'}\n    {/if}\n\n    {* build the menu item node *}\n    {if $node->type == \'sectionheader\'}\n      <li class=\'sectionheader {$liclass}\'><span>{$node->menutext}</span>\n        {if isset($node->children)}\n          {Nav_menu data=$node->children depth=$depth+1}\n        {/if}\n      </li>\n    {else if $node->type == \'separator\'}\n      <li class=\'separator {$liclass}\'><hr class=\'separator\'/></li>\n    {else}\n      {* regular item *}\n      <li class=\"{$liclass}\">\n        <a class=\"{$aclass}\" href=\"{$node->url}\"{if $node->target ne \"\"} target=\"{$node->target}\"{/if}><span>{$node->menutext}</span></a>\n        {if isset($node->children)}\n          {Nav_menu data=$node->children depth=$depth+1}\n        {/if}\n      </li>\n    {/if}\n  {/foreach}\n</ul>\n{/strip}{/function}\n\n{if isset($nodes)}\n{Nav_menu data=$nodes depth=0}\n{/if}\n',NULL,'s:34:\"Navigator::page_type_lang_callback\";','s:35:\"Navigator::reset_page_type_defaults\";',0,'s:33:\"Navigator::template_help_callback\";',NULL,NULL,1780330016,1780330016),
(4,'Navigator','breadcrumbs',1,'{* default breadcrumbs template *}\n{strip}\n<div class=\"breadcrumb\">\n  {if isset($starttext)}{$starttext}:&nbsp;{/if}\n  {foreach $nodelist as $node}\n    {$spanclass=\'breadcrumb\'}\n    {if $node->current}\n      {$spanclass=$spanclass|cat:\' current\'}\n    {/if}\n\n    <span class=\"{$spanclass}\">\n      {if $node@last}\n        {$node->menutext}\n      {elseif $node->type == \'sectionheader\'}\n        {$node->menutext}&nbsp;\n      {else}\n        <a href=\"{$node->url}\" title=\"{$node->menutext}\">{$node->menutext}</a>\n      {/if}\n    </span>\n\n    {if !$node@last}&raquo;&nbsp;{/if}\n  {/foreach}\n</div>\n{/strip}',NULL,'s:34:\"Navigator::page_type_lang_callback\";','s:35:\"Navigator::reset_page_type_defaults\";',0,'s:33:\"Navigator::template_help_callback\";',NULL,NULL,1780330016,1780330016),
(9,'Search','searchform',1,'\n{$startform}\n<label for=\"{$search_actionid}searchinput\">{$searchprompt}:&nbsp;</label><input type=\"text\" class=\"search-input\" id=\"{$search_actionid}searchinput\" name=\"{$search_actionid}searchinput\" size=\"20\" maxlength=\"50\" placeholder=\"{$searchtext}\"/>\n{*\n<br/>\n<input type=\"checkbox\" name=\"{$search_actionid}use_or\" value=\"1\"/>\n*}\n<input class=\"search-button\" name=\"submit\" value=\"{$submittext}\" type=\"submit\" />\n{if isset($hidden)}{$hidden}{/if}\n{$endform}',NULL,'s:31:\"Search::page_type_lang_callback\";','s:32:\"Search::reset_page_type_defaults\";',0,'N;',NULL,NULL,1780330016,1780330016),
(10,'Search','searchresults',1,'<h3>{$searchresultsfor} &quot;{$phrase}&quot;</h3>\n{if $itemcount > 0}\n<ul>\n  {foreach from=$results item=entry}\n  <li>{$entry->title} - <a href=\"{$entry->url}\">{$entry->urltxt}</a> ({$entry->weight}%)</li>\n  {*\n     You can also instantiate custom behaviour on a module by module basis by looking at\n     the $entry->module and $entry->modulerecord fields in $entry\n      ie: {if $entry->module == \'News\'}{News action=\'detail\' article_id=$entry->modulerecord detailpage=\'News\'}\n\n     For content pages the module is \'content\' and modulerecord the page id. \n  *}\n  {/foreach}\n</ul>\n\n<p>{$timetaken}: {$timetook}</p>\n{else}\n  <p><strong>{$noresultsfound}</strong></p>\n{/if}',NULL,'s:31:\"Search::page_type_lang_callback\";','s:32:\"Search::reset_page_type_defaults\";',0,'N;',NULL,NULL,1780330016,1780330016),
(11,'TinyMCE','js',1,'{* Orig JS Template *}\ntinymce.init({\n	selector: \'{if isset($selector) && $selector != \'\'}{$selector}{else}textarea.TinyMCE{/if}\',\n\n	language: \'{$language}\',\n\n	license_key: \'{$profile->license_key|default:\'gpl\'}\',\n	promotion: false,\n	onboarding: false,\n\n	cmsms_tiny: cmsms_tiny = {\n		{if $enable_linker}\n			linker_text : \'{$TinyMCE->Lang(\'cmsms_linker\')|escape:\'quotes\'}\',\n			linker_title : \'{$TinyMCE->Lang(\'title_cmsms_linker\')|escape:\'quotes\'}\',\n			linker_image : \'{$TinyMCE->GetModuleURLPath()}/lib/images/cmsmslink.gif\',\n			linker_url : \'{$linker_url}\',\n			linker_autocomplete_url : \'{$getpages_url}\',\n			linker_href : \'{$TinyMCE->Lang(\'prompt_href\')|escape:\'quotes\'}\',\n			prompt_page : \'{$TinyMCE->Lang(\'prompt_linker\')|escape:\'quotes\'}\',\n			prompt_page_info : \'{$TinyMCE->Lang(\'info_linker_autocomplete\')|escape:\'quotes\'}\',\n			prompt_alias : \'{$TinyMCE->Lang(\'prompt_selectedalias\')|escape:\'quotes\'}\',\n			prompt_alias_info : \'{$TinyMCE->Lang(\'tooltip_selectedalias\')|escape:\'quotes\'}\',\n			prompt_text : \'{$TinyMCE->Lang(\'prompt_texttodisplay\')|escape:\'quotes\'}\',\n			prompt_class : \'{$TinyMCE->Lang(\'prompt_class\')|escape:\'quotes\'}\',\n			prompt_rel : \'{$TinyMCE->Lang(\'prompt_rel\')|escape:\'quotes\'}\',\n			prompt_target : \'{$TinyMCE->Lang(\'prompt_target\')|escape:\'quotes\'}\',\n			tab_general : \'{$TinyMCE->Lang(\'tab_general_title\')|escape:\'quotes\'}\',\n			tab_advanced : \'{$TinyMCE->Lang(\'tab_advanced_title\')|escape:\'quotes\'}\',\n			target_none : \'{$TinyMCE->Lang(\'none\')|escape:\'quotes\'}\',\n			target_new_window : \'{$TinyMCE->Lang(\'newwindow\')|escape:\'quotes\'}\',\n			loading_info : \'{$TinyMCE->Lang(\'loading_info\')|escape:\'quotes\'}\',\n		{/if}\n\n		filepicker_title: \'{$TinyMCE->Lang(\'filepickertitle\')|escape:javascript}\',\n        filebrowser_title: \'{$TinyMCE->Lang(\'title_cmsms_filebrowser\')|escape:javascript}\',\n\n        {if $profile->enable_user_templates}\n        	template_title: \'{$TinyMCE->lang(\'template_insert\')}\',\n        	template_select: \'{$TinyMCE->lang(\'template_select\')}\',\n        {/if}\n	},\n	{if $profile->relative_urls}\n		relative_urls: true,\n	{else}\n		relative_urls: false,\n		remove_script_host: false,\n	{/if}\n	document_base_url: \'{root_url}/\',\n	browser_spellcheck: true,\n\n	forced_root_block: \'{$profile->forced_root_block|default:\'p\'}\',\n	newline_behavior: \'{$profile->newline_behavior|default:\'default\'}\',\n\n	{* PLUGINS *}\n	plugins: \'{$profile->plugins} {if $enable_linker and $profile->plugins|strpos:\'cmsms_linker\' === false}cmsms_linker{/if } {if $profile->enable_user_templates}cmsms_template{/if} {if $profile->autoresize}autoresize{/if}\',\n\n	{*PLUGINS OPTIONS*}\n	{if $profile->image_advtab}\n		image_advtab: true,\n	{/if}\n\n	contextmenu: \"{if $enable_linker and $profile->contextmenu|strpos:\'cmsms_linker\' === false}cmsms_linker{/if} {$profile->contextmenu}\",\n\n	{* MENU BAR *}\n	{if !$profile->show_menubar}\n		menubar: false,\n	{else}\n		{if $profile->use_advanced_menu && !empty($profile->advanced_menu)}\n			menu: {$profile->advanced_menu},\n		{else}\n			menubar: \'{$profile->menubar}\',\n		{/if}\n	{/if}\n\n	{* TOOLBAR *}\n	{if !$profile->show_toolbar}\n		toolbar: false,\n	{else}\n		toolbar1: \'{$profile->toolbar1}\',\n		{if !empty($profile->toolbar2)}\n			toolbar2: \'{$profile->toolbar2}\',\n		{/if}\n	{/if}\n\n	{* STATUSBAR *}\n	{if !$profile->show_statusbar && $profile->resize == false}\n		statusbar: false,\n	{/if}\n\n	{* RESIZE *}\n	{if $profile->resize == false}\n		resize: false,\n	{elseif $profile->resize == \'both\'}\n		resize: \'both\',\n	{else}\n		resize: true,\n	{/if}\n\n	height: 20,\n	autoresize_min_height: 10,\n	autoresize_max_height: 600,\n	autoresize_bottom_margin: 10,\n\n	{* CSS *}\n	{if isset($content_css) && $content_css != \'\'}\n		content_css: \'{$content_css}\',\n	{/if}\n\n\n	{* GENERAL CSS CLASSES *}\n	{if isset($style_formats) and !empty($style_formats)}\n		style_formats: [\n			{foreach $style_formats as $style_format}\n				{ldelim}{$style_format}{rdelim},\n			{/foreach}\n		],\n	{/if}\n\n	{* LINK CSS CLASSES *}\n	{if isset($link_classes)}\n		link_class_list: [\n			{foreach $link_classes as $name => $classes}\n				{ldelim}title: \'{$name}\', value: \'{$classes|escape:javascript}\'{rdelim},\n			{/foreach}\n		],\n	{/if}\n\n	{* IMAGES CSS CLASSES *}\n	{if isset($image_classes)}\n		image_class_list: [\n			{foreach $image_classes as $name => $classes}\n				{ldelim}title: \'{$name}\', value: \'{$classes|escape:javascript}\'{rdelim},\n			{/foreach}\n		],\n	{/if}\n\n	{* FORMAT FOR DROPDOWN IN TOOLBAR (button formatselect) *}\n	{if $profile->use_custom_block_formats and $profile->block_formats neq \'\'}\n		block_formats: \"{$profile->block_formats}\",\n	{/if}\n\n	{* USER TEMPLATES *}\n	{if $profile->enable_user_templates}\n		cmsms_templates: cmsms_templates = [\n			{if isset($user_templates)}\n				{foreach $user_templates as $user_template}\n					{ldelim}title: \"{$user_template->get_name()|escape:\'quotes\'}\", description: \"{$user_template->get_description()|replace:\"\\r\\n\":\'<br>\'|escape:\'quotes\'}\", content: \"{$user_template->get_content()|strip|replace:\'\"\':\'\\\"\'}\"{rdelim},\n				{/foreach}\n			{/if}\n			{if isset($user_templates_files)}\n				{foreach $user_templates_files as $title => $content}\n					{ldelim}title: \"{$title|escape:\'quotes\'}\", description: \"\", content: \"{$content|strip|replace:\'\"\':\'\\\"\'}\"{rdelim},\n				{/foreach}\n			{/if}\n		],\n	{/if}\n\n\n	{* EXTERNAL PLUGINS *}\n	external_plugins: {\n		{if $enable_linker}\n			\"cmsms_linker\" : \"{$TinyMCE->getModuleURLPath()}/lib/js/tinymce_external_plugins/cmsms_linker/plugin.js\",\n		{/if}\n		{if isset($can_use_filemanager) and $can_use_filemanager and $profile->filemanager_use}\n			\"cmsms_filepicker\" : \"{$TinyMCE->getModuleURLPath()}/lib/js/tinymce_external_plugins/cmsms_filepicker/plugin.js\",\n		{/if}\n		{if $profile->enable_user_templates}\n			\"cmsms_template\" : \"{$TinyMCE->getModuleURLPath()}/lib/js/tinymce_external_plugins/cmsms_template/plugin.js\",\n		{/if}\n	},\n\n	{* FILE MANAGER / FILEPICKER *}\n	{if isset($can_use_filemanager) and $can_use_filemanager and $profile->filemanager_use}\n		file_picker_types: \'file image media\',\n		{* file_picker_callback: _callback, *}\n	{/if}\n\n	{* callback functions *}\n	urlconverter_callback: function(url, elm, onsave, name) {\n		var self = this;\n		{* var settings = self.settings; *}\n		var convertUrls = tinymce.activeEditor.options.get(\'convert_urls\')\n		var relativeUrls = tinymce.activeEditor.options.get(\'convert_urls\')\n		var removeScriptHost = tinymce.activeEditor.options.get(\'remove_script_host\')\n\n		if (!convertUrls || ( elm && elm.nodeName == \'LINK\' ) || url.indexOf(\'file:\') === 0 || url.length === 0) {\n			return url;\n		}\n\n		// fix entities in cms_selflink urls.\n		if (url.indexOf(\'cms_selflink\') != -1) {\n			decodeURI(url);\n			url = url.replace(\'%20\', \' \');\n			return url;\n		}\n		// Convert to relative\n		if (relativeUrls) {\n			return self.documentBaseURI.toRelative(url);\n		}\n\n		// Convert to absolute\n		url = self.documentBaseURI.toAbsolute(url, removeScriptHost);\n		return url;\n	},\n\n\n	setup: function(editor) {\n		editor.on(\'change\', function(e) {\n			$(document).trigger(\'cmsms_formchange\');\n		});\n\n		{* CUSTOM DROPDOWN *}\n		{if isset($custom_dropdown)}\n			editor.ui.registry.addMenuButton(\'customdropdown\',\n				{\n					{if !empty($profile->custom_dropdown_title)}\n						text: \' {$profile->custom_dropdown_title}\',\n					{/if}\n					tooltip: \'{$profile->custom_dropdown_title}\',\n					icon: \'code-sample\',\n					fetch: function(callback) {\n						var items = [\n							{foreach $custom_dropdown as $entry}\n								{\n									type: \'menuitem\',\n									text: \'{$entry.title}\',\n									onAction: function(){\n										{if !isset($entry.value2)}\n											editor.insertContent(\'{$entry.value1|strip}\');\n										{else}\n											sel = editor.selection.getContent();\n											editor.insertContent(\'{$entry.value1|strip}\'+sel+\'{$entry.value2|strip}\');\n										{/if}\n									}\n								},\n							{/foreach}\n						];\n						callback(items);\n					}\n				}\n			);\n			editor.ui.registry.addMenuItem(\'customdropdown\', {\n				context: \'insert\',\n				{if !empty($profile->custom_dropdown_title)}\n					text: \' {$profile->custom_dropdown_title}\',\n				{/if}\n				icon: \'code-sample\',\n				getSubmenuItems: () => {\n					return [\n						{foreach $custom_dropdown as $entry}\n							{\n								type: \'menuitem\',\n								text: \'{$entry.title}\',\n								onAction: function(){\n									{if !isset($entry.value2)}\n										editor.insertContent(\'{$entry.value1|strip}\');\n									{else}\n										sel = editor.selection.getContent();\n										editor.insertContent(\'{$entry.value1|strip}\'+sel+\'{$entry.value2|strip}\');\n									{/if}\n								}\n							},\n						{/foreach}\n					];\n				}\n			});\n		{/if}\n\n\n		{* EXTERNAL MODULES OR DROPDOWNS *************** *}\n		{function name=\'dropdown_menu\'}\n			{* The parent link (as in Tiny5 we cannot click on the parent anymore, better for touch devices) *}\n			{if isset($parent) and isset($parent.content) and $parent.content neq \'\'}\n				{\n					type: \'menuitem\',\n					text: \'{$parent.menu_text|escape:quotes}\',\n					icon: \'chevron-left\',\n					onAction: function() {\n						editor.insertContent(\'{$parent.content|escape:quotes|strip}\');\n					},\n				},\n			{/if}\n			{if !empty($menu)}\n				{foreach $menu as $entry}\n					{\n						type: \'{if isset($entry.children)}nestedmenuitem{else}menuitem{/if}\',\n						text: \'{$entry.menu_text|escape:quotes}\',\n						{if !isset($entry.children)}\n							onAction: function() {\n								editor.insertContent(\'{$entry.content|escape:quotes|strip}\');\n							},\n						{else}{strip}\n							getSubmenuItems: function() {\n								return [\n									{dropdown_menu menu=$entry.children parent=$entry}\n								];\n							}\n						{/strip}{/if}\n					},\n				{/foreach}\n			{/if}\n		{/function}\n\n		{if $external_modules}\n			{foreach $external_modules as $external_module}{strip}\n				{if !empty($external_module->menu_entries)}\n					editor.ui.registry.addMenuButton(\'{$external_module->button_name}\',\n						{\n							{if $profile->external_modules_show_menutext}\n								text: \'{if !empty($external_module->image)} {/if}{$external_module->title|escape:quotes}\',\n							{/if}\n							{if $external_module->tooltip neq \'\'}\n								tooltip: \'{$external_module->tooltip|escape:quotes}\',\n							{/if}\n							icon: \'{$external_module->icon}\',\n							fetch: function(callback) {\n								var items = [\n									{dropdown_menu|strip menu=$external_module->menu_entries}\n								];\n								callback(items);\n							}\n						}\n					);\n\n					editor.ui.registry.addNestedMenuItem(\'{$external_module->button_name}\',	{\n							icon: \'{$external_module->icon}\',\n							text: \'{$external_module->title|escape:quotes}\',\n							getSubmenuItems: function() {\n								return [\n									{dropdown_menu menu=$external_module->menu_entries}\n								];\n							}\n						}\n					);\n				{/if}\n			{/strip}{/foreach}\n		{/if}\n		{* END EXTERNAL MODULES *}\n\n	},\n\n	{* Extra JS *}\n	{if !empty($profile->extra_js)}\n		{$profile->extra_js}\n	{/if}\n\n\n});\n','JavaScript script that runs TinyMCE - Using a template gives you full control to completely customize TinyMCE for each profile. Please take a look at the TinyMCE documentation (https://www.tinymce.com/docs/) to see how to edit that script.','s:32:\"TinyMCE::page_type_lang_callback\";','s:33:\"TinyMCE::reset_page_type_defaults\";',0,'N;',NULL,NULL,1782246488,1782246488),
(12,'TinyMCE','usertemplate',1,'','You can use that type of template to create many HTML blocks the TinyMCE users can include in their content through the <em>templates</em> TinyMCE plugin','s:32:\"TinyMCE::page_type_lang_callback\";','s:33:\"TinyMCE::reset_page_type_defaults\";',0,'N;',NULL,NULL,1782246488,1782246488),
(96,'MAMS','verify_form',1,'{* original verification form *}\n<div class=\"alert alert-info\">{$mod->Lang(\'info_verify_identity2\')}</div>\n{form_start uid=$uid}{xt_form_csrf}\n  <div class=\"row\">\n    <label>{$mod->Lang(\'code\')}: <input type=\"text\" class=\"form_control\" name=\"{$actionid}code\" value=\"{$code}\" required/></label>\n  </div>\n  <div class=\"row\">\n    <button type=\"submit\" name=\"{$actionid}mams_submit\" class=\"btn btn_active\">{$mod->Lang(\'verify\')}</button>\n  </div>\n</div>\n{form_end}\n',NULL,'s:29:\"MAMS::page_type_lang_callback\";','s:30:\"MAMS::reset_page_type_defaults\";',0,'N;',NULL,NULL,1782318921,1782318921),
(93,'MAMS','lost username confirm',1,'{* lost username confirm template form *}\n<h3>{$premsg}</h3>\n<p>{$prompt_yourusernameis}: <strong>{$username}</strong>.</p>\n<p>{$postmsg}</p>',NULL,'s:29:\"MAMS::page_type_lang_callback\";','s:30:\"MAMS::reset_page_type_defaults\";',0,'N;',NULL,NULL,1782318921,1782318921),
(94,'MAMS','view user',1,'{* view user template *}\n<p>{$mod->Lang(\'id\')}:&nbsp;{$userinfo.id}</p>\n<p>{$mod->Lang(\'username\')}:&nbsp;{$userinfo.username}</p>\n<p>{$mod->Lang(\'email\')}:&nbsp;<a href=\"mailto:{$email_address}\">{$email_address}</p>\n<p>{$mod->Lang(\'expires\')}:&nbsp;{$userinfo.expires}</p>\n{foreach from=$user_properties item=\'entry\'}\n{if $entry.type != 0}\n<p>{$entry.prompt}:&nbsp;{$entry.data}</p>\n{/if}\n{/foreach}\n',NULL,'s:29:\"MAMS::page_type_lang_callback\";','s:30:\"MAMS::reset_page_type_defaults\";',0,'N;',NULL,NULL,1782318921,1782318921),
(95,'MAMS','reset session',1,'{* reset session template *}\n{* NOTE: this template requires jquery be available in any page that it is used on *}\n\n<p><a href=\"javascript:;\" name=\"mams_manual_reset\">Click Here To Confirm Login Status</a></p>{* safe to remove this *}\n\n{* style information for the modal window and the mask... these can be removed and placed in a CMSMS stylesheet *}\n{literal}\n<style type=\"text/css\">\nmams_modal {\n  background-color: #fff;\n  border: 1px solid #00f;\n  padding: 2px;\n  margin:  2px;\n}\n#mams_mask {\n  background-color: #000;\n}\n#mams_modal .title {\n  background-color: #00f;\n  color:  #fff;\n  padding: 0px;\n}\n</style>\n{/literal}\n\n{capture assign=\'mams_theform\'}{strip}\n{* the reset-session form, a simple form to display a message with a title to the user with two options... okay, and cancel... the name of these buttons is important, as well the strip tag is important *}\n<form action=\"javascript:;\">\n<p class=\"title\">{$mod->Lang(\'title_reset_session\')}</p>\n<p class=\"row\">{$mod->Lang(\'msg_reset_session\')}</p>\n<p class=\"row\">\n  <input type=\"submit\" name=\"mams_ok\" value=\"{$mod->Lang(\'ok\')}\"/>\n  <input type=\"submit\" name=\"mams_cancel\" value=\"{$mod->Lang(\'cancel\')}\"/>\n</p>\n</form>\n{/strip}{/capture}\n\n{literal}\n<script type=\"text/javascript\">\n//<![CDATA[\n// the timer interval (how often you want to display the dialog to your users\nvar timer_interval = {/literal}{$session_timeout}{literal} - 30;\n\n// a function to hide the modal dialog -- you can modify this function\nfunction mams_close_modal()\n{\n   jQuery(\'#mams_modal\').fadeOut(2000);\n   jQuery(\'#mams_mask\').fadeOut(1000);\n}\n\n// a function to display the modal dialog... you can modify this function\nfunction mams_open_modal()\n{\n  var maskHeight = jQuery(document).height();\n  var maskWidth = jQuery(document).width();\n\n  // set the mask size to fill up the whole screen\n  jQuery(\'#mams_mask\').css({\'width\':maskWidth,\'height\':maskHeight});\n\n  // transition effect\n  jQuery(\'#mams_mask\').fadeIn(1000);\n  jQuery(\'#mams_mask\').fadeTo(\"slow\",0.8);\n\n  // get the top left corner of the popup\n  var winHeight = jQuery(window).height();\n  var winWidth = jQuery(window).width();\n\n  var popupHeight = jQuery(\'#mams_modal\').height();\n  var popupWidth  = jQuery(\'#mams_modal\').width();\n\n  var top = winHeight/2 - popupHeight/2;\n  var left = winWidth/2 - popupWidth/2;\n  // set the popup window to center\n  jQuery(\'#mams_modal\').css({\'top\':top,\'left\':left});\n\n  // transition effect\n  jQuery(\'#mams_modal\').fadeIn(2000);\n}\n\nfunction mams_user_cancelled()\n{\n  // a callback function that may be customized to allow displaying a message to the user\n  // to indicate that they may be logged out at any time.\n  alert(\'You have chosen to disregard the session warning, you may continue to browse this site however some functionality may be unavailable to you until you login again\');\n}\n\n// *\n// * do not modify below here unless you are an experienced jquery programmer *\n// *\n\nif( timer_interval <= 0 )\n  {\n     timer_interval = 0;\n  }\nvar dialogcontents = \'{/literal}{$mams_theform}{literal}\';\n\n\n// we have jQuery\njQuery(document).ready(function(){\n  // create a new id for our stuff\n  jQuery(\'body\').append(\'<div id=\"mams_body\"></div>\');\n  \n  // create the mask and append it to the dom\n  jQuery(\'#mams_body\').append(\'<div id=\"mams_mask\"></div>\');\n\n  // create the modal dialog and append it to the DOM\n  jQuery(\'#mams_body\').append(\'<div id=\"mams_modal\">\'+dialogcontents+\'</div>\');\n  \n  // and a junk div\n  jQuery(\'#mams_body\').append(\'<div id=\"mams_junk\" style=\"display: none;\"></div>\');\n\n  // handle click events\n  jQuery(\'#mams_modal input[name=mams_ok]\').click(function(e){\n    e.preventDefault();\n\n    // do the ajax request\n    var url = \'{/literal}{$reset_url}{literal}\';\n    var url = url.replace(/amp;/g,\'\');\n    jQuery(\'#mams_junk\').load(url);\n\n    // and done.\n    #mams_close_modal();\n   });\n  jQuery(\'#mams_modal input[name=mams_cancel]\').click(function(e){\n    e.preventDefault();\n    #mams_close_modal();\n    #mams_user_cancelled();\n  });\n  jQuery(\'a[name=mams_manual_reset]\').click(function(e){\n    e.preventDefault();\n    mams_open_modal();\n  });\n\n  // create our timer\n  if( timer_interval > 0 )\n     {\n        setTimeout(mams_open_modal,timer_interval * 1000);\n     }\n\n});\n//]]>\n</script>\n{/literal}\n\n{* required css *}\n{literal}\n<style type=\"text/css\">\n#mams_modal {\n  position: absolute;\n  z-index: 9999;\n  display: none;\n}\n#mams_mask {\n  top: 0;\n  left: 0;\n  position: absolute;\n  z-index: 9000;\n  display: none;\n}\n</style>\n{/literal}',NULL,'s:29:\"MAMS::page_type_lang_callback\";','s:30:\"MAMS::reset_page_type_defaults\";',0,'N;',NULL,NULL,1782318921,1782318921),
(88,'MAMS','forgot password form',1,'{* forgot password template *}\n<h4>{$mod->Lang(\'title_forgotpw\')}</h4>\n{if !empty($message) }\n  {if !empty($error) }\n    <div class=\"alert alert-danger\">{$message}</div>\n  {else}\n    <div class=\"alert alert-info\">{$message}</div>\n  {/if}\n{else}\n  <div class=\"alert alert-info\">{$mod->Lang(\'lostpw_message\')}</div>\n{/if}\n\n{if !isset($forgotpwdone)}\n  {if isset($startform)}\n    {$startform}{xt_form_csrf}\n    <div class=\"row\">\n      <div class=\"col-sm-2 text-right\">\n        {if $username_is_email}\n          {$mod->Lang(\'prompt_email\')}:\n        {else}\n          {$mod->Lang(\'prompt_username\')}:\n        {/if}\n      </div>\n      <div class=\"col-sm-10\">\n        <input name=\"{$actionid}mams_username\" type=\"{if $username_is_email}email{else}text{/if}\" size=\"{$unfldlen}\" maxlength=\"{$max_unfldlen}\" value=\"{$username}\" required/> *\n      </div>\n    </div>\n    {if isset($captcha)}\n    <div class=\"row\">\n      <div class=\"col-sm-2 text-right\">{$captcha_title}:</div>\n      <div class=\"col-sm-10\">{$captcha}\n        {if isset($input_captcha)}<div class=\"row\">{$input_captcha}</p>{/if}\n      </div>\n    </div>\n    {/if}\n    <div class=\"row\">\n      <div class=\"col-sm-10 col-sm-offset-2\">\n        <input type=\"submit\" name=\"{$actionid}mams_submit\" value=\"{$mod->Lang(\'submit\')}\"/>\n        <input id=\"mams_cancel\" type=\"submit\" name=\"{$actionid}mams_cancel\" value=\"{$mod->Lang(\'cancel\')}\" formnovalidate/>\n      </div>\n    </div>\n    {$endform}\n  {/if}\n{/if}\n',NULL,'s:29:\"MAMS::page_type_lang_callback\";','s:30:\"MAMS::reset_page_type_defaults\";',0,'N;',NULL,NULL,1782318921,1782318921),
(89,'MAMS','forgot password email',1,'{* verify email template -- formerly fogot password email template *}\n<h3>{$title}</h3>\n<div>{$message}</div>\n<h4>{$prompt_code}: {$data_code}</h4>\n<p>{$prompt_link}: <a href=\"{$data_url}\">{$data_url}</a></p>\n{/strip}\n',NULL,'s:29:\"MAMS::page_type_lang_callback\";','s:30:\"MAMS::reset_page_type_defaults\";',0,'N;',NULL,NULL,1782318921,1782318921),
(90,'MAMS','forgot password verify',1,'{* forgot password verification template *}\n<h4>{$mod->Lang(\'verify_identity\')}</h4>\n{if !empty($message)}\n  {if !empty($error) }\n    <div class=\"alert alert-danger\">{$message}</div>\n  {else}\n    <div class=\"alert alert-info\">{$message}</div>\n  {/if}\n{/if}\n\n{if isset($startform)}\n  {$startform}{xt_form_csrf}\n  <div class=\"row\">\n    <div class=\"col-sm-3 text-right\">{$mod->Lang(\'prompt_username\')}:</div>\n    <div class=\"col-sm-9\">\n      <input type=\"{if $username_is_email}email{else}text{/if}\" name=\"{$actionid}mams_username\" size=\"{$unfldlen}\" maxlength=\"{$max_unfldlen}\" value=\"{$username}\" disabled=\"disabled\"/>\n    </div>\n  </div>\n  <div class=\"row\">\n    <div class=\"col-sm-3 text-right\">{$mod->Lang(\'prompt_code\')}:</div>\n    <div class=\"col-sm-9\">\n      <input type=\"text\" name=\"{$actionid}mams_code\" value=\"{$code}\" size=\"40\" maxlength=\"40\" required /> *\n    </div>\n  </div>\n  <div class=\"row\">\n    <div class=\"col-sm-3 text-right\">{$mod->Lang(\'prompt_password\')}:</div>\n    <div class=\"col-sm-9\">\n      <input type=\"password\" name=\"{$actionid}mams_password1\" value=\"{$password1}\" size=\"{$pwfldlen}\" maxlength=\"{$max_pwfldlen}\" required/> *\n    </div>\n  </div>\n  <div class=\"row\">\n    <div class=\"col-sm-3 text-right\">{$mod->Lang(\'repeatpassword\')}:</div>\n    <div class=\"col-sm-9\">\n      <input type=\"password\" name=\"{$actionid}mams_password2\" value=\"{$password2}\" size=\"{$pwfldlen}\" maxlength=\"{$max_pwfldlen}\" required/> *\n    </div>\n  </div>\n  <div class=\"row\">\n    <div class=\"col-sm-3 text-right\">&nbsp;</div>\n    <div class=\"col-sm-9\">\n      <input type=\"submit\" name=\"{$actionid}mams_submit\" value=\"{$mod->Lang(\'submit\')}\"/>\n    </div>\n  </div>\n{$endform}\n{/if}\n',NULL,'s:29:\"MAMS::page_type_lang_callback\";','s:30:\"MAMS::reset_page_type_defaults\";',0,'N;',NULL,NULL,1782318921,1782318921),
(85,'MAMS','login form',1,'{* login form template *}\n{* this is a sample template, feel free to customize it *}\n{if isset($alt_loginform)}\n  <div class=\"row\" id=\"altlogin\">{$alt_loginform}</div><br/>\n{/if}\n\n<fieldset id=\"loginform\">\n  <legend>{$MAMS->Lang(\'prompt_normallogin\')}:</legend>\n  {$startform}{xt_form_csrf}\n\n  {*\n   * a simple honeypot captcha....if this field has a value after submit an error will be thrown\n   * deleting this field will simply disable the honeypot.\n   * it is important that the field be hidden with CSS rather than using a hidden input field.\n   *}\n  <input type=\"text\" name=\"{$actionid}mams__data\" value=\"\" style=\"display: none;\"/>\n\n  {if $error}<div class=\"alert alert-danger\">{$error}</div>{/if}\n\n  <div class=\"row\">\n    <p class=\"col-md-4 text-right\"><label for=\"mams_username\">*{$prompt_username}:</label></p>\n    <p class=\"col-md-8\">\n      <input type=\"{if $username_is_email}email{else}text{/if}\" id=\"mams_username\" name=\"{$fldname_username}\" value=\"{$username}\" size=\"{$username_size}\" maxlength=\"{$username_maxlength}\" {if !$username_is_email}autocorrect=\"off\" autocapitalize=\"off\"{/if} required/>\n    </p>\n  </div>\n\n  <div class=\"row\">\n    <p class=\"col-md-4 text-right\"><label for=\"mams_password\">*{$prompt_password}:</label></p>\n    <p class=\"col-md-8\">\n      <input type=\"password\" id=\"mams_password\" name=\"{$fldname_password}\" value=\"{$password}\" size=\"{$password_size}\" maxlength=\"{$password_maxlength}\" required/>\n    </p>\n  </div>\n\n  {if isset($captcha)}\n  <div class=\"row\">\n    <p class=\"col-md-4 text-right\">{$captcha_title}</p>\n    <div class=\"col-md-8\">{$captcha}\n      {if $need_captcha_input}\n      <div class=\"row\">\n        <input type=\"text\" name=\"{$actionid}mams_input_captcha\" size=\"10\"/>\n      </div>\n      {/if}\n    </div>\n  </div>\n  {/if}\n\n  {if isset($prompt_rememberme)}\n  <div class=\"row\">\n    <p class=\"col-md-4\"></p>\n    <p class=\"col-md-8\">\n      <label><input type=\"checkbox\" name=\"{$actionid}mams_rememberme\" value=\"1\" {if $rememberme==1}checked{/if}/> {$prompt_rememberme}</label>\n    </p>\n  </div>\n  {/if}\n\n  <div class=\"row\">\n    <p class=\"col-md-4\"></p>\n    <p class=\"col-md-8\">\n      <button class=\"btn btn-active\" name=\"{$actionid}mams_submit\">{$MAMS->Lang(\'login\')}</button>\n    </p>\n  </div>\n\n  {if isset($url_lostun) || isset($url_forgot)}\n  <div class=\"row\">\n    <p class=\"col-md-4\"></p>\n    <p class=\"col-sm-8\">\n      {if isset($url_forgot)}\n        <a href=\"{$url_forgot}\" title=\"{$MAMS->Lang(\'info_forgotpw\')}\">{$MAMS->Lang(\'forgotpw\')}</a>\n      {/if}\n      {if isset($url_lostun)}\n        | <a href=\"{$url_lostun}\" title=\"{$MAMS->Lang(\'info_lostun\')}\">{$MAMS->Lang(\'lostusername\')}</a>\n      {/if}\n    </p>\n  </div>\n  {/if}\n  {$endform}\n</fieldset>\n',NULL,'s:29:\"MAMS::page_type_lang_callback\";','s:30:\"MAMS::reset_page_type_defaults\";',0,'N;',NULL,NULL,1782318921,1782318921),
(91,'MAMS','force new password',1,'{* system default force new password form template *}\n<div class=\"alert alert-info\">{$mod->Lang(\'msg_force_newpw\')}</div>\n\n{if isset($error)}\n<div class=\"alert alert-danger\">{$error}</div>\n{/if}\n\n{$formstart}\n<div class=\"row\">\n  <div class=\"col-xs-3 text-right\">* {$mod->Lang(\'password\')}:</div>\n  <div class=\"col-xs-9\">\n    <input type=\"password\" name=\"{$actionid}mams_password\" value=\"\" required/>\n  </div>\n</div>\n<div class=\"row\">\n  <div class=\"col-xs-3 text-right\">* {$mod->Lang(\'repeatpassword\')}:</div>\n  <div class=\"col-xs-9\">\n    <input type=\"password\" name=\"{$actionid}mams_repeatpassword\" value=\"\" required/>\n  </div>\n</div>\n<div class=\"row\">\n  <div class=\"col-xs-3\">&nbsp;</div>\n  <div class=\"col-xs-9\">\n    <input type=\"submit\" name=\"{$actionid}mams_submit\" value=\"{$mod->Lang(\'submit\')}\"/>\n  </div>\n</div>\n{$formend}',NULL,'s:29:\"MAMS::page_type_lang_callback\";','s:30:\"MAMS::reset_page_type_defaults\";',0,'N;',NULL,NULL,1782318921,1782318921),
(92,'MAMS','lost username form',1,'{* lost username confirm template form *}\n<h4>{$mod->Lang(\'title_lostusername\')}</h4>\n<div class=\"alert alert-info\">{$mod->Lang(\'info_lostusername\')}</div>\n{if isset($message)}<div class=\"alert alert-danger\">{$message}</div>{/if}\n{if count($controls)}\n  {$startform}\n    <input type=\"hidden\" name=\"{$actionid}mams__data\" value=\"\"/>{* simple honeypot captcha *}\n    {foreach from=$controls item=\'entry\'}\n       <div class=\"row\">\n          <div class=\"col-sm-4 text-right\">{$entry->prompt}</div>\n          <div class=\"col-sm-8\">\n	    {if $entry->type == \'_password\'}\n	      <input type=\"password\" name=\"{$entry->fldname}\" value=\"{$entry->val}\" size=\"{$entry->length}\" maxlength=\"{$entry->maxlength}\"/>\n	      <br/>{$mod->Lang(\'info_lostun_pwfield\')}\n	    {else if $entry->type == 0}\n	      {* text *}\n	      <input type=\"text\" name=\"{$entry->fldname}\" value=\"{$entry->val}\" size=\"{$entry->length}\" maxlength=\"{$entry->maxlength}\"/>\n	      <br/>{$mod->Lang(\'info_lostun_textfield\')}\n	    {elseif $entry->type == 1}\n	      {* checkbox *}\n	      <input type=\"checkbox\" name=\"{$entry->fldname}\" value=\"1\" {if $entry->val}checked{/if}/>\n	    {elseif $entry->type == 2}\n	      {* email *}\n	      <input type=\"email\" name=\"{$entry->fldname}\" value=\"{$entry->val}\" size=\"{$entry->length}\" maxlength=\"{$entry->maxlength}\"/>\n	    {elseif $entry->type == 3}\n	      {* textarea *}\n	      <textarea name=\"{$entry->fldname}\" rows=\"3\" cols=\"50\">{$entry->val}</textarea>\n	      <br/>{$mod->Lang(\'info_lostun_textarea\')}\n	    {elseif $entry->type == 4}\n	      {* dropdown *}\n	      <select name=\"{$entry->fldname}\">\n	        <option value=\"\">{$mod->Lang(\'donotknow\')}</option>\n		{html_options options=$entry->options selected=$entry->val}\n	      </select>\n	    {elseif $entry->type == 5}\n	      {* multiselect *}\n	      <select name=\"{$entry->fldname}[]\" multiple size=\"{$entry->length}\">\n		{html_options options=$entry->options selected=$entry->val}\n	      </select>\n	    {elseif $entry->type == 7}\n	      {* radiobtns *}\n	      {foreach $entry->options as $key => $val}\n	        <label><input type=\"radio\" name=\"{$entry->fldname}\" value=\"{$key}\" {if $key == $entry->val}checked{/if}/> {$val}</label>\n	        {if !$val@last}<br/>{/if}\n	      {/foreach}\n	    {elseif $entry->type == 8}\n	      {* date *}\n	      {html_select_date prefix=$entry->fldname start_year=$entry->start_year end_year=$entry->end_year time=$entry->val all_empty=\'--\'}\n	    {/if}\n	  </div>\n       </div>\n    {/foreach}\n    {if isset($captcha)}\n      <div class=\"row\">\n        <p class=\"col-sm-4 text-right\">{$captcha_title}</p>\n        <div class=\"col-sm-8\">{$captcha}\n          {if $need_captcha_input}\n          <div class=\"row col-sm-12\">\n            <input type=\"text\" name=\"{$actionid}mams_input_captcha\" size=\"10\"/>\n          </div>\n          {/if}\n	</div>\n      </div>\n    {/if}\n    <div class=\"row\">\n      <div class=\"col-sm-4 text-right\"></div>\n      <div class=\"col-sm-8\">\n        <input type=\"submit\" name=\"{$actionid}mams_submit\" value=\"{$mod->Lang(\'submit\')}\"/>\n        <input type=\"submit\" name=\"{$actionid}mams_cancel\" value=\"{$mod->Lang(\'cancel\')}\"/>\n      </div>\n    </div>\n  {$endform}\n{/if}\n',NULL,'s:29:\"MAMS::page_type_lang_callback\";','s:30:\"MAMS::reset_page_type_defaults\";',0,'N;',NULL,NULL,1782318921,1782318921),
(86,'MAMS','logout form',1,'{* logout form template *}\n{if isset($alt_logoutform)}{$alt_logoutform}{/if}\n{if isset($message)}<div class=\"alert alert-info\">{$message}</div>{/if}\n<p>{$prompt_loggedin}&nbsp;{$username}</p>\n<p><a href=\"{$url_changesettings}\" title=\"{$mod->Lang(\'info_changesettings\')}\">{$mod->Lang(\'prompt_changesettings\')}</a></p>\n{if isset($url_logout)}\n<p><a href=\"{$url_logout}\" title=\"{$mod->Lang(\'info_logout\')}\">{$mod->Lang(\'logout\')}</a></p>\n{/if}\n',NULL,'s:29:\"MAMS::page_type_lang_callback\";','s:30:\"MAMS::reset_page_type_defaults\";',0,'N;',NULL,NULL,1782318921,1782318921),
(87,'MAMS','chsettings form',1,'<!-- change settings template -->\n<div id=\"mams_changesettingsform\">\n<h4>{$mod->Lang(\'user_settings\')}</h4>\n\n{if isset($message) && $message != \'\'}\n  {if isset($error) && $error != \'\'}\n    <p class=\"alert alert-error\">{$message}</p>\n  {else}\n    <p class=\"alert alert-info\">{$message}</p>\n  {/if}\n{/if}\n\n{$startform}{xt_form_csrf}\n  {if $controlcount > 0}\n  {foreach $controls as $key=>$field}\n    <div class=\"row\">\n      <label for=\"{$field->input_id}\" class=\"col-sm-3 text-right\" style=\"color: {$field->color|default:\'inherit\'}\">{$field->marker|default:\'\'} {$field->prompt}:</label>\n      <div class=\"col-sm-9\">\n        {$field->hidden|default:\'\'}\n        {if isset($field->hidden)}{$field->hidden}{/if}\n\n	{* build the field itself *}\n	{if $field->type == \'0\'} {* text *}\n	  <input type=\"text\" id=\"{$field->input_id}\" class=\"form-control\" name=\"{$field->input_name}\" size=\"{$field->length}\" maxlength=\"{$field->maxlength}\" value=\"{$field->value}\" {if $field->readonly}readonly{/if}/>\n	{elseif $field->type == \'password\'} {* text *}\n	  <input type=\"password\" id=\"{$field->input_id}\" class=\"form-control\" name=\"{$field->input_name}\" size=\"{$field->length}\" maxlength=\"{$field->maxlength}\" value=\"{$field->value}\" {if $field->readonly}readonly{/if}/>\n	{elseif $field->type == 2} {* email *}\n	  <input type=\"email\" id=\"{$field->input_id}\" class=\"form-control\" name=\"{$field->input_name}\" size=\"{$field->length}\" maxlength=\"{$field->maxlength}\" value=\"{$field->value}\" {if $field->readonly}readonly{/if}/>\n	{elseif $field->type == 3} {* textarea *}\n          {xt_textarea id=$field->input_id wysiwyg=$field->wysiwyg name=$field->input_name content=$field->value class=\"form-control\"}\n	{elseif $field->type == 1} {* checkbox *}\n	  <input type=\"hidden\" name=\"{$field->input_name}\" value=\"0\"/>\n	  <input type=\"checkbox\" id=\"{$field->input_id}\" class=\"checkbox\" name=\"{$field->input_name}\" value=\"1\" {if $field->value}checked{/if}/>\n	{elseif $field->type == 4} {* dropdown *}\n	   <select id=\"{$field->input_id}\" class=\"form-control\" name=\"{$field->input_name}\" {if $field->readonly}readonly{/if}>\n	      {html_options options=$field->options selected=$field->value}\n	   </select>\n	{elseif $field->type == 5} {* multiselect *}\n	   <select id=\"{$field->input_id}\" class=\"form-control\" name=\"{$field->input_name}[]\" {if $field->readonly}readonly{/if} multiple>\n	      {html_options options=$field->options selected=$field->selected}\n	   </select>\n	{elseif $field->type == 7} {* radio group *}\n	   {foreach $field->options as $key => $val}\n	      <label><input type=\"radio\" class=\"form-control\" name=\"{$field->input_name}\" value=\"{$key}\" {if $key==$field->value}checked=\"checked\"{/if}> {$val}</label>\n	   {/foreach}\n	{elseif $field->type == 6} {* image *}\n	   {if isset($field->image_url) && $field->image_url}<img src=\"{$field->image_url}\" alt=\"{$field->image_url}\" width=\"100\" height=\"100\"/>{/if}\n	   {if isset($field->prompt2) && $field->prompt2}<label><input type=\"checkbox\" class=\"checkbox\" name=\"{$field->input_name2}\" value=\"clear\"/> {$field->prompt2}</label>{/if}\n	   <input type=\"hidden\" name=\"{$field->input_name}\" value=\"{$field->value}\"/>\n 	   <input type=\"file\" id=\"{$field->input_id}\" class=\"form-control\" name=\"{$field->input_name}\" {if $field->readonly}readonly{/if}/>\n	{elseif $field->type == 8} {* date *}\n	   {$sy=$field->startyear|default:\'-5\'}\n	   {$ey=$field->startyear|default:\'+10\'}\n	   {html_select_date prefix=$field->input_name start_year=$sy end_year=$ey time=$field->value}\n	{/if}\n        {$field->addtext|default:\'\'}\n      </div>\n    </div>\n  {/foreach}\n  {/if}\n\n  <div class=\"row\">\n    <div class=\"col-sm-3\"></div>\n    <div class=\"col-sm-9\">\n      <button type=\"submit\" class=\"btn btn_active\" name=\"{$actionid}submit\">{$mod->Lang(\'submit\')}</button>\n    </div>\n  </div>\n{$hidden|default:\'\'}{$endform}\n</div>\n<!-- change settings template -->\n',NULL,'s:29:\"MAMS::page_type_lang_callback\";','s:30:\"MAMS::reset_page_type_defaults\";',0,'N;',NULL,NULL,1782318921,1782318921);

--
-- Table structure for table `cmsqy_locks`
--

CREATE TABLE `cmsqy_locks` (
  `id` int(11) NOT NULL AUTO_INCREMENT,
  `type` varchar(20) NOT NULL,
  `oid` int(11) NOT NULL,
  `uid` int(11) NOT NULL,
  `created` int(11) NOT NULL,
  `modified` int(11) NOT NULL,
  `lifetime` int(11) NOT NULL,
  `expires` int(11) NOT NULL,
  PRIMARY KEY (`id`),
  UNIQUE KEY `cmsqy_index_locks1` (`type`,`oid`),
  KEY `cmsqy_index_locks2` (`expires`),
  KEY `cmsqy_index_locks3` (`uid`)
) ENGINE=MyISAM AUTO_INCREMENT=693 DEFAULT CHARSET=utf8mb3 COLLATE=utf8mb3_general_ci;

--
-- Dumping data for table `cmsqy_locks`
--


--
-- Table structure for table `cmsqy_mod_cmsjobmgr`
--

CREATE TABLE `cmsqy_mod_cmsjobmgr` (
  `id` int(11) NOT NULL AUTO_INCREMENT,
  `name` varchar(255) NOT NULL,
  `created` int(11) NOT NULL,
  `module` varchar(255) NOT NULL,
  `errors` int(11) NOT NULL DEFAULT 0,
  `start` int(11) NOT NULL,
  `recurs` varchar(255) DEFAULT NULL,
  `until` int(11) DEFAULT NULL,
  `data` longtext DEFAULT NULL,
  PRIMARY KEY (`id`)
) ENGINE=MyISAM AUTO_INCREMENT=98 DEFAULT CHARSET=utf8mb3 COLLATE=utf8mb3_general_ci;

--
-- Dumping data for table `cmsqy_mod_cmsjobmgr`
--

INSERT INTO `cmsqy_mod_cmsjobmgr` (`id`, `name`, `created`, `module`, `errors`, `start`, `recurs`, `until`, `data`) VALUES (96,'CGExtensions\\HourlyHookTask',1782252043,'CGExtensions',0,1782252043,NULL,NULL,'O:23:\"CMSMS\\Async\\RegularTask\":7:{s:20:\"\0CMSMS\\Async\\Job\0_id\";N;s:22:\"\0CMSMS\\Async\\Job\0_name\";s:27:\"CGExtensions\\HourlyHookTask\";s:25:\"\0CMSMS\\Async\\Job\0_created\";i:1782252043;s:24:\"\0CMSMS\\Async\\Job\0_module\";s:12:\"CGExtensions\";s:23:\"\0CMSMS\\Async\\Job\0_start\";i:1782252043;s:24:\"\0CMSMS\\Async\\Job\0_errors\";N;s:30:\"\0CMSMS\\Async\\RegularTask\0_task\";O:27:\"CGExtensions\\HourlyHookTask\":0:{}}'),
(97,'CGExtensions\\DailyHookTask',1782252043,'CGExtensions',0,1782252043,NULL,NULL,'O:23:\"CMSMS\\Async\\RegularTask\":7:{s:20:\"\0CMSMS\\Async\\Job\0_id\";N;s:22:\"\0CMSMS\\Async\\Job\0_name\";s:26:\"CGExtensions\\DailyHookTask\";s:25:\"\0CMSMS\\Async\\Job\0_created\";i:1782252043;s:24:\"\0CMSMS\\Async\\Job\0_module\";s:12:\"CGExtensions\";s:23:\"\0CMSMS\\Async\\Job\0_start\";i:1782252043;s:24:\"\0CMSMS\\Async\\Job\0_errors\";N;s:30:\"\0CMSMS\\Async\\RegularTask\0_task\";O:26:\"CGExtensions\\DailyHookTask\":0:{}}');

--
-- Table structure for table `cmsqy_mod_filepicker_profiles`
--

CREATE TABLE `cmsqy_mod_filepicker_profiles` (
  `id` int(11) NOT NULL AUTO_INCREMENT,
  `name` varchar(100) NOT NULL,
  `data` text DEFAULT NULL,
  `create_date` int(11) DEFAULT NULL,
  `modified_date` int(11) DEFAULT NULL,
  PRIMARY KEY (`id`),
  UNIQUE KEY `cmsqy_cmsfp_idx0` (`name`)
) ENGINE=MyISAM AUTO_INCREMENT=2 DEFAULT CHARSET=utf8mb3 COLLATE=utf8mb3_general_ci;

--
-- Dumping data for table `cmsqy_mod_filepicker_profiles`
--

INSERT INTO `cmsqy_mod_filepicker_profiles` (`id`, `name`, `data`, `create_date`, `modified_date`) VALUES (1,'csm','a:16:{s:3:\"top\";s:6:\"images\";s:4:\"type\";s:3:\"any\";s:10:\"can_upload\";i:1;s:11:\"show_thumbs\";b:1;s:10:\"can_delete\";i:1;s:12:\"match_prefix\";N;s:11:\"show_hidden\";b:0;s:14:\"exclude_prefix\";N;s:4:\"sort\";b:1;s:9:\"can_mkdir\";i:1;s:2:\"id\";N;s:4:\"name\";s:3:\"csm\";s:11:\"create_date\";N;s:13:\"modified_date\";N;s:15:\"file_extensions\";N;s:6:\"prefix\";N;}',1781288737,1781288737);

--
-- Table structure for table `cmsqy_module_cge_assocdata`
--

CREATE TABLE `cmsqy_module_cge_assocdata` (
  `id` int(11) NOT NULL AUTO_INCREMENT,
  `key1` varchar(255) DEFAULT NULL,
  `key2` varchar(255) DEFAULT NULL,
  `key3` varchar(255) DEFAULT NULL,
  `key4` varchar(255) DEFAULT NULL,
  `data` text DEFAULT NULL,
  `type` varchar(20) DEFAULT NULL,
  `expiry` varchar(20) DEFAULT NULL,
  `create_date` datetime DEFAULT NULL,
  `modified_date` datetime DEFAULT NULL,
  PRIMARY KEY (`id`)
) ENGINE=MyISAM DEFAULT CHARSET=utf8mb3 COLLATE=utf8mb3_general_ci;

--
-- Dumping data for table `cmsqy_module_cge_assocdata`
--


--
-- Table structure for table `cmsqy_module_cmsmsext_assocdata`
--

CREATE TABLE `cmsqy_module_cmsmsext_assocdata` (
  `id` int(11) NOT NULL AUTO_INCREMENT,
  `key1` varchar(255) DEFAULT NULL,
  `key2` varchar(255) DEFAULT NULL,
  `key3` varchar(255) DEFAULT NULL,
  `key4` varchar(255) DEFAULT NULL,
  `data` text DEFAULT NULL,
  `type` varchar(20) DEFAULT NULL,
  `expiry` varchar(20) DEFAULT NULL,
  `create_date` datetime DEFAULT NULL,
  `modified_date` datetime DEFAULT NULL,
  PRIMARY KEY (`id`)
) ENGINE=MyISAM DEFAULT CHARSET=utf8mb3 COLLATE=utf8mb3_general_ci;

--
-- Dumping data for table `cmsqy_module_cmsmsext_assocdata`
--


--
-- Table structure for table `cmsqy_module_deps`
--

CREATE TABLE `cmsqy_module_deps` (
  `parent_module` varchar(25) DEFAULT NULL,
  `child_module` varchar(25) DEFAULT NULL,
  `minimum_version` varchar(25) DEFAULT NULL,
  `create_date` datetime DEFAULT NULL,
  `modified_date` datetime DEFAULT NULL
) ENGINE=MyISAM DEFAULT CHARSET=utf8mb3 COLLATE=utf8mb3_general_ci;

--
-- Dumping data for table `cmsqy_module_deps`
--

INSERT INTO `cmsqy_module_deps` (`parent_module`, `child_module`, `minimum_version`, `create_date`, `modified_date`) VALUES ('CMSMSExt','MAMS','1.4.3','2026-06-24 11:35:21','2026-06-24 11:35:21'),
('LISE','LISEPackages','1.2.2','2026-06-11 12:42:43','2026-06-11 12:42:43'),
('LISE','LISEInspiration','1.2.2','2026-06-17 15:07:39','2026-06-17 15:07:39'),
('LISE','LISEPages','1.2.2','2026-06-17 15:08:27','2026-06-17 15:08:27'),
('SmartyExt','MAMS','1.0','2026-06-24 11:35:21','2026-06-24 11:35:21');

--
-- Table structure for table `cmsqy_module_lise_fielddefs`
--

CREATE TABLE `cmsqy_module_lise_fielddefs` (
  `type` varchar(255) NOT NULL,
  `originator` varchar(255) DEFAULT NULL,
  `path` varchar(255) DEFAULT NULL,
  `active` int(11) DEFAULT NULL,
  `disabled` int(11) DEFAULT NULL,
  PRIMARY KEY (`type`)
) ENGINE=InnoDB DEFAULT CHARSET=utf8mb3 COLLATE=utf8mb3_general_ci;

--
-- Dumping data for table `cmsqy_module_lise_fielddefs`
--

INSERT INTO `cmsqy_module_lise_fielddefs` (`type`, `originator`, `path`, `active`, `disabled`) VALUES ('BackendText','LISE','/home/csmtrave/public_html/cmss/modules/LISE/lib/fielddefs/BackendText',1,0),
('Categories','LISE','/home/csmtrave/public_html/cmss/modules/LISE/lib/fielddefs/Categories',1,0),
('Checkbox','LISE','/home/csmtrave/public_html/cmss/modules/LISE/lib/fielddefs/Checkbox',1,0),
('CheckboxGroup','LISE','/home/csmtrave/public_html/cmss/modules/LISE/lib/fielddefs/CheckboxGroup',1,0),
('ColorPicker','LISE','/home/csmtrave/public_html/cmss/modules/LISE/lib/fielddefs/ColorPicker',1,0),
('ContentPages','LISE','/home/csmtrave/public_html/cmss/modules/LISE/lib/fielddefs/ContentPages',1,0),
('CoreFilePicker','LISE','/home/csmtrave/public_html/cmss/modules/LISE/lib/fielddefs/CoreFilePicker',1,0),
('CustomFromSmarty','LISE','/home/csmtrave/public_html/cmss/modules/LISE/lib/fielddefs/CustomFromSmarty',1,0),
('CustomFromUDT','LISE','/home/csmtrave/public_html/cmss/modules/LISE/lib/fielddefs/CustomFromUDT',1,0),
('Dropdown','LISE','/home/csmtrave/public_html/cmss/modules/LISE/lib/fielddefs/Dropdown',1,0),
('FEUDropdown','LISE','/home/csmtrave/public_html/cmss/modules/LISE/lib/fielddefs/FEUDropdown',1,1),
('FEUMultiSelect','LISE','/home/csmtrave/public_html/cmss/modules/LISE/lib/fielddefs/FEUMultiSelect',1,1),
('FEUSingleSelect','LISE','/home/csmtrave/public_html/cmss/modules/LISE/lib/fielddefs/FEUSingleSelect',1,1),
('FileUpload','LISE','/home/csmtrave/public_html/cmss/modules/LISE/lib/fielddefs/FileUpload',1,0),
('GalleryDropdown','LISE','/home/csmtrave/public_html/cmss/modules/LISE/lib/fielddefs/GalleryDropdown',1,1),
('GBFilePicker','LISE','/home/csmtrave/public_html/cmss/modules/LISE/lib/fielddefs/GBFilePicker',1,1),
('HelpPopup','LISE','/home/csmtrave/public_html/cmss/modules/LISE/lib/fielddefs/HelpPopup',1,0),
('JMFilePicker','LISE','/home/csmtrave/public_html/cmss/modules/LISE/lib/fielddefs/JMFilePicker',1,1),
('JQueryMultiSelect','LISE','/home/csmtrave/public_html/cmss/modules/LISE/lib/fielddefs/JQueryMultiSelect',1,0),
('LISEInstance','LISE','/home/csmtrave/public_html/cmss/modules/LISE/lib/fielddefs/LISEInstance',1,0),
('LISEInstanceItem','LISE','/home/csmtrave/public_html/cmss/modules/LISE/lib/fielddefs/LISEInstanceItem',1,0),
('MultiSelect','LISE','/home/csmtrave/public_html/cmss/modules/LISE/lib/fielddefs/MultiSelect',1,0),
('Preview','LISE','/home/csmtrave/public_html/cmss/modules/LISE/lib/fielddefs/Preview',1,0),
('RadioGroup','LISE','/home/csmtrave/public_html/cmss/modules/LISE/lib/fielddefs/RadioGroup',1,0),
('SelectDateTime','LISE','/home/csmtrave/public_html/cmss/modules/LISE/lib/fielddefs/SelectDateTime',1,0),
('SelectFile','LISE','/home/csmtrave/public_html/cmss/modules/LISE/lib/fielddefs/SelectFile',1,0),
('Slider','LISE','/home/csmtrave/public_html/cmss/modules/LISE/lib/fielddefs/Slider',1,0),
('Tabs','LISE','/home/csmtrave/public_html/cmss/modules/LISE/lib/fielddefs/Tabs',1,0),
('Tags','LISE','/home/csmtrave/public_html/cmss/modules/LISE/lib/fielddefs/Tags',1,0),
('TextArea','LISE','/home/csmtrave/public_html/cmss/modules/LISE/lib/fielddefs/TextArea',1,0),
('TextInput','LISE','/home/csmtrave/public_html/cmss/modules/LISE/lib/fielddefs/TextInput',1,0);

--
-- Table structure for table `cmsqy_module_lise_instances`
--

CREATE TABLE `cmsqy_module_lise_instances` (
  `module_id` int(11) NOT NULL AUTO_INCREMENT,
  `module_name` varchar(160) DEFAULT NULL,
  `module_mode` int(11) DEFAULT NULL,
  PRIMARY KEY (`module_id`)
) ENGINE=InnoDB AUTO_INCREMENT=6 DEFAULT CHARSET=utf8mb3 COLLATE=utf8mb3_general_ci;

--
-- Dumping data for table `cmsqy_module_lise_instances`
--

INSERT INTO `cmsqy_module_lise_instances` (`module_id`, `module_name`, `module_mode`) VALUES (1,'LISEPackages',0),
(4,'LISEInspiration',0),
(5,'LISEPages',0);

--
-- Table structure for table `cmsqy_module_liseinspiration_category`
--

CREATE TABLE `cmsqy_module_liseinspiration_category` (
  `category_id` int(11) NOT NULL AUTO_INCREMENT,
  `category_name` varchar(255) DEFAULT NULL,
  `category_alias` varchar(255) DEFAULT NULL,
  `category_description` text DEFAULT NULL,
  `parent_id` int(11) DEFAULT NULL,
  `position` int(11) DEFAULT NULL,
  `hierarchy` varchar(255) DEFAULT NULL,
  `hierarchy_path` varchar(255) DEFAULT NULL,
  `id_hierarchy` varchar(255) DEFAULT NULL,
  `active` int(11) DEFAULT NULL,
  `create_date` datetime DEFAULT NULL,
  `modified_date` datetime DEFAULT NULL,
  `key1` varchar(50) DEFAULT NULL,
  `key2` varchar(50) DEFAULT NULL,
  `key3` varchar(50) DEFAULT NULL,
  PRIMARY KEY (`category_id`)
) ENGINE=InnoDB DEFAULT CHARSET=utf8mb3 COLLATE=utf8mb3_general_ci;

--
-- Dumping data for table `cmsqy_module_liseinspiration_category`
--


--
-- Table structure for table `cmsqy_module_liseinspiration_fielddef`
--

CREATE TABLE `cmsqy_module_liseinspiration_fielddef` (
  `fielddef_id` int(11) NOT NULL AUTO_INCREMENT,
  `name` varchar(255) DEFAULT NULL,
  `alias` varchar(255) DEFAULT NULL,
  `help` varchar(255) DEFAULT NULL,
  `type` varchar(50) DEFAULT NULL,
  `position` int(11) DEFAULT NULL,
  `required` int(11) DEFAULT NULL,
  `template` varchar(255) DEFAULT NULL,
  `extra` text DEFAULT NULL,
  PRIMARY KEY (`fielddef_id`)
) ENGINE=InnoDB AUTO_INCREMENT=22 DEFAULT CHARSET=utf8mb3 COLLATE=utf8mb3_general_ci;

--
-- Dumping data for table `cmsqy_module_liseinspiration_fielddef`
--

INSERT INTO `cmsqy_module_liseinspiration_fielddef` (`fielddef_id`, `name`, `alias`, `help`, `type`, `position`, `required`, `template`, `extra`) VALUES (1,'Subtitle','subtitle','','TextInput',0,0,'{$fielddef.name}: {$fielddef.value}',NULL),
(2,'Minutes to read','minutes_to_read','','TextInput',6,0,'{$fielddef.name}: {$fielddef.value}',NULL),
(3,'Category','category','','Dropdown',7,0,'{$fielddef.name}: {$fielddef.value}',NULL),
(4,'introduction','introduction','','TextArea',3,0,'{$fielddef.name}: {$fielddef.value}',NULL),
(5,'Body','body','','TextArea',4,0,'{$fielddef.name}: {$fielddef.value}',NULL),
(10,'Route','route','','TextInput',1,0,'{$fielddef.name}: {$fielddef.value}',NULL),
(11,'Itinary days','itinerary_days','','TextArea',5,0,'{$fielddef.name}: {$fielddef.value}',NULL),
(15,'Start','start','','TextInput',2,0,'{$fielddef.name}: {$fielddef.value}',NULL),
(16,'gallery1','gallery1','','CoreFilePicker',8,0,'{$fielddef.name}: <a href=\"{$fielddef->GetImagePath(true)}/{$fielddef.value}\">{$fielddef.value}</a>',NULL),
(17,'gallery2','gallery2','','CoreFilePicker',9,0,'{$fielddef.name}: <a href=\"{$fielddef->GetImagePath(true)}/{$fielddef.value}\">{$fielddef.value}</a>',NULL),
(18,'gallery3','gallery3','','CoreFilePicker',10,0,'{$fielddef.name}: <a href=\"{$fielddef->GetImagePath(true)}/{$fielddef.value}\">{$fielddef.value}</a>',NULL),
(19,'gallery4','gallery4','','CoreFilePicker',11,0,'{$fielddef.name}: <a href=\"{$fielddef->GetImagePath(true)}/{$fielddef.value}\">{$fielddef.value}</a>',NULL),
(20,'Map','map','','CoreFilePicker',12,0,'{$fielddef.name}: <a href=\"{$fielddef->GetImagePath(true)}/{$fielddef.value}\">{$fielddef.value}</a>',NULL),
(21,'Image','image','','CoreFilePicker',13,0,'{$fielddef.name}: <a href=\"{$fielddef->GetImagePath(true)}/{$fielddef.value}\">{$fielddef.value}</a>',NULL);

--
-- Table structure for table `cmsqy_module_liseinspiration_fielddef_opts`
--

CREATE TABLE `cmsqy_module_liseinspiration_fielddef_opts` (
  `fielddef_id` int(11) NOT NULL,
  `name` varchar(255) NOT NULL,
  `value` text DEFAULT NULL,
  PRIMARY KEY (`fielddef_id`,`name`)
) ENGINE=InnoDB DEFAULT CHARSET=utf8mb3 COLLATE=utf8mb3_general_ci;

--
-- Dumping data for table `cmsqy_module_liseinspiration_fielddef_opts`
--

INSERT INTO `cmsqy_module_liseinspiration_fielddef_opts` (`fielddef_id`, `name`, `value`) VALUES (1,'max_length','255'),
(1,'search_index','0'),
(1,'size','20'),
(2,'max_length','255'),
(2,'search_index','0'),
(2,'size','20'),
(3,'options','Railway\r\nSelf Drive\r\nSmall Tour'),
(4,'max_length','6000'),
(4,'search_index','0'),
(4,'wysiwyg','1'),
(5,'max_length','6000'),
(5,'search_index','0'),
(5,'wysiwyg','1'),
(10,'max_length','255'),
(10,'search_index','0'),
(10,'size','20'),
(11,'max_length','6000'),
(11,'search_index','0'),
(11,'wysiwyg','1'),
(15,'max_length','255'),
(15,'search_index','0'),
(15,'size','20'),
(16,'profiles',''),
(17,'profiles',''),
(18,'profiles',''),
(19,'profiles',''),
(20,'profiles',''),
(21,'profiles','');

--
-- Table structure for table `cmsqy_module_liseinspiration_fieldval`
--

CREATE TABLE `cmsqy_module_liseinspiration_fieldval` (
  `item_id` int(11) NOT NULL,
  `fielddef_id` int(11) NOT NULL,
  `value_index` int(11) NOT NULL,
  `value` text DEFAULT NULL,
  `data` text DEFAULT NULL,
  PRIMARY KEY (`item_id`,`fielddef_id`,`value_index`)
) ENGINE=InnoDB DEFAULT CHARSET=utf8mb3 COLLATE=utf8mb3_general_ci;

--
-- Dumping data for table `cmsqy_module_liseinspiration_fieldval`
--

INSERT INTO `cmsqy_module_liseinspiration_fieldval` (`item_id`, `fielddef_id`, `value_index`, `value`, `data`) VALUES (4,1,0,'An 8-Day Vancouver & Whistler Adventure',NULL),
(4,2,0,'2',NULL),
(4,3,0,'Self Drive',NULL),
(4,4,0,'<p><strong>Overview</strong><br /><br />Eight days exploring two of British Columbia\'s most iconic destinations, combining city sightseeing in Vancouver with the alpine charm of Whistler. From whale watching off the coast to a sunset bear-spotting excursion in the mountains, this is a beautifully varied trip showcasing the very best of coastal and mountain Canada.</p>',NULL),
(4,5,0,'<p><strong>Highlights</strong><br /><br />Hop-on hop-off sightseeing around Vancouver, half-day whale watching with Prince of Whales, Grouse Mountain and the Capilano Suspension Bridge, and an unforgettable sunset bear-watching excursion near Whistler.</p>',NULL),
(4,10,0,'Vancouver  -  Whistler',NULL),
(4,11,0,'<ul>\r\n<li>Day 1: Vancouver On arrival, you\'re met for a private transfer to the Coast Coal Harbour, your base in the city for the next four nights. Settle in and enjoy the harbour views before the adventure begins tomorrow. Overnight is at the Coast Coal Harbour.</li>\r\n<li>Day 2: Vancouver Explore the city at your own pace today with a Hop-on Hop-off Discovery Pass. Hop off wherever catches your eye, from Stanley Park to Granville Island, and back on when you\'re ready to move on. Overnight is at the Coast Coal Harbour.</li>\r\n<li>Day 3: Vancouver This afternoon, head out on a half-day whale watching excursion with Prince of Whales, one of the most thrilling ways to experience the waters around Vancouver, with orcas, humpbacks and other marine life a real possibility depending on the season. Overnight is at the Coast Coal Harbour.</li>\r\n<li>Day 4: Vancouver Today\'s excursion takes you up Grouse Mountain for sweeping views over the city, followed by a walk across the famous Capilano Suspension Bridge, a thrilling and beautiful way to see the rainforest canopy from above. Overnight is at the Coast Coal Harbour.</li>\r\n<li>Day 5: Vancouver - Whistler This morning, board your scheduled bus transfer to Whistler, arriving in time to check into the Crystal Lodge, your base for the next three nights in the heart of the village. Overnight is at the Crystal Lodge.</li>\r\n<li>Day 6: Whistler This evening, head out on the Evening with the Bears Land Rover Sunset Excursion, a magical way to spot local wildlife as the light fades over the mountains. Overnight is at the Crystal Lodge.</li>\r\n<li>Day 7: Whistler A free day to enjoy Whistler Village at your leisure. Browse the boutiques, ride the Peak 2 Peak Gondola, or simply soak in the alpine scenery one last time. Overnight is at the Crystal Lodge.</li>\r\n<li>Day 8: Depart Whistler This morning, board your scheduled transfer back to Vancouver Airport ahead of your departure flight home.</li>\r\n</ul>',NULL),
(4,16,0,'images/packages/black bear grass (2).jpg',NULL),
(4,17,0,'images/packages/sea to sky.jpg',NULL),
(4,18,0,'images/packages/vancouver downtown aerial.jpg',NULL),
(4,19,0,'images/packages/orca family.jpg',NULL),
(4,20,0,'images/map/inspiration1.webp',NULL),
(4,21,0,'images/packages/vancouver stanley park board walk II.jpg',NULL),
(5,1,0,'An 8-Day Canadian Winter Self-Drive Adventure',NULL),
(5,2,0,'3',NULL),
(5,3,0,'Self Drive',NULL),
(5,4,0,'<p>Eight crisp winter days through the snow-draped Canadian Rockies, self-driving between two of the most spectacular alpine settings in the world. From the frozen beauty of Lake Louise to the wildlife-rich valleys around Banff, this is a winter adventure built around snow tubing, wildlife spotting, and some of the most breathtaking mountain scenery anywhere on earth.</p>',NULL),
(5,10,0,'Calgary  -  Lake Louise  -  Banff  -  Mt. Norquay',NULL),
(5,11,0,'<ul>\r\n<li>Day 1 - Calgary to Lake Louise<br /> Collect your hire car from Calgary Airport this afternoon and set off on the scenic drive west into the mountains. Check into the Lake Louise Inn, your base for the next three nights, and settle in as the alpine scenery starts to work its magic.<br /> Overnight: Lake Louise Inn</li>\r\n<li>Day 2 - Lake Louise<br /> A full day of winter fun awaits at the Lake Louise Mountain Ski Area\'s Tube Park - one of the most scenic spots in the Rockies to spend an afternoon sliding down the slopes.<br /> Overnight: Lake Louise Inn</li>\r\n<li>Day 3 - Lake Louise<br /> Back to the Tube Park for round two, or take the morning to explore the frozen lake itself before an afternoon of more snow-tubing fun.<br /> Overnight: Lake Louise Inn</li>\r\n<li>Day 4 - Lake Louise to Banff<br /> Drive on to Banff today, checking into the Brewster Mountain Lodge for four nights - a cosy, character-filled base right in the heart of town.<br /> Included: Continental breakfast<br /> Overnight: Brewster Mountain Lodge</li>\r\n<li>Day 5 - Banff<br /> Today\'s excursion is a real highlight - a guided wildlife discovery tour combined with a trip up the Banff Gondola, giving you the best chance of spotting local wildlife alongside some genuinely spectacular views.<br /> Included: Continental breakfast<br /> Overnight: Brewster Mountain Lodge</li>\r\n<li>Day 6 - Mt. Norquay<br /> This morning, head to nearby Mt. Norquay for another round of snow tubing - a slightly different setting and slopes from Lake Louise, and a great way to spend an active morning.<br /> Included: Continental breakfast<br /> Overnight: Brewster Mountain Lodge</li>\r\n<li>Day 7 - Banff<br /> A free day to explore Banff at your leisure - the hot springs, the town\'s boutiques and cafes, or simply taking in the mountain views one last time.<br /> Included: Continental breakfast<br /> Overnight: Brewster Mountain Lodge</li>\r\n<li>Day 8 - Depart Calgary<br /> Drive back to Calgary this morning, dropping your hire car off by 5pm ahead of your departure flight home.</li>\r\n</ul>',NULL),
(5,16,0,'images/packages/ski.jpg',NULL),
(5,17,0,'images/packages/banff gondola.jpg',NULL),
(5,18,0,'images/packages/bann winter air.jpg',NULL),
(5,19,0,'images/packages/lake louise winter.jpg',NULL),
(5,20,0,'images/map/inspiration2.webp',NULL),
(5,21,0,'images/packages/ski.jpg',NULL),
(6,1,0,'An 11-Day Canadian Rail & Self-Drive Journey',NULL),
(6,2,0,'3',NULL),
(6,3,0,'Railway',NULL),
(6,4,0,'<p>Eleven unforgettable days through the heart of the Canadian Rockies, combining the iconic Rocky Mountaineer rail journey with the freedom of a self-drive adventure. Starting in cosmopolitan Vancouver, you\'ll wind your way through Whistler\'s mountain scenery before boarding the GoldLeaf service for a spectacular two-day rail journey to Jasper. From there, pick up your car and drive the legendary Icefields Parkway to Banff, before finishing in style at the world-famous Calgary Stampede.</p>',NULL),
(6,5,0,'<p>Whistler and the Sea to Sky Gondola, the Rocky Mountaineer GoldLeaf rail journey through the Rockies, white water rafting and wildlife spotting near Jasper, the Banff Gondola at golden hour, and two unforgettable days at the Calgary Stampede.</p>',NULL),
(6,10,0,'Vancouver  -  Whistler  -  Rocky Mountaineer  -  Jasper  -  Banff  -  Calgary Stampede',NULL),
(6,11,0,'<ul>\r\n<li>Day 1: Vancouver Touch down in Vancouver and settle into the Sheraton Vancouver Wall Centre, your base in the city for the next three nights. Take it easy after your flight and enjoy exploring Vancouver\'s waterfront and historic Gastown. Overnight is at the Sheraton Vancouver Wall Centre.</li>\r\n<li>Day 2: Vancouver This morning you\'re picked up for the Whistler, Shannon Falls and Sea to Sky Gondola excursion, one of British Columbia\'s most scenic day trips. Enjoy spectacular mountain views from the gondola before exploring Whistler Village. Back in Vancouver, enjoy dinner at your leisure before returning to the hotel. Overnight is at the Sheraton Vancouver Wall Centre.</li>\r\n<li>Day 3: Vancouver A free day to explore Vancouver at your own pace. Visit Stanley Park, browse the markets and shops on Granville Island, or stroll along the waterfront before tomorrow\'s rail adventure begins. Overnight is at the Sheraton Vancouver Wall Centre.</li>\r\n<li>Day 4: Rocky Mountaineer - Kamloops This morning, board the Rocky Mountaineer\'s GoldLeaf Service for an unforgettable rail journey through the Canadian Rockies. Enjoy panoramic views from the glass-domed carriage and gourmet dining onboard as you travel towards Kamloops for an overnight stay. Included: Breakfast and lunch.</li>\r\n<li>Day 5: Kamloops - Jasper Continue your Rocky Mountaineer journey through dramatic mountain scenery before arriving in Jasper. Check into the iconic Fairmont Jasper Park Lodge, beautifully located on the shores of Lac Beauvert, for a two-night stay. Included: Breakfast and lunch. Overnight is at the Fairmont Jasper Park Lodge.</li>\r\n<li>Day 6: Jasper Pick up your hire car this morning and begin the self-drive portion of your holiday. Experience the excitement of white-water rafting followed by an evening wildlife discovery tour through Jasper National Park. Overnight is at the Fairmont Jasper Park Lodge.</li>\r\n<li>Day 7: Jasper - Banff Travel south along the spectacular Icefields Parkway, widely regarded as one of the most scenic drives in the world. Arrive in Banff and check into the Banff Park Lodge for two nights. Later, ride the Banff Gondola for breathtaking views over the surrounding mountains. Overnight is at the Banff Park Lodge.</li>\r\n<li>Day 8: Banff Enjoy a free day in Banff National Park. Explore Lake Louise and Moraine Lake, browse Banff\'s shops and galleries, or simply relax and enjoy the stunning mountain surroundings. Overnight is at the Banff Park Lodge.</li>\r\n<li>Day 9: Banff - Calgary Drive east to Calgary and check into the Delta Hotels Calgary Downtown for a two-night stay. This evening, enjoy the first night of your Calgary Stampede Two-Day Thrill Package, including the famous evening show. Overnight is at the Delta Hotels Calgary Downtown.</li>\r\n<li>Day 10: Calgary Stampede Spend the day experiencing the excitement of the Calgary Stampede, one of the world\'s largest outdoor festivals. Enjoy thrilling rodeo action, entertainment, and the unique atmosphere of this iconic Canadian event. Overnight is at the Delta Hotels Calgary Downtown.</li>\r\n<li>Day 11: Depart Calgary Drop off your hire car at Calgary Airport and check in for your departure flight home, bringing your Canadian adventure to a close.</li>\r\n</ul>',NULL),
(6,15,0,'Vancouver',NULL),
(6,16,0,'images/packages/rocky mountaineer gold.webp',NULL),
(6,17,0,'images/packages/stampede.jpg',NULL),
(6,18,0,'images/packages/rocky mountaineer.jpg',NULL),
(6,19,0,'images/packages/spirit island.jpg',NULL),
(6,20,0,'images/map/inspiration3.webp',NULL),
(6,21,0,'images/packages/rocky mountaineer.jpg',NULL),
(7,1,0,'An 8-Day Rocky Mountaineer Adventure',NULL),
(7,2,0,'3',NULL),
(7,3,0,'Railway',NULL),
(7,4,0,'<p>An eight day journey linking the Canadian Rockies to the Pacific coast, combining a guided introduction to Banff with the legendary Rocky Mountaineer rail journey and a relaxed few days exploring Vancouver. A wonderful way to experience the very best of Western Canada without needing to drive a mile.</p>',NULL),
(7,5,0,'<p>A guided day tour from Calgary to Banff including the Banff Gondola and a Lake Minnewanka cruise, the spectacular two-day Rocky Mountaineer First Passage to the West rail journey, and city sightseeing in Vancouver with a hop-on hop-off pass.</p>',NULL),
(7,10,0,'Calgary  -  Banff  -  Rocky Mountaineer  -  Vancouver',NULL),
(7,11,0,'<ul>\r\n<li>Day 1: Calgary Arrive in Calgary and settle into the Sandman Signature Downtown for an overnight stay, ready to begin your Rocky Mountain adventure the following morning. Overnight is at the Sandman Signature Downtown.</li>\r\n<li>Day 2: Calgary - Banff Today\'s Explore Banff Tour takes you from Calgary into the heart of the Canadian Rockies. Enjoy a ride on the Banff Gondola and a scenic cruise on Lake Minnewanka before arriving in Banff. Check into the Mount Royal Hotel for a two-night stay. Overnight is at the Mount Royal Hotel.</li>\r\n<li>Day 3: Banff Enjoy a free day to explore Banff at your own pace. Stroll through the town centre, take in the mountain scenery, or simply relax and enjoy the atmosphere of this iconic Rocky Mountain destination. Overnight is at the Mount Royal Hotel.</li>\r\n<li>Day 4: Rocky Mountaineer - Kamloops Board the Rocky Mountaineer\'s First Passage to the West route in SilverLeaf Service and begin your spectacular rail journey through the Canadian Rockies and British Columbia\'s interior. Overnight accommodation is provided en route. Included: Breakfast and lunch.</li>\r\n<li>Day 5: Kamloops - Vancouver Continue your Rocky Mountaineer journey west through dramatic canyons, river valleys and coastal scenery before arriving in Vancouver. Check into the Century Plaza Hotel for a three-night stay. Included: Breakfast and lunch. Overnight is at the Century Plaza Hotel.</li>\r\n<li>Day 6: Vancouver Discover Vancouver with your 24-hour Big Bus Hop-on Hop-off Discovery Pass. Explore attractions such as Stanley Park, Gastown and Granville Island at your own pace while enjoying the flexibility of unlimited hop-on hop-off access. Overnight is at the Century Plaza Hotel.</li>\r\n<li>Day 7: Vancouver Enjoy a free day in Vancouver. Spend time exploring neighbourhoods, shopping, dining or revisiting your favourite sights before your holiday comes to an end. Overnight is at the Century Plaza Hotel.</li>\r\n<li>Day 8: Depart Vancouver Check out of your hotel this morning and make your way to the airport for your departure flight home.</li>\r\n</ul>',NULL),
(7,15,0,'Calgary',NULL),
(7,16,0,'images/packages/rocky mountaineer gold.webp',NULL),
(7,17,0,'images/packages/banf downtown.jpg',NULL),
(7,18,0,'images/packages/rocky mountaineer.jpg',NULL),
(7,19,0,'images/packages/calgary highway.jpg',NULL),
(7,20,0,'images/map/calgary-banf-vancouver.webp',NULL),
(7,21,0,'images/packages/calgary highway.jpg',NULL);

--
-- Table structure for table `cmsqy_module_liseinspiration_item`
--

CREATE TABLE `cmsqy_module_liseinspiration_item` (
  `item_id` int(11) NOT NULL AUTO_INCREMENT,
  `url` varchar(255) DEFAULT NULL,
  `category_id` int(11) DEFAULT NULL,
  `title` varchar(255) DEFAULT NULL,
  `alias` varchar(255) DEFAULT NULL,
  `position` int(11) DEFAULT NULL,
  `active` int(11) DEFAULT NULL,
  `create_time` datetime DEFAULT NULL,
  `modified_time` datetime DEFAULT NULL,
  `start_time` date DEFAULT NULL,
  `end_time` date DEFAULT NULL,
  `key1` varchar(50) DEFAULT NULL,
  `key2` varchar(50) DEFAULT NULL,
  `key3` varchar(50) DEFAULT NULL,
  `owner` int(11) DEFAULT NULL,
  PRIMARY KEY (`item_id`)
) ENGINE=InnoDB AUTO_INCREMENT=8 DEFAULT CHARSET=utf8mb3 COLLATE=utf8mb3_general_ci;

--
-- Dumping data for table `cmsqy_module_liseinspiration_item`
--

INSERT INTO `cmsqy_module_liseinspiration_item` (`item_id`, `url`, `category_id`, `title`, `alias`, `position`, `active`, `create_time`, `modified_time`, `start_time`, `end_time`, `key1`, `key2`, `key3`, `owner`) VALUES (4,'liseinspiration/whales-bears-mountains',NULL,'Whales, Bears & Mountains','whales_bears_mountains_000001',1,1,'2026-06-19 11:30:45','2026-06-20 16:55:58',NULL,NULL,NULL,NULL,NULL,1),
(5,'liseinspiration/snow-ice-rockies',NULL,'Snow, Ice & Rockies','snow_ice_rockies_000005',2,1,'2026-06-19 21:59:06','2026-06-20 17:36:34',NULL,NULL,NULL,NULL,NULL,1),
(6,'liseinspiration/rockies-rail-rodeo',NULL,'Rockies, Rail & Rodeo','rockies_rail_rodeo_000006',3,1,'2026-06-20 18:05:03','2026-06-20 18:05:03',NULL,NULL,NULL,NULL,NULL,1),
(7,'liseinspiration/mountains-to-the-coast',NULL,'Mountains to the Coast','mountains_to_the_coast_000007',4,1,'2026-06-20 18:14:50','2026-06-20 18:25:25',NULL,NULL,NULL,NULL,NULL,1);

--
-- Table structure for table `cmsqy_module_liseinspiration_item_categories`
--

CREATE TABLE `cmsqy_module_liseinspiration_item_categories` (
  `item_id` int(11) NOT NULL DEFAULT -1,
  `category_id` int(11) NOT NULL DEFAULT -1,
  PRIMARY KEY (`item_id`,`category_id`)
) ENGINE=InnoDB DEFAULT CHARSET=utf8mb3 COLLATE=utf8mb3_general_ci;

--
-- Dumping data for table `cmsqy_module_liseinspiration_item_categories`
--


--
-- Table structure for table `cmsqy_module_lisepackages_category`
--

CREATE TABLE `cmsqy_module_lisepackages_category` (
  `category_id` int(11) NOT NULL AUTO_INCREMENT,
  `category_name` varchar(255) DEFAULT NULL,
  `category_alias` varchar(255) DEFAULT NULL,
  `category_description` text DEFAULT NULL,
  `parent_id` int(11) DEFAULT NULL,
  `position` int(11) DEFAULT NULL,
  `hierarchy` varchar(255) DEFAULT NULL,
  `hierarchy_path` varchar(255) DEFAULT NULL,
  `id_hierarchy` varchar(255) DEFAULT NULL,
  `active` int(11) DEFAULT NULL,
  `create_date` datetime DEFAULT NULL,
  `modified_date` datetime DEFAULT NULL,
  `key1` varchar(50) DEFAULT NULL,
  `key2` varchar(50) DEFAULT NULL,
  `key3` varchar(50) DEFAULT NULL,
  PRIMARY KEY (`category_id`)
) ENGINE=InnoDB DEFAULT CHARSET=utf8mb3 COLLATE=utf8mb3_general_ci;

--
-- Dumping data for table `cmsqy_module_lisepackages_category`
--


--
-- Table structure for table `cmsqy_module_lisepackages_fielddef`
--

CREATE TABLE `cmsqy_module_lisepackages_fielddef` (
  `fielddef_id` int(11) NOT NULL AUTO_INCREMENT,
  `name` varchar(255) DEFAULT NULL,
  `alias` varchar(255) DEFAULT NULL,
  `help` varchar(255) DEFAULT NULL,
  `type` varchar(50) DEFAULT NULL,
  `position` int(11) DEFAULT NULL,
  `required` int(11) DEFAULT NULL,
  `template` varchar(255) DEFAULT NULL,
  `extra` text DEFAULT NULL,
  PRIMARY KEY (`fielddef_id`)
) ENGINE=InnoDB AUTO_INCREMENT=38 DEFAULT CHARSET=utf8mb3 COLLATE=utf8mb3_general_ci;

--
-- Dumping data for table `cmsqy_module_lisepackages_fielddef`
--

INSERT INTO `cmsqy_module_lisepackages_fielddef` (`fielddef_id`, `name`, `alias`, `help`, `type`, `position`, `required`, `template`, `extra`) VALUES (1,'Subtitle DE','subtitle_de','','TextInput',2,0,'{$fielddef.name}: {$fielddef.value}',''),
(4,'Introduction','introduction','','TextArea',13,0,'{$fielddef.name}: {$fielddef.value}',''),
(5,'Body','body','','TextArea',15,0,'{$fielddef.name}: {$fielddef.value}',NULL),
(7,'Package Code','package_code','','TextInput',3,1,'{$fielddef.name}: {$fielddef.value}',NULL),
(8,'Reslynx url','reslynx_url','','TextInput',19,0,'{$fielddef.name}: {$fielddef.value}',NULL),
(9,'Trip Types','trip_types','','CheckboxGroup',5,0,'{$fielddef.name}: {implode(\',\', $fielddef.value)}',''),
(10,'Package details','package_details','Format: Day X: Title | Description','TextArea',17,0,'{$fielddef.name}: {$fielddef.value}',''),
(11,'Region','destination','','CheckboxGroup',4,0,'{$fielddef.name}: {implode(\',\', $fielddef.value)}',NULL),
(12,'Duration','duration','Format 14 Days / 13 Nights','TextInput',9,0,'{$item->fielddefs.duration->value}',''),
(13,'Starting price','starting_price','','TextInput',10,0,'{$fielddef.name}: {$fielddef.value}',NULL),
(14,'Route','route','','TextInput',8,0,'{$fielddef.name}: {$fielddef.value}',''),
(15,'Activity level','activity_level','','Dropdown',12,0,'{$fielddef.name}: {$fielddef.value}',''),
(16,'Featured','is_featured','','Checkbox',6,0,'{$fielddef.name}: {$fielddef.value}',NULL),
(18,'Departure dates','departure_dates','','TextArea',11,0,'{$fielddef.name}: {$fielddef.value}',NULL),
(19,'Price conditions','price_conditions','','TextArea',18,0,'{$fielddef.name}: {$fielddef.value}',NULL),
(24,'Start','start','','TextInput',7,0,'{$fielddef.name}: {$fielddef.value}',NULL),
(25,'gallery1','gallery1','','CoreFilePicker',20,0,'{$fielddef.name}: <a href=\"{$fielddef->GetImagePath(true)}/{$fielddef.value}\">{$fielddef.value}</a>',NULL),
(26,'gallery2','gallery2','','CoreFilePicker',21,0,'{$fielddef.name}: <a href=\"{$fielddef->GetImagePath(true)}/{$fielddef.value}\">{$fielddef.value}</a>',NULL),
(27,'gallery3','gallery3','','CoreFilePicker',22,0,'{$fielddef.name}: <a href=\"{$fielddef->GetImagePath(true)}/{$fielddef.value}\">{$fielddef.value}</a>',NULL),
(28,'gallery4','gallery4','','CoreFilePicker',23,0,'{$fielddef.name}: <a href=\"{$fielddef->GetImagePath(true)}/{$fielddef.value}\">{$fielddef.value}</a>',NULL),
(29,'Map','map','','CoreFilePicker',25,0,'{$fielddef.name}: <a href=\"{$fielddef->GetImagePath(true)}/{$fielddef.value}\">{$fielddef.value}</a>',NULL),
(30,'Image','image','','CoreFilePicker',26,0,'{$fielddef.name}: <a href=\"{$fielddef->GetImagePath(true)}/{$fielddef.value}\">{$fielddef.value}</a>',NULL),
(31,'gallery5','gallery5','','CoreFilePicker',24,0,'{$fielddef.name}: <a href=\"{$fielddef->GetImagePath(true)}/{$fielddef.value}\">{$fielddef.value}</a>',NULL),
(32,'Title DE','title_de','','TextInput',0,0,'{$fielddef.name}: {$fielddef.value}',''),
(33,'Subtitle','subtitle','','TextInput',1,0,'{$fielddef.name}: {$fielddef.value}',''),
(34,'Introduction DE','introduction_de','','TextArea',14,0,'{$fielddef.name}: {$fielddef.value}',''),
(35,'Body DE','body_de','','TextArea',16,0,'{$fielddef.name}: {$fielddef.value}',NULL),
(36,'Comments','comments','','TextArea',27,0,'{$fielddef.name}: {$fielddef.value}',NULL),
(37,'Updated','updated','','TextInput',28,1,'{$fielddef.name}: {$fielddef.value}',NULL);

--
-- Table structure for table `cmsqy_module_lisepackages_fielddef_opts`
--

CREATE TABLE `cmsqy_module_lisepackages_fielddef_opts` (
  `fielddef_id` int(11) NOT NULL,
  `name` varchar(255) NOT NULL,
  `value` text DEFAULT NULL,
  PRIMARY KEY (`fielddef_id`,`name`)
) ENGINE=InnoDB DEFAULT CHARSET=utf8mb3 COLLATE=utf8mb3_general_ci;

--
-- Dumping data for table `cmsqy_module_lisepackages_fielddef_opts`
--

INSERT INTO `cmsqy_module_lisepackages_fielddef_opts` (`fielddef_id`, `name`, `value`) VALUES (1,'max_length','255'),
(1,'search_index','0'),
(1,'size','20'),
(4,'max_length','6000'),
(4,'search_index','1'),
(4,'wysiwyg','1'),
(5,'max_length','6000'),
(5,'search_index','0'),
(5,'wysiwyg','1'),
(7,'max_length','255'),
(7,'search_index','0'),
(7,'size','20'),
(8,'max_length','255'),
(8,'search_index','0'),
(8,'size','20'),
(9,'columns','1'),
(9,'jqui_buttons','0'),
(9,'options','group=Small Group\r\ntrain=Train Journey\r\nself=Self Drive\r\nsoft= Soft Package\r\nexcursion = Excursion\r\nwinter = Winter'),
(9,'separator',''),
(10,'0','0'),
(10,'1','6000'),
(10,'2','0'),
(10,'max_length','6000'),
(10,'search_index','0'),
(10,'wysiwyg','1'),
(11,'columns','1'),
(11,'jqui_buttons','0'),
(11,'options','western=Western Canada\r\neastern=Eastern Canada\r\nusa=western=Alaska and Yukon\r\n\r\n'),
(11,'separator',''),
(12,'max_length','255'),
(12,'search_index','0'),
(12,'size','20'),
(13,'max_length','255'),
(13,'search_index','0'),
(13,'size','20'),
(14,'max_length','355'),
(14,'search_index','0'),
(14,'size','20'),
(15,'options','easy=Relaxed\r\nmoderate=Moderate\r\nactive=Active\r\nchallenging=Challenging'),
(18,'max_length','6000'),
(18,'search_index','0'),
(18,'wysiwyg','1'),
(19,'max_length','6000'),
(19,'search_index','0'),
(19,'wysiwyg','1'),
(24,'max_length','255'),
(24,'search_index','0'),
(24,'size','20'),
(25,'profiles',''),
(26,'profiles',''),
(27,'profiles',''),
(28,'profiles',''),
(29,'profiles',''),
(31,'profiles',''),
(32,'max_length','255'),
(32,'search_index','0'),
(32,'size','20'),
(33,'max_length','255'),
(33,'search_index','0'),
(33,'size','20'),
(34,'max_length','6000'),
(34,'search_index','0'),
(34,'wysiwyg','1'),
(35,'max_length','6000'),
(35,'search_index','0'),
(35,'wysiwyg','1'),
(36,'max_length','6000'),
(36,'search_index','0'),
(36,'wysiwyg','1'),
(37,'max_length','255'),
(37,'search_index','0'),
(37,'size','20');

--
-- Table structure for table `cmsqy_module_lisepackages_fieldval`
--

CREATE TABLE `cmsqy_module_lisepackages_fieldval` (
  `item_id` int(11) NOT NULL,
  `fielddef_id` int(11) NOT NULL,
  `value_index` int(11) NOT NULL,
  `value` text DEFAULT NULL,
  `data` text DEFAULT NULL,
  PRIMARY KEY (`item_id`,`fielddef_id`,`value_index`)
) ENGINE=InnoDB DEFAULT CHARSET=utf8mb3 COLLATE=utf8mb3_general_ci;

--
-- Dumping data for table `cmsqy_module_lisepackages_fieldval`
--

INSERT INTO `cmsqy_module_lisepackages_fieldval` (`item_id`, `fielddef_id`, `value_index`, `value`, `data`) VALUES (1,1,0,'Hotelrundreise durch den Westen Kanadas',NULL),
(1,4,0,'<p>This itinerary speaks for itself! On this guided hotel tour, we will take your clients to all the great sights British Columbia and Alberta have to offer: vineyards in the Interior, peaks and beautiful alpine lakes in the Rocky Mountains, the famous Inside Passage and Vancouver Island. Furthermore, your clients will come to appreciate Western Canada&rsquo;s exciting history. Traveling with a small group of people will make this journey an especially enjoyable and memorable one.</p>',NULL),
(1,5,0,'<ul>\r\n<li>small group (max. 12 people)</li>\r\n<li>guaranteed departures</li>\r\n<li>transportation in comfortable van</li>\r\n<li>local guide/driver</li>\r\n<li>Rocky Mountain National Parks</li>\r\n<li>amazing Inside Passage experience</li>\r\n<li>Vancouver Island, incl. whale watching tour</li>\r\n<li>many activities included</li>\r\n</ul>',NULL),
(1,7,0,'BCHIGH',NULL),
(1,8,0,'https://ui.reslynx.com/grouptours/search/0/null/null/null/null/null/null/null/null/2801',NULL),
(1,9,0,'Small Group',NULL),
(1,10,0,'<ul>\r\n<li>Day 1: Vancouver Arrival in Vancouver and transfer to the hotel on your own (NEW). In the evening, the group will meet to discuss the tour itinerary with the tour guide. Overnight is at the Sandman Hotel Vancouver Airport.</li>\r\n<li>Day 2: Vancouver - Manning Park - Oliver We depart from Vancouver and go on to Manning Park and further to the Okanagan Valley where we will be visiting one of the wineries for a tour and a tasting. Overnight is at the Coast Oliver Hotel.</li>\r\n<li>Day 3: Oliver - Kelowna - Vernon - Revelstoke On our way through the Okanagan Valley, we will stop in Kelowna for a stroll through the park and an amazing view from Knox Mountain. Later on, in Craigellachie, we will visit the site where in 1885 the train tracks to connect British Columbia to the rest of the country were completed. In the early evening, we reach Revelstoke; our hotel is the Regent Hotel.</li>\r\n<li>Day 4: Revelstoke - Golden - Canmore We continue to the Rocky Mountains today. At Rogers Pass we visit the informative Visitor Centre, and in Yoho National Park a stop is made at the Natural Bridge and at beautiful Emerald Lake. There is time for a stroll along the lake or for a canoe trip (optional). We then continue to Banff, where we spend two nights at the Brewster Mountain Lodge.</li>\r\n<li>Day 5: Banff National Park The entire day is spent touring Banff and Banff National Park. We visit famous Lake Louise and Lake Moraine, and in the afternoon, there will be some time at leisure to explore the town of Banff on an individual basis.</li>\r\n<li>Day 6: Canmore - Jasper Today we travel along the Icefields Parkway. With its many beautiful lakes and waterfalls, it is probably the most scenic route in the Rocky Mountains. This day includes visiting the world-renowned Columbia Icefields where you will have the opportunity to walk right up to the edge of the glacier. Then on to Jasper and overnight at the Whistler&rsquo;s Inn.</li>\r\n<li>Day 7: Jasper - Maligne Canyon - Prince George Day 7: Jasper - Maligne Canyon - Prince George In the morning, we will visit the spectacular Maligne Canyon. A short hike will take us to breathtaking views of the gorge. On our way to Prince George, we will enjoy great views of Mount Robson, the highest peak in the Canadian Rockies. Overnight is at the Prestige Treasure Cove Hotel in Prince George.</li>\r\n<li>Day 8: Prince George - Smithers The drive from Prince George to Smithers will give you a good impression of the vastness of the country &ndash; trees and little lakes as far as the eye can see! Overnight is at the Prestige Hudson Bay Lodge in Smithers.</li>\r\n<li>Day 9: Smithers - Hazelton - Terrace - Prince Rupert Today&rsquo;s highlight is a visit to the Ksan First Nations Village in Hazelton. The reconstructed Native Village consists of five traditional longhouses and several totem poles. We then continue to Prince Rupert where we overnight at the Prestige Oceanview Hotel.</li>\r\n<li>Day 10: Inside Passage to Vancouver Island Today we travel the world-famous Inside Passage from Prince Rupert to Port Hardy. During the 15-hour-trip there are good opportunities to watch wildlife: bald eagles, dolphins, sea otters and sometimes even whales. In the late evening, we arrive in Port Hardy we stay at the Kwa&rsquo;lilas Hotel.</li>\r\n<li>Day 11: Port Hardy - Campbell River We depart from Port Hardy and go on to the small and very picturesque fishing village of Telegraph Cove. From there we will take a whale-watching trip to view killer whales in their natural habitat. Later, we proceed to Campbell River where we overnight at the Anchor Inn &amp; Suites.</li>\r\n<li>Day 12: Campbell River - Duncan - Victoria We depart from Campbell River and continue to Victoria today. En route, we will make a little detour to visit the Cathedral Grove Park to have a look at the temperate rainforest with its 800-year-old and 5-metre-thick Douglas Firs! In the afternoon, there is time for a stroll through Victoria, the capital of British Columbia. We overnight at the Embassy Inn, close to the Inner Harbour.</li>\r\n<li>Day 13: Victoria - ferry ride to Vancouver The morning will be at leisure to explore charming Victoria on an individual basis. In the afternoon, we drive along the Marine Scenic Drive to the ferry terminal at Swartz Bay to catch the ferry to Vancouver. In Vancouver, we will stay at the Sandman Vancouver City Centre Hotel on Georgia Street.</li>\r\n<li>Day 14: Vancouver Today will be at leisure to explore the city. Don&rsquo;t miss the great view of the city from the top of the Harbour Building and take a stroll along Robson Street. Should you wish to spend a little more time in this fascinating city, we recommend booking additional nights through CSM Travel.</li>\r\n<li>Day 15: Time to say goodbye! Transfer to the airport on your own (NEW) with subsequent return flight to Europe. We thank you for taking part in the trip and are confident that you will take many great memories home with you</li>\r\n</ul>',NULL),
(1,11,0,'Western Canada',NULL),
(1,12,0,'15 days / 14 nights',NULL),
(1,13,0,'5,950.00',NULL),
(1,14,0,'Vancouver – Oliver – Revelstoke – Canmore – Banff – Jasper – Prince George – Smithers – Prince Rupert – Port Hardy – Campbell River – Victoria – Vancouver',NULL),
(1,15,0,'Active',NULL),
(1,16,0,'1',NULL),
(1,18,0,'<p>BCHIGH1 27.06.2026 &ndash; 11.07.2026<br>BCHIGH2 19.07.2026 &ndash; 02.08.2026<br>BCHIGH3 08.08.2026 &ndash; 22.08.2026<br>BCHIGH4 22.08.2026 &ndash; 05.09.2026<br>BCHIGH5 30.08.2026 &ndash; 13.09.2026 *<br>BCHIGH6 13.09.2026 &ndash; 27.09.2026</p>',NULL),
(1,19,0,'<p><strong>Package includes:</strong></p>\r\n<ul>\r\n<li>Tour as described, 14 nights&rsquo; accommodation as described or similar (moderate accommodation),</li>\r\n<li>local driver-guide from/to Vancouver</li>\r\n<li>transportation in a 15-seater passenger van</li>\r\n<li>ferry ride from Vancouver Island to Vancouver and Inside Passage, transport of baggage (1 piece per person), national park fees,</li>\r\n<li>the following activities and entry fees: wine tour &amp; tasting, Ksan First Nations Village and 3 &frac12; hour whale watching excursion, all applicable taxes.</li>\r\n</ul>\r\n<p><strong>Package excludes:</strong></p>\r\n<ul>\r\n<li>meals, airport transfers, tips (recommended is $15/day/person to driver/guide and 20% for group meals) and optional activities.</li>\r\n</ul>\r\n<p><strong>Conditions:</strong></p>\r\n<ul>\r\n<li>Rate from and to Vancouver in CAD: Per person, double occupancy 5,950.00 Per person, single occupancy 8,150.00 Early booking discount: (per person) <br>Until October 31st 2025 300.00 Nov 1st 2023 - Jan.1st 2026: 150.00</li>\r\n<li>NOTE &ndash; This group tour is designed for adults.</li>\r\n<li>The maximum number of participants is limited to 12.</li>\r\n<li><strong>A signed liability waiver is mandatory for participation in this tour.</strong></li>\r\n<li>Requirements to Participants: Participants should be able to get in and out of the van with ease. During this trip there will be several included walks, typically less than one hour and or 5km in length.</li>\r\n<li><strong>CAD 750.00 deposit per person due at time of booking</strong></li>\r\n</ul>',NULL),
(1,24,0,'Vancouver',NULL),
(1,25,0,'images/packages/vancouver stanley park.jpg',NULL),
(1,26,0,'images/packages/tonfino long beach.jpg',NULL),
(1,27,0,'images/bus.jpg',NULL),
(1,28,0,'images/packages/inside passage.jpg',NULL),
(1,29,0,'images/map/BCHIGH.webp',NULL),
(1,30,0,'images/packages/black bear grass.jpg',NULL),
(1,32,0,'EN WESTEN ENTDECKEN',NULL),
(1,33,0,'Hotel Round Trip through Western Canada',NULL),
(2,1,0,'Hiking tour from the Rocky Mountains to the Pacific Ocean',NULL),
(2,4,0,'<p>Experience Western Canada&rsquo;s amazing landscapes by hiking the most beautiful trails with a small group of fellow adventurists and an experienced guide. The route leads through the spectacular Rocky Mountain National Parks, Wells Gray Park, the Coast Mountain range and the West Coast of Vancouver Island. This country is home to black and grizzly bears, moose and bald eagles - with any luck we will be able to observe these animals in their natural habitat. You will rest in comfortable accommodations, so each morning the group will wake up refreshed and ready for another adventure.</p>',NULL),
(2,5,0,'<ul>\r\n<li>small group (max. 12 people)</li>\r\n<li>guaranteed departures</li>\r\n<li>transportation in comfortable van</li>\r\n<li>all breakfasts included</li>\r\n<li>hiking in the National Parks</li>\r\n<li>Peak2Peak Gondola in Whistler</li>\r\n<li>wildlife watching</li>\r\n</ul>',NULL),
(2,7,0,'BCLODG',NULL),
(2,9,0,'Small Group',NULL),
(2,10,0,'<ul>\r\n<li>Day 1: Calgary Arrive in Calgary and make your own way to the Sandman Hotel Calgary Airport. Meet your fellow travellers and tour guide during the pre-trip information session before the adventure begins. Overnight is at the Sandman Hotel Calgary Airport.</li>\r\n<li>Day 2: Calgary - Banff - Banff National Park After exploring Calgary, travel into the Canadian Rockies and Banff National Park. This afternoon, enjoy your first guided hike on one of Banff\'s scenic trails. The next three nights are spent at the Brewster Mountain Lodge in Banff. Overnight is at the Brewster Mountain Lodge.</li>\r\n<li>Day 3: Banff National Park Travel to Lake Louise and hike the spectacular Plain of Six Glaciers Trail, one of the most rewarding walks in the Rockies. Later, return to Banff where there is time to relax in the hot springs and explore the charming mountain town. Overnight is at the Brewster Mountain Lodge.</li>\r\n<li>Day 4: Yoho National Park Spend the day discovering the natural wonders of Yoho National Park. Highlights include a hike around beautiful Emerald Lake, a visit to the Natural Bridge over the Kicking Horse River and the impressive Takakkaw Falls. Overnight is at the Brewster Mountain Lodge.</li>\r\n<li>Day 5: Banff - Icefields Parkway - Jasper Travel along the world-famous Icefields Parkway, stopping to admire stunning lakes, waterfalls and mountain scenery. At the Columbia Icefield, enjoy a hike to the foot of the glacier before continuing to Jasper for a two-night stay at the Whistler\'s Inn. Overnight is at the Whistler\'s Inn.</li>\r\n<li>Day 6: Jasper National Park Today\'s adventure takes you to Mount Edith Cavell, where the Cavell Meadows Trail offers spectacular views of glaciers, alpine meadows and rugged mountain peaks. Later, visit Maligne Canyon and explore the town of Jasper. Overnight is at the Whistler\'s Inn.</li>\r\n<li>Day 7: Jasper - Mount Robson Park - Clearwater Enjoy breathtaking views of Mount Robson, the highest peak in the Canadian Rockies at 3,954 metres, during a hike in Mount Robson Provincial Park. Continue to Clearwater, gateway to Wells Gray Provincial Park, for a two-night stay at the Best Western Plus Gateway to the Falls Hotel. Overnight is at the Best Western Plus Gateway to the Falls Hotel.</li>\r\n<li>Day 8: Wells Gray Provincial Park Spend the day exploring Wells Gray Provincial Park, renowned for its dramatic waterfalls, pristine wilderness and excellent wildlife viewing opportunities. Highlights include Helmcken Falls and Dawson Falls. Overnight is at the Best Western Plus Gateway to the Falls Hotel.</li>\r\n<li>Day 9: Clearwater - Kamloops - Whistler Travel through British Columbia\'s interior, with an optional visit to historic Hat Creek Ranch to learn about life during the Cariboo Gold Rush. Continue along the scenic Duffey Lake Road to Whistler for a two-night stay at the Aava Hotel. Overnight is at the Aava Hotel.</li>\r\n<li>Day 10: Whistler Mountain - Garibaldi Provincial Park Ride to the top of Whistler Mountain for an alpine hike through Garibaldi Provincial Park, famous for its wildflower meadows and spectacular mountain scenery. Experience the Peak 2 Peak Gondola and, for those who wish, walk across the skybridge to the Raven\'s Eye lookout. Overnight is at the Aava Hotel.</li>\r\n<li>Day 11: Whistler - Vancouver Island - Ucluelet Follow the spectacular Sea to Sky Highway to North Vancouver before boarding the ferry to Vancouver Island. Visit Cathedral Grove to see ancient Douglas fir trees before continuing to Ucluelet on the island\'s rugged west coast. Two nights are spent at the Canadian Princess Lodge. Overnight is at the Canadian Princess Lodge.</li>\r\n<li>Day 12: Pacific Rim National Park Explore the stunning landscapes of Pacific Rim National Park, known for its sandy beaches, coastal rainforests and abundant wildlife. An optional whale-watching excursion offers opportunities to spot sea lions, sea otters and grey whales. Overnight is at the Canadian Princess Lodge.</li>\r\n<li>Day 13: Ucluelet - Victoria Travel south through Vancouver Island, passing through Chemainus and Duncan before arriving in Victoria. Enjoy time to explore British Columbia\'s capital city before an optional farewell dinner. Overnight is at the Embassy Inn Hotel.</li>\r\n<li>Day 14: Victoria - Vancouver Airport Transfer by BC Ferries from Victoria to Tsawwassen and continue to Vancouver International Airport. Arrival is scheduled for approximately 1:00 pm. Your tour concludes today, taking with it unforgettable memories of Western Canada.</li>\r\n</ul>',NULL),
(2,11,0,'Western Canada',NULL),
(2,12,0,'14 days/13 nights',NULL),
(2,13,0,'5,900.00',NULL),
(2,14,0,'Calgary - Banff - Canmore - Jasper - Clearwater - Whistler - Vancouver - Tofino - Ucluelet - Victoria - vancouver',NULL),
(2,15,0,'Active',NULL),
(2,18,0,'<p>2026:</p>\r\n<p>BCLODG2&nbsp;13.06 &ndash; 26.06 *<br>BCLODG2 04.07 &ndash; 17.07<br>BCLODG3 25.07 &ndash; 07.08 *<br>BCLODG4 15.08 &ndash; 28.08<br>BCLODG5 05.09 &ndash; 18.09</p>\r\n<p>* Bookable for private groups only</p>',NULL),
(2,19,0,'<p><strong>Package includes:</strong></p>\r\n<ul>\r\n<li>Tour as described, 13 nights&rsquo; accommodation as described or similar, 13 x breakfast, airport transfers,</li>\r\n<li>local driver-guide from Calgary to Vancouver</li>\r\n<li>transportation in a 15-seater passenger van</li>\r\n<li>ferries to and from Vancouver Island, transport of baggage (1 piece per person), national park fees,</li>\r\n<li>the following activities and entry fees: guided hikes and Peak2Peak Gondola, all applicable taxes.</li>\r\n</ul>\r\n<p><strong>Package excludes:</strong></p>\r\n<ul>\r\n<li>meals (except for breakfast), tips (recommended is $15/day/person) and optional activities.</li>\r\n</ul>\r\n<p><strong>Conditions:</strong></p>\r\n<ul>\r\n<li>Rate from Calgary to Vancouver in CAD: Per person, double occupancy [0,000.00] Per person, single occupancy [0,000.00] Early booking discount: (per person) <br>Until October 31st 2025 300.00 Nov 1st 2025 - Jan 1st 2026: 150.00</li>\r\n<li>NOTE &ndash; This group tour is designed for adults.</li>\r\n<li>The maximum number of participants is limited to 12.</li>\r\n<li><strong>A signed liability waiver is mandatory for participation in this tour.</strong></li>\r\n<li>Requirements to Participants: Participants should be able to get in and out of the van with ease. During this trip there will be several included walks and guided hikes; participants should be comfortable with light to moderate activity.</li>\r\n<li><strong>CAD 750.00 deposit per person due at time of booking</strong></li>\r\n</ul>',NULL),
(2,24,0,'Calgary',NULL),
(2,25,0,'images/packages/banff gondola.jpg',NULL),
(2,26,0,'images/packages/black bear hiking.jpg',NULL),
(2,27,0,'images/packages/calgary highway.jpg',NULL),
(2,28,0,'images/packages/inside passage.jpg',NULL),
(2,30,0,'images/packages/sea to sky.jpg',NULL),
(2,31,0,'images/packages/spirit island.jpg',NULL),
(3,1,0,'Welcome to the Great Land! ',NULL),
(3,4,0,'<p>Welcome to the Great Land! This tour offers the very best of Alaska and Canada&rsquo;s Yukon. Departing from Anchorage, Alaska&rsquo;s largest city, this classic roundtrip travels through some of North America&rsquo;s most impressive and pristine landscapes. Tour participants will experience an array of spectacular mountain ranges, cascading glaciers, Native American culture and unique Gold Rush history.</p>',NULL),
(3,5,0,'<p><strong>Package includes:</strong></p>\r\n<ul>\r\n<li>15 days hotel tour from/to Anchorage as described, 14 nights&rsquo; accommodation at moderate-class hotels, airport transfers,</li>\r\n<li>English-speaking tour guide</li>\r\n<li>transportation in a 15-seater minivan (6 to 9 participants) or in a midsize coach (10 &ndash; 20 participants)</li>\r\n<li>Prince William Sound ferry, transport of baggage (1 piece per person), national park fees,</li>\r\n<li>the following activities and entry fees: day trip into Denali National Park, guided hike in Kluane National Park, &lsquo;Diamond Tooth Gerties&rsquo; casino and Gold Diggers Museum in Dawson City, all applicable taxes.</li>\r\n</ul>\r\n<p><strong>Package excludes:</strong></p>\r\n<ul>\r\n<li>meals and beverages, tips and optional activities.</li>\r\n</ul>\r\n<p>&nbsp;</p>',NULL),
(3,7,0,'BCYKAK',NULL),
(3,9,0,'Small Group',NULL),
(3,10,0,'<ul>\r\n<li>Day 1: Anchorage Welcome to Alaska. Upon arrival in Anchorage, you will be met by your tour guide and transferred to your hotel. Meet your fellow travellers and enjoy an introduction to the journey ahead. Overnight accommodation is in Anchorage.</li>\r\n<li>Day 2: Anchorage - Denali After breakfast, travel north from Anchorage towards Denali National Park. In the late afternoon, there is an optional opportunity to take a scenic glacier flight to Mount McKinley (Denali), North America\'s highest peak. Overnight accommodation is near Denali National Park for two nights.</li>\r\n<li>Day 3: Denali National Park Explore the spectacular wilderness of Denali National Park by shuttle bus, travelling deep into one of North America\'s most scenic landscapes. Weather permitting, enjoy views of majestic Denali and keep an eye out for wildlife including wolves, Dall sheep, moose, caribou and grizzly bears. Overnight accommodation is near Denali National Park.</li>\r\n<li>Day 4: Denali - Fairbanks Continue north to Fairbanks, arriving early in the afternoon. The remainder of the day is free to explore local attractions such as the Alaska Dog Mushing Museum, a sternwheeler cruise on the Chena River or the Gold Rush Show at the Malemute Saloon (optional). Overnight accommodation is in Fairbanks.</li>\r\n<li>Day 5: Fairbanks - Dawson City Travel along the famous Top of the World Highway before crossing the border into Canada at Little Gold Creek. Later, cross the Yukon River by ferry and arrive in historic Dawson City for a two-night stay. Overnight accommodation is in Dawson City.</li>\r\n<li>Day 6: Dawson City Discover the rich gold rush history of Dawson City. Visit Bonanza Creek, the Jack London Cabin, Midnight Dome and the Gold Diggers Museum. Try your hand at gold panning and enjoy evening entertainment at Diamond Tooth Gerties or the Palace Grand Theatre. Overnight accommodation is in Dawson City.</li>\r\n<li>Day 7: Dempster Highway Journey along the legendary Dempster Highway towards the spectacular Tombstone Mountains. Enjoy the dramatic scenery and unique landscapes of the Yukon before returning to Dawson City in the evening. Overnight accommodation is in Dawson City.</li>\r\n<li>Day 8: Dawson City - Whitehorse Travel south along the Klondike Highway to Whitehorse. Along the way, enjoy views of the Yukon River and stop at the historic Five Finger Rapids. Arrive in Whitehorse for a two-night stay. Overnight accommodation is in Whitehorse.</li>\r\n<li>Day 9: Whitehorse Enjoy a free day to explore Whitehorse and the surrounding area. Visit attractions such as the Yukon Transportation Museum and the SS Klondike, or take an optional excursion to Skagway, Alaska, including the famous White Pass &amp; Yukon Route Railway. Overnight accommodation is in Whitehorse.</li>\r\n<li>Day 10: Whitehorse - Haines Junction Travel west to Haines Junction, located beside Kluane National Park. Explore Canada\'s largest national park, home to vast glacier fields and incredible mountain scenery. Optional activities include hiking or a scenic glacier flight. Overnight accommodation is in Haines Junction.</li>\r\n<li>Day 11: Haines Junction - Tok Follow the shores of beautiful Kluane Lake and stop at the Sheep Mountain Visitor Centre, where there is often an opportunity to spot Dall sheep on the surrounding slopes. Continue into Alaska and overnight in Tok. Overnight accommodation is in Tok.</li>\r\n<li>Day 12: Tok - Valdez Travel through dramatic mountain scenery to Valdez, often referred to as \"Little Switzerland\". Learn about the Trans-Alaska Pipeline and visit the harbour where giant oil tankers load Alaskan crude for export. Overnight accommodation is in Valdez.</li>\r\n<li>Day 13: Valdez - Whittier - Seward Board a ferry through Prince William Sound, one of Alaska\'s most spectacular coastal regions. Pass glaciers and watch for wildlife including puffins, sea otters, sea lions and whales. Visit Portage Glacier before continuing to Seward. Overnight accommodation is in Seward.</li>\r\n<li>Day 14: Seward - Anchorage This morning, there is an optional opportunity to take a boat excursion into Kenai Fjords National Park. Later, return to Anchorage for your final night in Alaska. This evening, you may wish to enjoy dinner at the famous Gwennie\'s restaurant. Overnight accommodation is in Anchorage.</li>\r\n<li>Day 15: Anchorage - Departure Enjoy free time in Anchorage before transferring to the airport for your departure flight. You may wish to visit the Aviation Museum or do some last-minute shopping before your journey home.</li>\r\n</ul>',NULL),
(3,11,0,'Western Canada',NULL),
(3,12,0,'15 days/14 nights',NULL),
(3,13,0,'5,840.00',NULL),
(3,14,0,'Anchorage - Denali - Fairbanks - Dawson City - Tombstone Mountains - Whitehorse - Skagway - Haines Junction - Tok - Valdez - Whittier - Seward - Anchorage',NULL),
(3,15,0,'Relaxed',NULL),
(3,18,0,'<p>BCYKAK1 30.05. &ndash; 13.06.<br>BCYKAK2 13.06. &ndash; 27.06.<br>BCYKAK3 27.06. &ndash; 11.07.<br>BCYKAK4 11.07. &ndash; 25.07.<br>BCYKAK5 25.07. &ndash; 08.08.<br>BCYKAK6 08.08. &ndash; 22.08.<br>BCYKAK7 22.08. &ndash; 05.09.<br>BCYKAK8 05.09. &ndash; 19.09.<br><br>All departures are guaranteed.</p>',NULL),
(3,19,0,'<ul>\r\n<li>Rate from and to Anchorage in CAD: Per person, double occupancy [0,000.00] Per person, single occupancy [0,000.00] Early booking discount: (per person)</li>\r\n<li>Until October 31st 2025 300.00 Nov 1st 2025 - Jan 1st 2026: 150.00</li>\r\n<li>NOTE &ndash; This group tour is designed for adults.</li>\r\n<li>The maximum number of participants is limited to 20.</li>\r\n<li>A signed liability waiver is mandatory for participation in this tour.</li>\r\n<li>Requirements to Participants: Participants should be able to get in and out of the vehicle with ease. During this trip there will be several included walks and guided hikes; participants should be comfortable with light to moderate physical activity.</li>\r\n<li>CAD 750.00 deposit per person due at time of booking</li>\r\n</ul>',NULL),
(3,24,0,'Anchorage',NULL),
(3,25,0,'images/bus.jpg',NULL),
(3,26,0,'images/packages/yukon.jpg',NULL),
(3,27,0,'images/packages/Denali.jpg',NULL),
(3,28,0,'images/packages/black bear in meadow.jpg',NULL),
(3,29,0,'images/map/BCYKAK.webp',NULL),
(3,30,0,'images/packages/Denali.jpg',NULL),
(3,31,0,'images/packages/group in sunlight.jpg',NULL),
(4,1,0,'La belle province',NULL),
(4,4,0,'<p>The moderate class hotel accommodations chosen all have private single and double rooms. Travellers mostly stay two nights at a place so there is enough time to explore the area. Famous names such as Toronto, Niagara Falls, Montreal and Quebec City are on the agenda. Small, typically &ldquo;qu&eacute;becois&rdquo;, towns such as Mont Tremblant, Tadoussac and Perc&eacute; that offer whale- watching, mountain-biking, hiking, boat excursions and more, complement this tour. A great tour at a great price!</p>',NULL),
(4,5,0,'<p><strong>Package includes:</strong></p>\r\n<ul>\r\n<li>15 or 19 nights&rsquo; accommodation at Moderate-Class Hotels (rooms with private bath)</li>\r\n<li>Information package including detailed itinerary and road map</li>\r\n<li>Telephone hot line based in Canada</li>\r\n<li>All applicable taxes</li>\r\n</ul>\r\n<p><strong>Package excludes:</strong></p>\r\n<ul>\r\n<li>rental vehicle, meals, activities, entrance fees and ferry fare.</li>\r\n</ul>\r\n<p><strong>Conditions:</strong></p>\r\n<ul>\r\n<li>Rate in CAD: Per person, double occupancy [0,000.00] Per person, single occupancy [0,000.00] Early booking discount: (per person) <br>Until October 31st 2025 300.00 Nov 1st 2025 - Jan 1st 2026: 150.00</li>\r\n<li>NOTE &ndash; This package is designed for independent travel.</li>\r\n<li><strong>A signed liability waiver may be mandatory for participation in certain activities.</strong></li>\r\n<li>Requirements to Participants: As a self-drive tour, participants should hold a valid driver\'s license and meet rental vehicle requirements.</li>\r\n<li><strong>CAD 750.00 deposit per person due at time of booking</strong></li>\r\n</ul>',NULL),
(4,7,0,'SDONQUE',NULL),
(4,9,0,'Self Drive',NULL),
(4,10,0,'<ul>\r\n<li>Day 1: Toronto Arrive in Toronto and make your way to your hotel. The remainder of the day is free to relax or begin exploring Canada\'s largest city. Overnight is at the Chelsea Hotel.</li>\r\n<li>Day 2: Toronto - Niagara Falls Travel to the world-famous Niagara Falls. Take an optional ride aboard the Maid of the Mist for a close-up view of the falls and consider visiting the charming historic town of Niagara-on-the-Lake. Overnight is at the Old Stone Inn.</li>\r\n<li>Day 3: Niagara Falls - Huntsville Continue north into Ontario\'s cottage country and arrive in Huntsville, gateway to Algonquin Provincial Park. Enjoy two nights surrounded by forests, lakes and beautiful scenery. Overnight is at the Colonial Bay Cottage Resort.</li>\r\n<li>Day 4: Algonquin Provincial Park Spend the day exploring Algonquin Provincial Park. Enjoy hiking trails, scenic viewpoints and optional canoe rentals. Keep an eye out for wildlife such as deer and moose before returning to Huntsville. Overnight is at the Colonial Bay Cottage Resort.</li>\r\n<li>Day 5: Huntsville - Ottawa Travel to Ottawa, Canada\'s capital city. Explore highlights such as Parliament Hill, ByWard Market and the Canadian Museum of History. Overnight is at the Lord Elgin Hotel.</li>\r\n<li>Day 6: Ottawa - Mont Tremblant Continue to Mont Tremblant, one of Eastern Canada\'s premier mountain resorts. Surrounded by forests, lakes and charming villages, this region is especially beautiful during the autumn colour season. Overnight is at the H&ocirc;tel Ermitage du Lac.</li>\r\n<li>Day 7: Mont Tremblant Enjoy a free day in the Mont Tremblant area. Optional activities include canoeing, horseback riding or cycling along the scenic Linear Park trail, built on a former railway line. Overnight is at the H&ocirc;tel Ermitage du Lac.</li>\r\n<li>Day 8: Mont Tremblant - Quebec City Travel east to historic Quebec City, the cultural heart of French Canada. Enjoy two nights in one of North America\'s most charming and historic cities. Overnight is at the Alt H&ocirc;tel Qu&eacute;bec.</li>\r\n<li>Day 9: Quebec City Spend the day exploring Quebec City\'s historic streets, churches and landmarks. Wander through Old Quebec and discover its unique European atmosphere, rich history and beautiful architecture. Overnight is at the Alt H&ocirc;tel Qu&eacute;bec.</li>\r\n<li>Day 10: Quebec City - Tadoussac Follow the St. Lawrence River to Tadoussac, located at the meeting point of the Saguenay and St. Lawrence Rivers. This picturesque village is one of Canada\'s premier whale-watching destinations. Overnight is at Hotel Le Pionnier.</li>\r\n<li>Day 11: Tadoussac Enjoy a free day in Tadoussac. Join an optional whale-watching excursion to search for belugas, minke whales, fin whales and even blue whales. Alternatively, visit the Marine Mammal Interpretation Centre or explore the local walking trails. Overnight is at Hotel Le Pionnier.</li>\r\n<li>Day 12: Tadoussac - Montreal Travel to vibrant Montreal, Canada\'s most multicultural city. Discover its unique blend of European charm and North American energy during your two-night stay. Overnight is at Le Nouvel H&ocirc;tel.</li>\r\n<li>Day 13: Montreal Explore Montreal\'s many attractions including Old Montreal, Notre-Dame Basilica, Mount Royal and the Olympic Stadium. Enjoy the city\'s renowned dining, shopping and cultural experiences. Overnight is at Le Nouvel H&ocirc;tel.</li>\r\n<li>Day 14: Montreal - Toronto Return to Toronto for the final part of your journey. Enjoy time for additional sightseeing, shopping or dining in Canada\'s largest city. Overnight is at the Chelsea Hotel.</li>\r\n<li>Day 15: Toronto Enjoy a full day at leisure in Toronto. Visit attractions such as the CN Tower, Ripley\'s Aquarium of Canada, the Distillery District or the waterfront. This is the perfect opportunity for last-minute sightseeing and shopping. Overnight is at the Chelsea Hotel.</li>\r\n<li>Day 16: Depart Toronto Check out of your hotel and make your way to Toronto Pearson International Airport for your departure flight home.</li>\r\n</ul>',NULL),
(4,11,0,'Eastern Canada',NULL),
(4,12,0,'20 days / 19 nights',NULL),
(4,13,0,'2,300.00',NULL),
(4,14,0,'TToronto – Niagara Falls – Huntsville – Algonquin Park – Ottawa – Mont Tremblant – Quebec City – Tadoussac – Montreal – Toronto ',NULL),
(4,15,0,'Relaxed',NULL),
(4,18,0,'<p>Departure Dates 2026: daily<br>Departure Dates 2027: daily</p>',NULL),
(4,19,0,'<p>Rates per person from/to Toronto in CAD:</p>\r\n<p>16 days/ 15 nights double occupancy: 2,300.00 <br>single occupancy: 4,600.00 <br><br>20 days / 19 nights double occupancy: 2,900.00 <br>single occupancy: 5,800.00 <br><br>triple &amp; quad occupancy:on request</p>',NULL),
(4,24,0,'Toronto',NULL),
(4,25,0,'images/packages/Quebec City Canada_1.jpg',NULL),
(4,26,0,'images/packages/Niagara Falls_1.jpg',NULL),
(4,27,0,'images/packages/indian summer quebec_1.jpg',NULL),
(4,28,0,'images/packages/Mont-Tremblant QC Canada_1.jpg',NULL),
(4,29,0,'images/map/SDONQUE.webp',NULL),
(4,30,0,'images/packages/Quebec City Canada_1.jpg',NULL),
(4,31,0,'images/packages/black bear family.jpg',NULL),
(9,4,0,'<p>We travel through stunning scenery as we head up towards the Browning Pass to the rocky coastline of Fortune Channel where the bears scramble down to the waters edge from the rainforest above, to seek and forage the bounties of food the ocean has provided. Black bears are abundant in Clayoquot Sound and are often seen with their adorable cubs. These bears can be viewed while they seek out Rock Crabs, Clams and other seafood delicacies which have been exposed by the falling tide. This enjoyable experience also offers the chance to view other wildlife such as herons, eagles, seals and porpoises as we travel through the remote passages. During this informative and energetic tour, our local guides will give you many fun facts about the resident black bears in Tofino as well as all the other animals that call this magical place home.</p>',NULL),
(9,5,0,'<p>duration: 4 hours 1-4 persons</p>',NULL),
(9,7,0,'WHALE1',NULL),
(9,9,0,'Excursion',NULL),
(9,11,0,'Western Canada',NULL),
(9,12,0,'4 hours',NULL),
(9,14,0,'Tofino, BC',NULL),
(9,15,0,'Relaxed',NULL),
(9,19,0,'<p>rates on request</p>',NULL),
(9,24,0,'Tofino, BC',NULL),
(9,25,0,'images/packages/bear watching.jpg',NULL),
(9,30,0,'images/packages/bear watching.jpg',NULL),
(10,4,0,'<p>The moderate class hotel accommodations chosen all have private single and double rooms. Travellers mostly stay two nights at a place so there is enough time to explore the area. Famous names such as Toronto, Niagara Falls, Montreal and Quebec City are on the agenda. Small, typically &ldquo;qu&eacute;becois&rdquo;, towns such as Mont Tremblant, Tadoussac and Perc&eacute; that offer whale-watching, mountain-biking, hiking, boat excursions and more, complement this tour. A great tour at a great price!</p>',NULL),
(10,5,0,'<ul>\r\n<li>Explore Parc Omega wildlife park</li>\r\n<li>Ride the Mont-Tremblant Gondola</li>\r\n<li>Whale watching expedition in Tadoussac</li>\r\n<li>Historical immersion at Val Jalbert living museum</li>\r\n<li>Discover the UNESCO world heritage of Qu&eacute;bec City</li>\r\n<li>Indigenous cultural experience in Wendake</li>\r\n<li>Scenic boat ride and lavender farms in the Eastern Townships</li>\r\n<li>Comprehensive exploration of Old Montr&eacute;al and Mount Royal</li>\r\n</ul>',NULL),
(10,7,0,'SDPUREQC',NULL),
(10,9,0,'Self Drive',NULL),
(10,10,0,'<ul>\r\n<li>Day 1: Arriving in Montreal - After arrival, catch a free transfer shuttle to your hotel or get your rental car right away and proceed to the Sheraton Montreal Airport.</li>\r\n<li>Day 2: Montreal &ndash; Parc Omega - Tremblant (200 km) - Step into the wild at Parc Omega encountering majestic Canadian wildlife up close. Then, journey onward to the enchanting Mont-Tremblant. 2 nights at the Hotel Ermitage du Lac.</li>\r\n<li>Day 3: Mont Tremblant &amp; area (50 km) - Take a leisurely ride on the Tremblant Gondola (included) to the summit and marvel at the breathtaking views. Tremblant offers everything from Zip-Lining to mountain biking.</li>\r\n<li>Day 4: Tremblant &ndash; Le Baluchon (200 km) - Set forth on a scenic drive to Le Baluchon, a sanctuary of tranquility nestled amidst pristine nature. 2 nights at Le Baluchon.</li>\r\n<li>Day 5: Enjoy Le Baluchon! - Engage in outdoor activities from invigorating hikes to serene horseback rides and enjoy a sumptuous farm-to-table dining experience.</li>\r\n<li>Day 6: Le Baluchon &ndash; Val Jalbert - Alma (340 km) - Journey to Val Jalbert, a living museum of the 1920s where time stands still amidst the roaring Ouiatchouan Falls. Overnight at Hotel Universel in Alma.</li>\r\n<li>Day 7: Alma &ndash; Tadoussac (190 km) - Continue to Tadoussac where the St. Lawrence River meets the Saguenay Fjord. Consider a detour to the charming village of Sainte-Rose-du-Nord. 2 nights at the H&ocirc;tel Tadoussac.</li>\r\n<li>Day 8: Whale Watching in Tadoussac - Embark on a thrilling whale watching expedition (included) to see majestic giants breach the surface. Enjoy the coastal charm of the village.</li>\r\n<li>Day 9: Tadoussac - Cap-aux-Pierres (150 km) - Explore La Malbaie and Baie St. Paul. Visit the historic Manoir Richelieu and stroll through its gardens. 2 nights at the H&ocirc;tel Cap-aux-Pierres.</li>\r\n<li>Day 10: Daytrip in the Charlevoix region - Known for stunning natural landscapes and vibrant arts. Experience the healing powers of natural springs at Les Sources Joyeuses.</li>\r\n<li>Day 11: Cap-aux-Pierres &ndash; Qu&eacute;bec City (170 km) - Visit Cap Tourmente and &Icirc;le d&rsquo;Orleans to enjoy local products and fresh strawberries. 2 nights at the H&ocirc;tel Ch&acirc;teau Laurier.</li>\r\n<li>Day 12: Montmorency Falls &amp; Wendake (60 km) - Visit Montmorency Falls and the Basilica of Sainte-Anne-de-Beaupr&eacute;. Explore Wendake to learn about the history and living heritage of the Huron-Wendat people.</li>\r\n<li>Day 13: Qu&eacute;bec City &ndash; Saint-Ferdinand (220 km) - Explore the storied past of Qu&eacute;bec City before driving to the Manoir du Lac William in the Beauce region. 2 nights at Manoir du Lac William.</li>\r\n<li>Day 14: Manoir du Lac William and surroundings - A day to relax on the shore of Lac William or enjoy boat outings. Visit Domaine Taschereau and Domaine du Radar.</li>\r\n<li>Day 15: Saint-Ferdinand &ndash; Magog (160 km) - Discover the Eastern Townships with rolling hills, vineyards, and orchards. Arrive at the shores of Lake Memphremagog. 2 nights at the H&ocirc;tel Verso.</li>\r\n<li>Day 16: The Eastern Townships (70 km) - Visit Abbaye Saint-Beno&icirc;t-du-Lac, explore the Bleu Lavande lavender farm, and take a scenic boat ride on Lake Memphremagog.</li>\r\n<li>Day 17: Magog - Montr&eacute;al (190 km) - Drive through Knowlton and stop at Mont Saint-Bruno National Park for a nature break. 3 nights at Le Cantlie Suites in Montr&eacute;al.</li>\r\n<li>Day 18: Explore Montr&eacute;al - Visit Old Montreal, Notre-Dame Basilica, and the Bonsecours Market. Explore the Old Port and the Montreal Science Centre.</li>\r\n<li>Day 19: Explore Montr&eacute;al - 2 - Visit Mount Royal Park for panoramic views, the Mile End neighborhood for hip cafes, and the Montreal Museum of Contemporary Art.</li>\r\n<li>Day 20: Departure - End of program. Total kilometres: ca. 2,000 km.</li>\r\n</ul>',NULL),
(10,11,0,'Eastern Canada',NULL),
(10,12,0,'20 Days / 19 Nights',NULL),
(10,14,0,'Montreal – Parc Omega – Tremblant – Le Baluchon – Alma – Tadoussac – Cap-aux-Pierres – Québec City – Wendake – Saint-Ferdinand – Magog – Montréal',NULL),
(10,15,0,'Relaxed',NULL),
(10,18,0,'<p>Daily May 1st 2026 &ndash; October 31st 2026</p>',NULL),
(10,19,0,'<p><strong>Package includes:</strong></p>\r\n<ul>\r\n<li>19 Nights at the accommodations listed or similar.</li>\r\n<li>Gondola at Tremblant, Whale watching tour near Tadoussac.</li>\r\n<li>Travel document (roadbook) with detailed routing and day-to-day suggestions.</li>\r\n<li>Telephone hotline based in Canada, all applicable fees &amp; taxes.</li>\r\n</ul>\r\n<p><strong>Package excludes:</strong></p>\r\n<ul>\r\n<li>Meals, entry fees (park, museums etc.), rental car, optional activities, and gratuities.</li>\r\n</ul>\r\n<p><strong>Conditions:</strong></p>\r\n<ul>\r\n<li>Price in CAD per Person from / to Montr&eacute;al: Double occupancy: t.b.a. Triple &amp; quad occupancy: on request.</li>\r\n<li>Optional activities: Various Quebec &amp; Montreal City Tours available on request.</li>\r\n<li>Travel Dates 2026: Daily departures from May 1st to October 31st.</li>\r\n</ul>',NULL),
(10,24,0,'Montreal',NULL),
(10,29,0,'images/map/SDPUREQC.webp',NULL),
(10,30,0,'images/packages/Quebec City Canada_1.jpg',NULL),
(10,33,0,'Embark on an unforgettable adventure through the heart of Quebec',NULL),
(11,4,0,'<p>This trip features four of Canada&rsquo;s provinces, which are all quite different. First, Ontario with Canada&rsquo;s largest city, Toronto, and world-famous Niagara Falls. You then continue to the province of Qu&eacute;bec and Qu&eacute;bec City, the heart of French Canada. A visit to Montr&eacute;al, the only true bi-lingual city in Canada, completes your trip in the Eastern part of the country. Upon arrival in Calgary, you continue your trip and explore the provinces of Alberta and British Columbia. Here, in the Rocky Mountains, you will get a feel for the huge open spaces and the beautiful wilderness Canada has to offer. To keep driving distances down and to leave enough time for sightseeing and activities, two nights have been included at most places.</p>',NULL),
(11,5,0,'<ul>\r\n<li>Explore Toronto, Canada\'s largest city and the CN Tower</li>\r\n<li>Excursion to the world-famous Niagara Falls</li>\r\n<li>Visit Qu&eacute;bec City, the architectural heart of French Canada</li>\r\n<li>Discover Montr&eacute;al, Canada\'s only true bi-lingual city</li>\r\n<li>Scenic drive along the Icefields Parkway in the Rocky Mountains</li>\r\n<li>Wildlife watching opportunities in Jasper National Park</li>\r\n<li>Experience the waterfalls of Wells Gray Park</li>\r\n<li>Explore the wineries and fruit orchards of the Okanagan Valley</li>\r\n<li>Visit Vancouver, one of the world\'s most beautiful cities</li>\r\n<li>Optional day excursion to Victoria, BC\'s capital</li>\r\n</ul>',NULL),
(11,7,0,'SDCOMB',NULL),
(11,9,0,'Self Drive',NULL),
(11,10,0,'<ul>\r\n<li>Day 1: Arrival in Toronto (25 km) - Upon arrival at Toronto airport you pick up your rental car and drive to your hotel. Three nights at the Chelsea Hotel in Downtown Toronto.</li>\r\n<li>Day 2: Toronto - The entire day is yours to explore Toronto&rsquo;s sights. You might want to visit the Provincial Parliament Buildings, the Central Business District, Chinatown, Toronto&rsquo;s castle Casa Loma and the Harbour. A visit to the CN Tower completes your day.</li>\r\n<li>Day 3: Day excursion to Niagara Falls (260 km) - No trip to Eastern Canada is complete without a visit to Niagara Falls. Consider taking a boat ride on the Maid of the Mist (optional) to get close to the 54 metre high Canadian Falls. In the evening return to Toronto.</li>\r\n<li>Day 4: Toronto - Kingston (260 km) - Today you continue to the historic town of Kingston, which for a while was the national capital. You might want to participate in a boat tour that will take you around some of the Thousand Islands (optional). Overnight at the Comfort Inn Thousand Islands Harbour District.</li>\r\n<li>Day 5: Kingston - Qu&eacute;bec City (540 km) - Following the highway along the St. Lawrence River you reach the French-speaking province of Qu&eacute;bec and Qu&eacute;bec City, the heart of French Canada. Two nights at the Alt H&ocirc;tel Qu&eacute;bec.</li>\r\n<li>Day 6: Qu&eacute;bec City - This day is at leisure to explore Qu&eacute;bec City. Almost all the important sights are within walking distance. Its many churches, old stone houses and narrow streets make it an architectural gem.</li>\r\n<li>Day 7: Qu&eacute;bec City - Montr&Egrave;al (250 km) - Today you reach Montreal, the second largest city in Canada. Your hotel for the next two nights is the Alt H&ocirc;tel Montr&eacute;al.</li>\r\n<li>Day 8: Montr&Egrave;al - Montr&eacute;al offers many highlights: Old Montr&eacute;al with the Basilica Notre Dame, the Olympic Stadium of 1976, and Mount Royal which offers great views over the city.</li>\r\n<li>Day 9: Montr&Egrave;al - Calgary - Canmore (110 km drive) - Welcome to Alberta! Upon arrival in Calgary, you pick up your car and continue to the Rocky Mountains. Two nights are spent at the Grande Rockies Resort in Canmore.</li>\r\n<li>Day 10: Banff National Park (approx. 100 km) - The entire day is at leisure to tour Banff and Banff National Park. Among other things, you might want to ride the gondola up to Sulphur Mountain and relax in the Hot Springs afterwards.</li>\r\n<li>Day 11: Banff - Icefields Parkway - Jasper (285 km) - Today you travel along the Icefields Parkway, the most scenic route in the Rocky Mountains. A visit should be made to the Columbia Icefield where you have the opportunity to take a tour on the Glacier. Two nights at Becker&rsquo;s Chalets in Jasper.</li>\r\n<li>Day 12: Jasper National Park (approx. 100 km) - Day 12 is at leisure to explore Jasper National Park. At Maligne Lake, you can take a boat tour, go hiking or horseback riding. This is also a great place for wildlife watching.</li>\r\n<li>Day 13: Jasper - Mount Robson - Clearwater (395 km) - On your way to Clearwater you pass through Mount Robson Provincial Park to see the highest peak in the Canadian Rocky Mountains. In Clearwater, the gate to Wells Gray Park, you overnight at the Best Western Gateway to the Falls for two nights.</li>\r\n<li>Day 14: Wells Gray Park (approx. 60 km) - Today you visit Wells Gray Park. Enjoy spectacular waterfalls, especially Helmcken Falls and Dawson Falls, and beautiful alpine meadows. A canoe tour on Clearwater Lake (optional) is also a great way to explore the Park.</li>\r\n<li>Day 15: Clearwater - Kamloops - Kelowna (325 km) - Via Kamloops, you reach the fertile Okanagan Valley today. You spend two nights at the Hotel Zed in Kelowna.</li>\r\n<li>Day 16: Okanagan Valley (80 - 100 km) - Day at leisure. You might want to explore the Okanagan Valley and visit some of the wineries in the area, buy some fruit and go for a swim in Okanagan Lake.</li>\r\n<li>Day 17: Kelowna - Vancouver (395 km) - Today you reach Vancouver, an exceptionally beautiful city! Three nights at the Auberge Hotel in Downtown Vancouver.</li>\r\n<li>Day 18: Vancouver - Vancouver is definitely worth a visit! On a hop-on hop-off city tour with Big Bus (optional) you will visit Stanley Park, historic Gastown, Chinatown and Granville Island.</li>\r\n<li>Day 19: Day excursion to Victoria (140 km) - Today there is time for a day excursion to Victoria. You might want to visit the Parliament Buildings, the world-famous Empress Hotel and the Inner Harbour. In the evening, return to Vancouver.</li>\r\n<li>Day 20: Departure (20 km) - After breakfast you drive to the airport for your flight back home.</li>\r\n</ul>',NULL),
(11,11,0,'Western Canada',NULL),
(11,11,1,'Eastern Canada',NULL),
(11,12,0,'20 days / 19 nights',NULL),
(11,13,0,'3,580.00',NULL),
(11,14,0,'Toronto – Niagara Falls – Kingston – Québec City – Montréal – Calgary – Canmore – Banff – Jasper – Clearwater – Kelowna – Vancouver – Victoria',NULL),
(11,15,0,'Relaxed',NULL),
(11,18,0,'<p>Daily departures in 2026</p>',NULL),
(11,19,0,'<p><strong>Rates per person in CAD from Toronto to Vancouver (or vice versa):</strong></p>\r\n<ul>\r\n<li>double occupancy: 3,580.00</li>\r\n<li>single occupancy: 7,150.00</li>\r\n<li>triple &amp; quad occupancy: on request</li>\r\n</ul>\r\n<p>* Surcharges apply in Vancouver: 07.06 - 08.07.2026 (FIFA World Cup)</p>\r\n<ul>\r\n<li>Maid of the Mist boat ride (Niagara Falls)</li>\r\n<li>Thousand Islands boat tour (Kingston)</li>\r\n<li>Sulphur Mountain Gondola (Banff)</li>\r\n<li>Glacier tour (Icefields Parkway)</li>\r\n<li>Maligne Lake boat tour (Jasper)</li>\r\n<li>Canoe tour on Clearwater Lake (Wells Gray)</li>\r\n<li>Hop-on hop-off city tour (Vancouver)</li>\r\n<li>Day excursion to Victoria</li>\r\n</ul>\r\n<p><strong>Package includes:</strong></p>\r\n<ul>\r\n<li>19 nights accommodation at the hotels described (or similar, moderate class).</li>\r\n<li>Information package including detailed itinerary and road maps.</li>\r\n<li>Telephone hotline based in Canada.</li>\r\n<li>All applicable taxes.</li>\r\n</ul>\r\n<p><strong>Package excludes:</strong></p>\r\n<ul>\r\n<li>flight from Montr&eacute;al to Calgary, meals, national park fees, rental vehicle.</li>\r\n<li>ferry ride from/to Vancouver Island, entrance fees, tips, baggage handling.</li>\r\n</ul>\r\n<p><strong>Conditions:</strong></p>\r\n<ul>\r\n<li>Detailed road maps and itinerary included in the information package.</li>\r\n<li>Canada-based telephone support available throughout the tour.</li>\r\n</ul>',NULL),
(11,24,0,'Toronto',NULL),
(11,29,0,'images/map/SDCOMB.png',NULL),
(11,30,0,'images/packages/clearwater bc.jpg',NULL),
(11,33,0,'Explore Eastern and Western Canada',NULL),
(12,4,0,'<p>On this great tour of Alaska and the Yukon clients visit many of the scenic highlights of the region and there is plenty of opportunity for a variety of outdoor activities such as hiking in the national parks, wildlife watching, river rafting and gold panning. Clients will stay at moderate-class hotels which offer all of the amenities that are customary in North America.</p>',NULL),
(12,5,0,'<ul>\r\n<li>Explore Denali National Park\'s diverse wildlife and scenic peaks</li>\r\n<li>Travel along the famous \"Top of the World Highway\"</li>\r\n<li>Immerse in Klondike Gold Rush history in Dawson City</li>\r\n<li>Drive through the endless forests and mountains of the Yukon</li>\r\n<li>Spectacular road trip to Skagway and Haines via the Alaska Marine Highway ferry</li>\r\n<li>Visit Kluane National Park, home to the largest non-polar icefields</li>\r\n<li>Opportunity to walk on the Matanuska Glacier</li>\r\n<li>Boat tours and wildlife watching in Kenai Fjords National Park</li>\r\n<li>Discover the coastal charm and Russian heritage of the Kenai Peninsula</li>\r\n</ul>',NULL),
(12,7,0,'SDHIAL',NULL),
(12,9,0,'Self Drive',NULL),
(12,10,0,'<ul>\r\n<li>Day 1: Arrival in Anchorage/Alaska - Arrival at Anchorage Airport and pick up of rental car. Overnight at the Spring Hill Suites Midtown.</li>\r\n<li>Day 2: Anchorage - Wasilla - Talkeetna (182 km) - Depart Anchorage for the historic township of Talkeetna. En route, you may want to visit the musk-ox farm and the Iditarod headquarters. Overnight at the Swiss Alaska Inn.</li>\r\n<li>Day 3: Talkeetna - Denali National Park (246 km) - Continue to Denali National Park. If weather permits, consider a scenic flight to Mt. McKinley (optional). 2 nights at Denali Grizzly Bear Resort.</li>\r\n<li>Day 4: Denali National Park - This day is spent exploring Denali National Park. On a guided day trip (optional), you may see bear, moose, caribou, and dall sheep in their natural habitat.</li>\r\n<li>Day 5: Denali - Fairbanks (194 km) - Drive to Fairbanks, Alaska&rsquo;s second largest city. Two nights are spent at the Bridgewater Hotel.</li>\r\n<li>Day 6: Fairbanks - A day at leisure to explore the city. Recommended visits include the Fairbanks Museum, gold panning at the El Dorado mine, or the hot springs at Chena Hot Springs.</li>\r\n<li>Day 7: Fairbanks - Delta Junction - Tok (331 km) - Continue your journey to the little town of Tok. One night at Young&rsquo;s Motel.</li>\r\n<li>Day 8: Tok - Dawson City/Yukon (306 km) - Travel the famous &lsquo;Top of the World Highway&rsquo; to Dawson City in the Yukon Territory. 2 nights at the Eldorado Hotel.</li>\r\n<li>Day 9: Dawson City - Explore this gold rush town. Stroll through town, visit the museum and the cabin of writer Jack London, and try your hand at gold panning.</li>\r\n<li>Day 10: Dawson City - Whitehorse (542 km) - Scenic drive to Whitehorse, the capital of the Yukon, through endless forests and mountains. 2 nights at the Best Western Gold Rush Inn.</li>\r\n<li>Day 11: Whitehorse - Visit the restored sternwheeler SS Klondike and the Yukon Transportation Museum to learn about northern prospecting history.</li>\r\n<li>Day 12: Whitehorse &ndash; Skagway/Alaska (190 km) - Drive the spectacular road to Skagway, stopping at Emerald Lake and Carcross Desert. Overnight at the Westmark Inn.</li>\r\n<li>Day 13: Skagway &ndash; Haines (AMH) &ndash; Haines Junction/Yukon (246 km) - Board the Alaska Marine Highway ferry for a short cruise to Haines, then travel the spectacular highway to Haines Junction. 2 nights at Raven&rsquo;s Rest Inn.</li>\r\n<li>Day 14: Kluane National Park - Explore Canada&rsquo;s biggest National Park, home to the largest non-polar icefields. Hiking and optional flight excursions over the mountains are available.</li>\r\n<li>Day 15: Haines Junction &ndash; Tok/Alaska (478 km) - Drive back to Tok, Alaska, via the scenic route along Kluane Lake. Overnight at Young&rsquo;s Motel.</li>\r\n<li>Day 16: Tok - Palmer (460 km) - Travel to Palmer. Do not miss Matanuska Glacier, where you can actually walk on a glacier. Overnight at Alaska Glacier Lodge.</li>\r\n<li>Day 17: Palmer - Anchorage - Seward (275 km) - Journey towards Seward. Consider visiting Portage Glacier and the &lsquo;Voices from the Ice&rsquo; film at the Visitor Centre. 2 nights at the Harborview Inn.</li>\r\n<li>Day 18: Seward - Kenai Fjords National Park - Use Seward as a starting point for boat tours to see fascinating fjords, glaciers, and marine wildlife.</li>\r\n<li>Day 19: Seward - Soldotna - Homer (290 km) - Scenic drive to Homer, passing through several old Russian villages along the way. 2 nights at the Best Western Bidarka Inn.</li>\r\n<li>Day 20: Homer - Explore Homer\'s variety of boat trips, including wildlife watching or fishing excursions.</li>\r\n<li>Day 21: Homer - Anchorage (375 km) - Return to Anchorage for your final night. Overnight at Spring Hill Suites Midtown.</li>\r\n<li>Day 22: Return flight - Final morning in Alaska before heading to the airport for your return flight.</li>\r\n</ul>',NULL),
(12,11,0,'Western Canada',NULL),
(12,12,0,'22 days / 21 nights',NULL),
(12,14,0,'Anchorage – Talkeetna – Denali – Fairbanks – Tok – Dawson City – Whitehorse – Skagway – Haines – Haines Junction – Tok – Palmer – Seward – Homer – Anchorage',NULL),
(12,15,0,'Relaxed',NULL),
(12,18,0,'<p>Daily departures available throughout the 2026 season</p>',NULL),
(12,19,0,'<p><strong>Rates per person in USD from/to Anchorage:</strong></p>\r\n<ul>\r\n<li>double occupancy: 3,130.00</li>\r\n<li>single occupancy: 6,220.00</li>\r\n<li>triple &amp; quad occupancy: on request</li>\r\n</ul>\r\n<p>Optional activities:</p>\r\n<ul>\r\n<li>Scenic flight to Mt. McKinley (Talkeetna)</li>\r\n<li>Guided day trip into Denali National Park</li>\r\n<li>Gold panning at El Dorado mine (Fairbanks)</li>\r\n<li>Trip to Chena Hot Springs</li>\r\n<li>Flight excursion over the Kluane Mountains</li>\r\n<li>Boat tours in Kenai Fjords National Park</li>\r\n<li>Fishing trips in Homer</li>\r\n</ul>\r\n<p><strong>Package includes:</strong></p>\r\n<ul>\r\n<li>21 nights accommodation at moderate-class hotels.</li>\r\n<li>Ferry from Skagway to Haines (vehicle up to 17 ft. and booked passengers).</li>\r\n<li>Information package including detailed itinerary and road map.</li>\r\n<li>Telephone hot line based in Canada, all applicable taxes.</li>\r\n</ul>\r\n<p><strong>Package excludes:</strong></p>\r\n<ul>\r\n<li>meals, rental vehicle, optional activities, and tips.</li>\r\n</ul>\r\n<p><strong>Conditions:</strong></p>\r\n<ul>\r\n<li>The itinerary covers approximately 4,400 km in total.</li>\r\n<li>Moderate hotel accommodations offer customary North American amenities.</li>\r\n</ul>',NULL),
(12,24,0,'Anchorage',NULL),
(12,29,0,'images/map/SDHIAL.webp',NULL),
(12,30,0,'images/packages/alaska.jpg',NULL),
(12,33,0,'Moderate Hotel Accommodations',NULL),
(14,4,0,'<p>This tour will take you to all the highlights in Alaska and you will stay at moderate-class hotels. Also, two full-day wildlife tours are already included in your package: a trip to Denali National Park in the interior of Alaska and a boat tour to Kenai Fjords National Park.</p>',NULL),
(14,5,0,'<ul>\r\n<li>Stay at comfortable moderate-class hotels throughout the journey</li>\r\n<li>Included full-day Tundra Wilderness trip in Denali National Park</li>\r\n<li>Included 6-hour boat excursion in Kenai Fjords National Park</li>\r\n<li>Visit Talkeetna, the base for scenic flights to Mt. McKinley</li>\r\n<li>Explore Fairbanks and try gold-panning at the El Dorado Gold Mine</li>\r\n<li>Opportunity to walk on the Matanuska Glacier</li>\r\n<li>Experience the coastal beauty of Homer, the \"Halibut Fishing Capital of the World\"</li>\r\n<li>Visit the \"North Pole\", home of Santa Claus</li>\r\n</ul>',NULL),
(14,7,0,'SDBOAL',NULL),
(14,9,0,'Self Drive',NULL),
(14,10,0,'<ul>\r\n<li>Day 1: Anchorage - After your arrival in Anchorage you pick up your rental car and drive to your hotel, the Spring Hill Suites Midtown.</li>\r\n<li>Day 2: Anchorage - Wasilla - Talkeetna (182 km) - You depart from Anchorage today and drive to the historic township of Talkeetna. En route, you may want to visit the musk-ox farm near Wasilla and the Iditarod headquarters. Overnight at Swiss Alaska Inn.</li>\r\n<li>Day 3: Talkeetna - Denali National Park (246 km) - Talkeetna is the place to take an optional scenic flight to Mt. McKinley. You then continue to Denali National Park for two nights at the Denali Grizzly Bear Resort.</li>\r\n<li>Day 4: Denali National Park - Today you enjoy a scenic day trip into Denali National Park. As you journey deep into the park you may see bear, moose, caribou, Dall sheep and a variety of other wildlife.</li>\r\n<li>Day 5: Denali - Fairbanks (194 km) - Today you take the drive to Fairbanks, which is the second largest city in Alaska. Two nights at Bridgewater Hotel.</li>\r\n<li>Day 6: Fairbanks - The entire day is at leisure to explore the city. We recommend visiting the Fairbanks Museum and gold-panning at the El Dorado Gold Mine! You can also take an optional trip to Chena Hot Springs.</li>\r\n<li>Day 7: Fairbanks - Delta Junction - Tok (331 km) - In the morning you may wish to visit &ldquo;North Pole&rdquo;, home of Santa Claus. You then continue via Delta Junction to the small town of Tok. Overnight at Young&rsquo;s Motel.</li>\r\n<li>Day 8: Tok - Palmer (460 km) - You depart from Tok and continue to Palmer. Do not miss Matanuska Glacier, one of the few places where you can actually walk on a glacier. Overnight at Alaska Glacier Lodge.</li>\r\n<li>Day 9: Palmer - Anchorage - Seward (275 km) - On your way to Seward you may want to visit Portage Glacier. Visit the Visitor Centre and see the award-winning film &ldquo;Voices from the Ice&rdquo;. Two nights in Seward at the Harborview Inn.</li>\r\n<li>Day 10: Seward - Kenai Fjords National Park - Today you take a full-day boat trip that will take you to the fascinating fjords and glaciers in the National Park. Watch for bald eagles, sea lions, sea otters and even whales.</li>\r\n<li>Day 11: Seward - Soldotna - Homer (290 km) - Scenic drive to the little town of Homer. Along the way, there are several old Russian villages that are well worth visiting. Two nights at Best Western Bidarka Inn.</li>\r\n<li>Day 12: Homer - Today you may explore Homer. There is a variety of great boat trips that are offered, or you can go fishing in the &ldquo;Halibut Fishing Capital of the World&rdquo;!</li>\r\n<li>Day 13: Homer - Anchorage (375 km) - Today you return to Anchorage. Your hotel is again the Spring Hill Suites Midtown (2 nights).</li>\r\n<li>Day 14: Anchorage - Today is at leisure to explore the city. You may wish to visit the museum and to go shopping.</li>\r\n<li>Day 15: Return flight - Drive to the international airport. Return your car rental and flight back home.</li>\r\n</ul>',NULL),
(14,11,0,'Western Canada',NULL),
(14,12,0,'16 days / 15 nights',NULL),
(14,13,0,'USD 2,750.00',NULL),
(14,14,0,'Anchorage – Homer – Seward – Valdez – McCarthy – Kennicott – Palmer – Denali National Park – Anchorage',NULL),
(14,15,0,'Relaxed',NULL),
(14,18,0,'<p>Daily Departures 2026</p>',NULL),
(14,19,0,'<p><strong>Rates per person in USD from/to Anchorage:</strong></p>\r\n<ul>\r\n<li>double occupancy: 2,750.00</li>\r\n<li>single occupancy: 5,100.00</li>\r\n</ul>\r\n<p><strong>Package includes:</strong></p>\r\n<ul>\r\n<li>14 nights accommodation at moderate-class hotels.</li>\r\n<li>Full-day excursion in Denali National Park (7&ndash;8 hrs.).</li>\r\n<li>6-hour boat excursion in Kenai Fjords National Park.</li>\r\n<li>Information package including detailed itinerary and road map.</li>\r\n<li>Telephone hot line based in Canada, all applicable taxes.</li>\r\n</ul>\r\n<p><strong>Package excludes:</strong></p>\r\n<ul>\r\n<li>meals, rental car, tips, entrance fees, optional activities, and baggage handling.</li>\r\n</ul>\r\n<p><strong>Optional activities:</strong></p>\r\n<ul>\r\n<li>Scenic flight to Mt. McKinley (Talkeetna)</li>\r\n<li>Trip to Chena Hot Springs (Fairbanks)</li>\r\n<li>Portage Glacier boat excursions</li>\r\n<li>Halibut fishing in Homer</li>\r\n</ul>',NULL),
(14,24,0,'Anchorage',NULL),
(14,30,0,'images/packages/alaska caribo.jpg',NULL),
(14,33,0,'Alaska Hotel Tour',NULL),
(15,4,0,'<p>This tour will take you to all the highlights in Alaska and you will stay at moderate-class hotels. Also, two full-day wildlife tours are already included in your package: a trip to Denali National Park in the interior of Alaska and a boat tour to Kenai Fjords National Park.</p>',NULL),
(15,5,0,'<ul>\r\n<li>Stay at comfortable moderate-class hotels throughout the journey</li>\r\n<li>Included full-day Tundra Wilderness trip in Denali National Park</li>\r\n<li>Included 6-hour boat excursion in Kenai Fjords National Park</li>\r\n<li>Visit Talkeetna, the base for scenic flights to Mt. McKinley</li>\r\n<li>Explore Fairbanks and try gold-panning at the El Dorado Gold Mine</li>\r\n<li>Opportunity to walk on the Matanuska Glacier</li>\r\n<li>Experience the coastal beauty of Homer, the \"Halibut Fishing Capital of the World\"</li>\r\n<li>Visit the \"North Pole\", home of Santa Claus</li>\r\n</ul>',NULL),
(15,7,0,'SDALHO',NULL),
(15,9,0,'Self Drive',NULL),
(15,10,0,'<ul>\r\n<li>Day 1: Anchorage - After your arrival in Anchorage you pick up your rental car and drive to your hotel, the Spring Hill Suites Midtown.</li>\r\n<li>Day 2: Anchorage - Wasilla - Talkeetna (182 km) - You depart from Anchorage today and drive to the historic township of Talkeetna. En route, you may want to visit the musk-ox farm near Wasilla and the Iditarod headquarters. Overnight at Swiss Alaska Inn.</li>\r\n<li>Day 3: Talkeetna - Denali National Park (246 km) - Talkeetna is the place to take an optional scenic flight to Mt. McKinley. You then continue to Denali National Park for two nights at the Denali Grizzly Bear Resort.</li>\r\n<li>Day 4: Denali National Park - Today you enjoy a scenic day trip into Denali National Park. As you journey deep into the park you may see bear, moose, caribou, Dall sheep and a variety of other wildlife.</li>\r\n<li>Day 5: Denali - Fairbanks (194 km) - Today you take the drive to Fairbanks, which is the second largest city in Alaska. Two nights at Bridgewater Hotel.</li>\r\n<li>Day 6: Fairbanks - The entire day is at leisure to explore the city. We recommend visiting the Fairbanks Museum and gold-panning at the El Dorado Gold Mine! You can also take an optional trip to Chena Hot Springs.</li>\r\n<li>Day 7: Fairbanks - Delta Junction - Tok (331 km) - In the morning you may wish to visit &ldquo;North Pole&rdquo;, home of Santa Claus. You then continue via Delta Junction to the small town of Tok. Overnight at Young&rsquo;s Motel.</li>\r\n<li>Day 8: Tok - Palmer (460 km) - You depart from Tok and continue to Palmer. Do not miss Matanuska Glacier, one of the few places where you can actually walk on a glacier. Overnight at Alaska Glacier Lodge.</li>\r\n<li>Day 9: Palmer - Anchorage - Seward (275 km) - On your way to Seward you may want to visit Portage Glacier. Visit the Visitor Centre and see the award-winning film &ldquo;Voices from the Ice&rdquo;. Two nights in Seward at the Harborview Inn.</li>\r\n<li>Day 10: Seward - Kenai Fjords National Park - Today you take a full-day boat trip that will take you to the fascinating fjords and glaciers in the National Park. Watch for bald eagles, sea lions, sea otters and even whales.</li>\r\n<li>Day 11: Seward - Soldotna - Homer (290 km) - Scenic drive to the little town of Homer. Along the way, there are several old Russian villages that are well worth visiting. Two nights at Best Western Bidarka Inn.</li>\r\n<li>Day 12: Homer - Today you may explore Homer. There is a variety of great boat trips that are offered, or you can go fishing in the &ldquo;Halibut Fishing Capital of the World&rdquo;!</li>\r\n<li>Day 13: Homer - Anchorage (375 km) - Today you return to Anchorage. Your hotel is again the Spring Hill Suites Midtown (2 nights).</li>\r\n<li>Day 14: Anchorage - Today is at leisure to explore the city. You may wish to visit the museum and to go shopping.</li>\r\n<li>Day 15: Return flight - Drive to the international airport. Return your car rental and flight back home.</li>\r\n</ul>',NULL),
(15,11,0,'Western Canada',NULL),
(15,12,0,'15 days / 14 nights',NULL),
(15,13,0,'USD 2,750.00',NULL),
(15,14,0,'Anchorage – Talkeetna – Denali National Park – Fairbanks – Tok – Palmer – Seward – Homer – Anchorage',NULL),
(15,15,0,'Relaxed',NULL),
(15,18,0,'<p>Daily Departures 2026</p>',NULL),
(15,19,0,'<p><strong>Rates per person in USD from/to Anchorage:</strong></p>\r\n<ul>\r\n<li>double occupancy: 2,750.00</li>\r\n<li>single occupancy: 5,100.00</li>\r\n</ul>\r\n<p><strong>Package includes:</strong></p>\r\n<ul>\r\n<li>14 nights accommodation at moderate-class hotels.</li>\r\n<li>Full-day excursion in Denali National Park (7&ndash;8 hrs.).</li>\r\n<li>6-hour boat excursion in Kenai Fjords National Park.</li>\r\n<li>Information package including detailed itinerary and road map.</li>\r\n<li>Telephone hot line based in Canada, all applicable taxes.</li>\r\n</ul>\r\n<p><strong>Package excludes:</strong></p>\r\n<ul>\r\n<li>meals, rental car, tips, entrance fees, optional activities, and baggage handling.</li>\r\n</ul>\r\n<p><strong>Optional activities:</strong></p>\r\n<ul>\r\n<li>Scenic flight to Mt. McKinley (Talkeetna)</li>\r\n<li>Trip to Chena Hot Springs (Fairbanks)</li>\r\n<li>Portage Glacier boat excursions</li>\r\n<li>Halibut fishing in Homer</li>\r\n</ul>',NULL),
(15,24,0,'Anchorage',NULL),
(15,29,0,'images/map/SDALHO_2.webp',NULL),
(15,30,0,'images/packages/alaska colors.jpg',NULL),
(15,33,0,' featuring moderate-class hotels',NULL),
(16,4,0,'<p>This tour combines the best of Western Canada with the highlights of Alaska. The first part of the trip includes must-see areas such as the Rocky Mountain National Parks in Alberta, popular Wells Gray Park and the metropolis of Vancouver in British Columbia. The second part features famous Alaskan National Parks, such as Glacier Bay National Park, Kenai Fjords National Park and Denali National Park. The itinerary also includes a cruise with an Alaska Marine Highway ferry from Bellingham to Juneau and a flight (not included) from Juneau to Anchorage, which keeps the total driving distance remarkably low.</p>',NULL),
(16,5,0,'<ul>\r\n<li>Ultimate combination of the Canadian Rockies and Alaskan National Parks</li>\r\n<li>Visit world-famous Lake Louise, Moraine Lake, and the Icefields Parkway</li>\r\n<li>Explore the waterfalls of Wells Gray Park and the Olympic resort of Whistler</li>\r\n<li>Drive the spectacular Sea to Sky Highway to Vancouver</li>\r\n<li>3-night scenic cruise on the Alaska Marine Highway (Bellingham to Juneau)</li>\r\n<li>Excursion to the spectacular glaciers of Glacier Bay National Park</li>\r\n<li>Wildlife and glacier boat tours in Kenai Fjords National Park</li>\r\n<li>Tundra Wilderness exploration in Denali National Park</li>\r\n</ul>',NULL),
(16,7,0,'SDBCAK',NULL),
(16,9,0,'Self Drive',NULL),
(16,10,0,'<ul>\r\n<li>Day 1: Calgary - Canmore (110 km) - Upon arrival at Calgary Airport, pick up your rental car and drive to the Rocky Mountains. Your hotel for the first two nights is at Grande Rockies Resort in Canmore.</li>\r\n<li>Day 2: Banff National Park (~ 100 km) - Spend the day exploring Banff National Park. Visit Lake Louise and Lake Moraine, hike at Johnston Canyon, or take the gondola up to Sulphur Mountain.</li>\r\n<li>Day 3: Banff - Icefields Parkway - Jasper (285 km) - Travel the Icefields Parkway, seeing Peyto Lake, Mistaya Canyon, the Columbia Icefield, and Athabasca Falls. Spend two nights at the Whistler&rsquo;s Inn in Jasper.</li>\r\n<li>Day 4: Jasper National Park (~ 100 km) - Explore Jasper National Park with visits to Maligne Canyon and Maligne Lake. Consider a cruise to Spirit Island or a local hike.</li>\r\n<li>Day 5: Jasper - Mount Robson - Clearwater (395 km) - View Mount Robson, the highest peak in the Canadian Rockies. Consider a hike on the Berg Lake Trail to Kinney Lake. Overnight at the Best Western Gateway to the Falls.</li>\r\n<li>Day 6: Wells Gray Park (~ 60 km) - Visit Wells Gray Park to see spectacular waterfalls and alpine meadows. Optional canoe tours on Clearwater Lake offer great wildlife viewing opportunities.</li>\r\n<li>Day 7: Clearwater &ndash; Kamloops &ndash; Whistler (425 km) - Continue to the Coast Mountains and the resort of Whistler, co-host of the 2010 Olympic Winter Games. Overnight at the Adara Hotel.</li>\r\n<li>Day 8: Whistler - Vancouver (125 km) - Drive the spectacular Sea to Sky Highway to Vancouver. Drop off your rental vehicle and spend two nights at the Sandman Hotel Downtown.</li>\r\n<li>Day 9: Vancouver - Day at leisure to explore Stanley Park, Gastown, Chinatown, and Granville Island. Don&rsquo;t miss the sunset at English Bay.</li>\r\n<li>Day 10 - 12: Coach transfer Vancouver &ndash; Bellingham and AMH Ferry - Transfer to Bellingham to board the Alaska Marine Highway ferry. Enjoy a 3-night cruise through spectacular scenery with chances to spot dolphins, sea otters, and whales. Overnight in an Outboard Cabin.</li>\r\n<li>Day 13: Arrival in Juneau/Alaska - Arrive in Juneau, the capital of Alaska. Spend two nights at the Travelodge by Wyndham.</li>\r\n<li>Day 14: Excursion to Glacier Bay National Park - Highly recommended optional excursion to see the spectacular glaciers of Glacier Bay National Park.</li>\r\n<li>Day 15: Flight Juneau &ndash; Anchorage - Fly from Juneau to Anchorage (flight not included). Pick up your next rental vehicle and drive to the Spring Hill Suites Midtown.</li>\r\n<li>Day 16: Anchorage &ndash; Seward (204 km) - Scenic drive to Seward flanked by rugged mountains and Resurrection Bay. Spend two nights at the Harborview Inn.</li>\r\n<li>Day 17: Seward - Kenai Fjords National Park - Optional full-day boat trip to see glaciers and wildlife including bald eagles, sea lions, and whales.</li>\r\n<li>Day 18: Seward &ndash; Anchorage &ndash; Talkeetna (386 km) - Continue to historic Talkeetna. En route, consider visiting the musk-ox farm in Wasilla or the Iditarod headquarters. Overnight at the Swiss Alaska Inn.</li>\r\n<li>Day 19: Talkeetna &ndash; Denali National Park (246 km) - Optional scenic flight to Mt. McKinley if weather permits. Continue to Denali for a stay at the Denali Grizzly Bear Resort.</li>\r\n<li>Day 20: Denali National Park - Enjoy an optional Tundra Wilderness Tour with views of mountain ranges and glaciers while looking for bears, caribou, wolves, and moose.</li>\r\n<li>Day 21: Denali &ndash; Anchorage (382 km) - Return to Anchorage. Visit the Alaska Native Heritage Centre or the Anchorage Museum. Final night at the Spring Hill Suites Midtown.</li>\r\n<li>Day 22: Return flight - Drive to the airport, return your rental car, and board your flight home.</li>\r\n</ul>',NULL),
(16,11,0,'Western Canada',NULL),
(16,12,0,'22 days / 21 nights',NULL),
(16,13,0,'USD 4,100.00 ',NULL),
(16,14,0,'Calgary – Banff – Icefields Parkway – Jasper – Wells Gray Park – Whistler – Vancouver – Bellingham – Juneau – Glacier Bay – Anchorage – Seward – Kenai Fjords – Talkeetna – Denali National Park – Anchorage',NULL),
(16,15,0,'Relaxed',NULL),
(16,18,0,'<p>Weekly departures in 2026 (Subject to Alaska Marine Highway ferry schedule)</p>',NULL),
(16,19,0,'<p><strong>Rates per person in USD from Calgary to Anchorage (or vice versa):</strong></p>\r\n<ul>\r\n<li>double occupancy: 4,100.00</li>\r\n<li>single occupancy: 7,540.00</li>\r\n<li>triple &amp; quad occupancy: on request</li>\r\n</ul>\r\n<p>* Surcharges apply: Vancouver (07.06 - 08.07.2026 FIFA World Cup) and Calgary (03.07. - 12.07.2026 Stampede).</p>\r\n<p><strong>Package includes:</strong></p>\r\n<ul>\r\n<li>21 nights accommodation at moderate-class hotels (or similar).</li>\r\n<li>Motor-coach transfer from Vancouver to Bellingham.</li>\r\n<li>Alaska Marine Highway ferry (3 nights, outboard cabin with private bath) for booked passengers.</li>\r\n<li>Information package including detailed itinerary and road map.</li>\r\n<li>Telephone hot line based in Canada, all applicable taxes.</li>\r\n</ul>\r\n<p><strong>Package excludes:</strong></p>\r\n<ul>\r\n<li>flight from Juneau to Anchorage, meals, national park fees.</li>\r\n<li>rental vehicle (Calgary&ndash;Vancouver and Anchorage&ndash;Anchorage).</li>\r\n<li>optional activities, tips, and baggage handling.</li>\r\n</ul>',NULL),
(16,24,0,'Calgary',NULL),
(16,30,0,'images/packages/columbia icefields.jpg',NULL),
(16,32,0,' including Glacier Bay National Park',NULL),
(16,33,0,'SDBCAK',NULL),
(17,4,0,'<p>This tour is a hit with all those who need no luxury to experience the great Canadian outdoors except for a clean and cozy bed at night. The accommodations chosen are affordable Hostels, B&amp;Bs and Motels with mostly shared facilities. All have private single and double rooms and most have a kitchen and lounge that are shared by the guests. Alternatively, we now offer this tour also as a hotel version with private baths.</p>',NULL),
(17,5,0,'<ul>\r\n<li>Affordable Hostels, B&amp;Bs and Motels (shared or private bath versions available)</li>\r\n<li>Okanagan Valley vineyards and orchards</li>\r\n<li>Historic town of Nelson with 300+ heritage buildings</li>\r\n<li>Rogers Pass and Glacier National Park hiking</li>\r\n<li>Famous Rockies highlights: Lake Louise, Lake Moraine, and Icefields Parkway</li>\r\n<li>Wildlife viewing and waterfalls in Wells Gray Park</li>\r\n<li>Whistler resort and Garibaldi Provincial Park</li>\r\n<li>Optional Vancouver Island extension including Pacific Rim National Park and Victoria</li>\r\n</ul>',NULL),
(17,7,0,'SDHIHOS',NULL),
(17,9,0,'Self Drive',NULL),
(17,10,0,'<ul>\r\n<li>Day 1: Arrival in Vancouver (15 / 115 km) - Upon arrival at Vancouver Airport transfer on own to your accommodation, either the YWCA Hotel (budget version) or at the Coast Langley Hotel (hotel version).</li>\r\n<li>Day 2: Vancouver / Chilliwack - Penticton (395 / 295 km) - From Vancouver or Chilliwack, drive to the Okanagan Valley, famous for its vineyards and orchards. Overnight at the Sandman Hotel (two nights).</li>\r\n<li>Day 3: Okanagan Valley (approx. 80 - 100 km) - Time to explore the Okanagan Valley, visit wineries, buy fresh fruit, and go for a swim in the lake.</li>\r\n<li>Day 4: Penticton - Nelson (320 km) - Continue to the historic little town of Nelson. Two nights are spent at either the Dancing Bear Inn (budget version) or the Prestige Inn (hotel version).</li>\r\n<li>Day 5: Nelson - Spend the day hiking in Kokanee Glacier Park. Take a stroll around town to admire over 300 beautifully restored heritage buildings.</li>\r\n<li>Day 6: Nelson - Revelstoke - Golden (394 km) - Walk along the Giant Cedars Trail and stop at Rogers Pass on the way to Golden. Two nights at Glacier Mountaineer Lodge.</li>\r\n<li>Day 7: Glacier National Park (approx. 100 km) - Enjoy hiking in Glacier National Park or visit the bear refuge at Kicking Horse Resort.</li>\r\n<li>Day 8: Golden - Lake Louise &ndash; Banff/Canmore (165 km) - Continue to Yoho National Park to hike Emerald Lake and visit Takkakaw Falls. Two nights at Grande Rockies Resort in Canmore.</li>\r\n<li>Day 9: Banff National Park (approx. 100 km) - Explore the oldest Canadian National Park. Visit Lake Louise and Lake Moraine, and ride the gondola to Sulphur Mountain.</li>\r\n<li>Day 10: Canmore - Icefields Parkway - Jasper (310 km) - Travel along the Icefields Parkway, seeing Peyto Lake, the Columbia Icefield, and Athabasca Falls. Two nights in Jasper.</li>\r\n<li>Day 11: Jasper National Park (approx. 80 km) - Explore Jasper National Park with visits to Maligne Canyon and Maligne Lake recommended.</li>\r\n<li>Day 12: Jasper - Mount Robson - Clearwater (340 km) - Stop for vistas of Mount Robson before reaching Clearwater. Two nights at Quality Inn &amp; Suites (budget) or Best Western Gateway to the Falls (hotel).</li>\r\n<li>Day 13: Wells Gray Park (approx. 130 km) - Visit spectacular waterfalls and alpine meadows. A canoe tour on Clearwater Lake is a great way to explore.</li>\r\n<li>Day 14: Clearwater - Kamloops - Whistler (430 km) - Travel along Duffey Lake Road to Whistler. Two nights at the Adara Hotel (budget) or Aava Hotel (hotel).</li>\r\n<li>Day 15: Whistler/Garibaldi Provincial Park - Spend the day in Whistler. Ride the gondola up Whistler Mountain for incredible alpine views and hiking.</li>\r\n<li>Day 16: Whistler - Vancouver (125 km) - Return to Vancouver along the Sea to Sky Highway. Spend two nights at the YWCA Hotel (budget) or Sandman Hotel Downtown (hotel).</li>\r\n<li>Day 17: Vancouver - Explore Stanley Park, historic Gastown, Chinatown, and Granville Island on an optional guided city tour.</li>\r\n<li>Day 18: Return flight - Drive to the airport and fly back home.</li>\r\n</ul>\r\n<p><strong>Optional Vancouver Island Add-on:</strong></p>\r\n<ul>\r\n<li>Day 16: Whistler - ferry - Nanaimo - Tofino (308 km) - Head to the West Coast of Vancouver Island. Two nights at the West Coast Motel in Ucluelet.</li>\r\n<li>Day 17: Pacific Rim National Park (approx. 60 km) - Explore the park and join an optional whale-watching tour to observe gray whales.</li>\r\n<li>Day 18: Tofino - Victoria (321 km) - Visit the Native Heritage Centre in Duncan before reaching British Columbia\'s capital. Two nights at The Vic Hotel.</li>\r\n<li>Day 19: Victoria - Explore the Inner Harbour, Empress Hotel, and Royal BC Museum.</li>\r\n<li>Day 20: Victoria - Vancouver (70 km) - Return to Vancouver for two final nights.</li>\r\n<li>Day 21: Day at leisure in Vancouver.</li>\r\n<li>Day 22: Departure.</li>\r\n</ul>',NULL),
(17,11,0,'Western Canada',NULL),
(17,12,0,'18 days / 17 nights or 22 days / 21 nights',NULL),
(17,13,0,'2,190.00',NULL),
(17,14,0,'Vancouver – Okanagan Valley – Nelson – Golden – Banff/Canmore – Jasper – Clearwater – Whistler – Vancouver (Optional Add-on: Ucluelet – Victoria)',NULL),
(17,15,0,'Relaxed',NULL),
(17,18,0,'<p>Daily departures 2026</p>',NULL),
(17,19,0,'<p>&lt;p&gt;&lt;strong&gt;Rates in CAD per person (Budget Version):&lt;/strong&gt;&lt;/p&gt;<br>&lt;ul&gt;<br>&lt;li&gt;double occupancy: 2,190.00&lt;/li&gt;<br>&lt;li&gt;single occupancy: 4,370.00&lt;/li&gt;<br>&lt;li&gt;With Island Add-on (double): 2,790.00&lt;/li&gt;<br>&lt;/ul&gt;<br>&lt;p&gt;&lt;strong&gt;Rates in CAD per person (Hotel Version):&lt;/strong&gt;&lt;/p&gt;<br>&lt;ul&gt;<br>&lt;li&gt;double occupancy: 2,510.00&lt;/li&gt;<br>&lt;li&gt;single occupancy: 5,010.00&lt;/li&gt;<br>&lt;li&gt;With Island Add-on (double): 3,170.00&lt;/li&gt;<br>&lt;/ul&gt;<br>&lt;p&gt;* Surcharges apply in Vancouver: 07.06 - 08.07.2026 (FIFA World Cup).&lt;/p&gt;</p>\r\n<p>&lt;p&gt;&lt;strong&gt;Package includes:&lt;/strong&gt;&lt;/p&gt;<br>&lt;ul&gt;<br>&lt;li&gt;17 or 21 nights accommodation (Hostels/B&amp;Bs/Motels for budget; Hotels for hotel version).&lt;/li&gt;<br>&lt;li&gt;Information package including detailed itinerary and road map.&lt;/li&gt;<br>&lt;li&gt;Telephone hot line based in Canada, all applicable taxes.&lt;/li&gt;<br>&lt;/ul&gt;</p>\r\n<p>&lt;p&gt;&lt;strong&gt;Package excludes:&lt;/strong&gt;&lt;/p&gt;<br>&lt;ul&gt;<br>&lt;li&gt;meals, national park fees, rental vehicle, optional activities, and tips.&lt;/li&gt;<br>&lt;/ul&gt;</p>\r\n<p>&lt;p&gt;&lt;strong&gt;Conditions:&lt;/strong&gt;&lt;/p&gt;<br>&lt;ul&gt;<br>&lt;li&gt;Ferries between Vancouver and Vancouver Island are available on request.&lt;/li&gt;<br>&lt;li&gt;Budget version typically involves shared shower facilities at hostels/B&amp;Bs.&lt;/li&gt;<br>&lt;/ul&gt;</p>\r\n<p>&nbsp;<br>&nbsp;</p>',NULL),
(17,24,0,'Vancouver',NULL),
(17,30,0,'images/packages/uclulet.jpg',NULL),
(17,33,0,'18 days for less than CAD 2,190.00 double occupancy',NULL),
(18,4,0,'<p>This programme focuses on Western Canada&rsquo;s nature and abundant wildlife. On two whale-watching tours clients observe giant grey whales on the west coast of Vancouver Island as well as the fascinating orcas in the waters around southern Vancouver Island. In Clayoquot Sound near Tofino, black bear watching is on the agenda, and at Knight Inlet Lodge, grizzly bear watching is the main activity. Clients will be impressed by the rough beauty of the West Coast and the picturesque islands and fjords of the Sunshine Coast. British Columbia&rsquo;s capital Victoria and the cosmopolitan city of Vancouver round off the trip beautifully.</p>',NULL),
(18,5,0,'<ul>\r\n<li>Observe giant grey whales and fascinating orcas on two included whale-watching tours</li>\r\n<li>Zodiac bear-watching adventure in Clayoquot Sound to see black bears</li>\r\n<li>Grizzly bear watching at the world-renowned Knight Inlet Lodge in Glendale Cove</li>\r\n<li>Experience a spectacular floatplane transfer to your floating wilderness lodge</li>\r\n<li>Explore the rugged beauty of Pacific Rim National Park</li>\r\n<li>Discover the Sunshine Coast, including Jervis Inlet and Skookumchuck Rapids</li>\r\n<li>Visit Victoria, BC\'s historic capital, and explore the cosmopolitan city of Vancouver</li>\r\n<li>Included guided city tour of Vancouver highlights</li>\r\n</ul>',NULL),
(18,7,0,'SDWLADV',NULL),
(18,9,0,'Self Drive',NULL),
(18,10,0,'<ul>\r\n<li>Day 1: Arrival in Vancouver (20 km) - Upon arrival at the airport, you pick up your rental car and drive to your first hotel, the Sutton Place Hotel in Downtown Vancouver.</li>\r\n<li>Day 2: Vancouver &ndash; Victoria (~ 70 km + ferry) - Drive to Tsawwassen to take the ferry to Vancouver Island. Upon arrival, continue to Victoria, British Columbia&rsquo;s beautiful capital. Two nights at the Chateau Victoria Hotel.</li>\r\n<li>Day 3: Victoria - Explore Victoria&rsquo;s main sights including the Inner Harbour and the Empress Hotel. An included whale-watching tour offers the chance to observe resident orcas, marine birds, seals, and sea lions.</li>\r\n<li>Day 4: Victoria &ndash; Port Alberni &ndash; Tofino (315 km) - Stop for a stroll in Cathedral Cove Park to see 800-year-old Douglas firs. Overnight at the Middle Beach Lodge Resort on Mackenzie Beach for three nights.</li>\r\n<li>Day 5 and 6: Pacific Rim National Park (~ 100 km) - Explore the beaches and rainforests of the park. Participate in a whale-watching tour for giant grey whales and a zodiac bear-watching adventure to see black bears in Clayoquot Sound.</li>\r\n<li>Day 7: Tofino &ndash; Parksville &ndash; Campbell River (~ 270 km) - Travel back to the east coast of the island. Consider visiting the Alberni Valley Museum in Port Alberni. Overnight at the Comfort Inn in Campbell River.</li>\r\n<li>Day 8 and 9: Knight Inlet Lodge - Experience a floatplane transfer to Knight Inlet Lodge! Tucked into Glendale Cove, this floating lodge offers daily grizzly bear watching from boats and viewing platforms. 2 nights (Standard Room).</li>\r\n<li>Day 10: Knight Inlet Lodge &ndash; Campbell River &ndash; Egmont (~ 100 km + 2 ferries) - Return to Campbell River via floatplane, then travel south to Comox for a ferry to Powell River. Cross the spectacular Jervis Inlet to Egmont. Three nights at West Coast Wilderness Lodge.</li>\r\n<li>Day 11 and 12: West Coast Wilderness Lodge - Explore the Sunshine Coast, renowned for Princess Louisa Inlet and the Skookumchuck Rapids. Visit the historic coastal village of Egmont.</li>\r\n<li>Day 13: Egmont &ndash; Sechelt &ndash; Vancouver (106 km + ferry) - Drive south along the Sunshine Coast to Langdale for the ferry to Horseshoe Bay. Return to Vancouver for two nights at the Sutton Place Hotel.</li>\r\n<li>Day 14: Vancouver - Explore Vancouver&rsquo;s highlights on a guided city tour including Stanley Park, Gastown, Chinatown, and Granville Island. Don&rsquo;t miss the sunset at English Bay.</li>\r\n<li>Day 15: Return flight (~ 20 km to the airport) - Drive to the airport, return your car rental, and board your flight back home.</li>\r\n</ul>',NULL),
(18,11,0,'Western Canada',NULL),
(18,12,0,'15 days / 14 nights',NULL),
(18,13,0,'8,120.00 ',NULL),
(18,14,0,'Vancouver – Victoria – Tofino – Campbell River – Knight Inlet Lodge – Sunshine Coast – Egmont – Vancouver',NULL),
(18,15,0,'Relaxed',NULL),
(18,18,0,'<p>Daily departures from May 14th &amp;ndash; October 7th 2026</p>',NULL),
(18,19,0,'<p><strong>Rates per person in CAD from/to Vancouver:</strong></p>\r\n<ul>\r\n<li><strong>Low Season (June 24 &ndash; Aug 23):</strong> Double 8,120.00 / Single 12,780.00</li>\r\n<li><strong>High Season (May 14 &ndash; June 22 &amp; Aug 24 &ndash; Oct 07):</strong> Double 8,450.00 / Single 13,290.00</li>\r\n<li><strong>Upgrade Option (Pan Pacific Hotel 2 nights):</strong> Double 320.00 / Single 640.00</li>\r\n</ul>\r\n<p>* Surcharges apply in Vancouver: 07.06 - 08.07.2026 (FIFA World Cup).</p>\r\n<p><strong>Package includes:</strong></p>\r\n<ul>\r\n<li>14 nights accommodation at the hotels and lodges described (or similar).</li>\r\n<li>Breakfast in Campbell River and all meals while at Knight Inlet Lodge.</li>\r\n<li>All ferries required (Vancouver, Vancouver Island, and Sunshine Coast) with open vouchers.</li>\r\n<li>Whale watching in Victoria and Tofino; Bear watching in Tofino.</li>\r\n<li>Knight Inlet Lodge Package (3 nights/2 nights lodge stay + floatplane).</li>\r\n<li>Guided city tour in Vancouver.</li>\r\n<li>Information package, telephone hotline based in Canada, and all applicable taxes.</li>\r\n</ul>',NULL),
(18,24,0,'Vancouver',NULL),
(18,30,0,'images/packages/grizzly in meadow.jpg',NULL),
(18,33,0,'see the Grizzlies in the Great Bear Rainforest and the Orcas on Vancouver Island',NULL),
(19,4,0,'<p>The itinerary of this tour will appeal to travellers that are looking for something unique and different. The East Coast of Vancouver Island and the Sunshine Coast are well-known for picturesque little seaside towns, long, sandy beaches and sunny summer weather. A trip to the West Coast with its rainforests and gray whales makes the tour complete. Many activities, such as bear and whale watching, fishing, kayaking and sailing, are just a few steps away from your accommodation. Due to the mild climate of the area, this tour is also perfect for early and late season travel.</p>',NULL),
(19,5,0,'<ul>\r\n<li>Stay in superior-class lodges and resorts throughout British Columbia\'s coast</li>\r\n<li>Explore the idyllic Sunshine Coast and the remote Skookumchuck Narrows</li>\r\n<li>Discover the \"tropical-like\" Savary Island with its pristine white sandy beaches</li>\r\n<li>Experience the unique island charm of Quadra Island and Rebecca Spit</li>\r\n<li>Walk among 800-year-old Douglas Firs in Cathedral Cove Park</li>\r\n<li>Enjoy oceanfront relaxation at Middle Beach Lodge in Tofino</li>\r\n<li>Explore the wild beauty and gray whales of Pacific Rim National Park</li>\r\n<li>Visit Parksville, a mecca for water-sport enthusiasts and sandy beaches</li>\r\n<li>Stay at the beautiful Inn at Laurel Point in Victoria&rsquo;s Inner Harbour</li>\r\n</ul>',NULL),
(19,7,0,'SDVISC',NULL),
(19,9,0,'Self Drive',NULL),
(19,10,0,'<ul>\r\n<li>Day 1: Arrival in Vancouver (20 km) - Upon arrival at Vancouver airport pick up of rental car and drive to downtown hotel. Two nights at the Sutton Place Hotel.</li>\r\n<li>Day 2: Vancouver - One of the most beautiful cities in the world. Consider an optional hop-on hop-off city tour to visit Stanley Park, historic Gastown, Chinatown, and Granville Island.</li>\r\n<li>Day 3: Vancouver &ndash; Sechelt &ndash; Egmont (~125 km + ferry) - Head to the idyllic Sunshine Coast. Take the ferry from North Vancouver to Langdale and continue along the coastline to Egmont. Spend two nights at West Coast Wilderness Lodge.</li>\r\n<li>Day 4: West Coast Wilderness Lodge - Spend the day exploring the area around Egmont. Optional activities include a boat tour to remote Princess Louisa Inlet or visiting the rapids in Skookumchuck Narrows Provincial Park.</li>\r\n<li>Day 5: Egmont &ndash; Powell River &ndash; Lund (~65 km + ferry) - Take the ferry from Earls Cove to Saltery Bay. Stop in Powell River for a walk at Willingdon Beach before continuing to the pretty town of Lund. Two nights at Desolation Sound Resort.</li>\r\n<li>Day 6: Lund - Day at leisure to explore Lund. Consider a boat trip to Savary Island, known for its \"tropical-like\" white sandy beaches and unusually warm water.</li>\r\n<li>Day 7: Lund &ndash; Powell River &ndash; Comox &ndash; Quadra Isl. (86 km + ferries) - Drive back to Powell River to take the ferry to Vancouver Island. Continue to Campbell River and take a short ferry to Quadra Island. Two nights at High Point Resort.</li>\r\n<li>Day 8: Quadra Island (approx. 50 km) - Enjoy a walk along the beach in Rebecca Spit Provincial Park. This is a perfect spot for a swim and a picnic on sunny days.</li>\r\n<li>Day 9: Campbell River - Port Alberni - Tofino (280 km) - Travel toward the West Coast. Stop for a short hike in Cathedral Cove Park to see 800-year-old Douglas Firs. Spend two nights at Middle Beach Lodge, a beautiful oceanfront property near Tofino.</li>\r\n<li>Day 10: Pacific Rim National Park (approx. 70 km) - Spend the day exploring the beautiful beaches and fascinating rain forests of the park. Half-day whale-watching tours to observe gray whales are highly recommended.</li>\r\n<li>Day 11: Tofino &ndash; Port Alberni &ndash; Parksville (173 km) - Return to the east coast of Vancouver Island, an area known for long sandy beaches and warm weather. Two nights at the comfortable Tigh-Na-Mara Resort.</li>\r\n<li>Day 12: Parksville - A day at leisure in a mecca for water-sport enthusiasts. Popular activities include kayaking, sailing, and salmon fishing.</li>\r\n<li>Day 13: Parksville &ndash; Nanaimo &ndash; Victoria (148 km) - Continue south to Victoria, British Columbia\'s capital. Two nights at the beautiful Inn at Laurel Point.</li>\r\n<li>Day 14: Victoria - Explore the Inner Harbour, the Empress Hotel, Thunderbird Park, and the Royal BC Museum. An optional whale-watching tour to see killer whales (orcas) is recommended.</li>\r\n<li>Day 15: Victoria &ndash; Tsawwassen (40 km + ferry) - Take the ferry back to the mainland. Spend your final night at the Coast Tsawwassen Inn.</li>\r\n<li>Day 16: Drive to the airport and flight back home.</li>\r\n</ul>',NULL),
(19,11,0,'Western Canada',NULL),
(19,12,0,'16 days / 15 nights',NULL),
(19,13,0,'3,540.00 ',NULL),
(19,14,0,'Vancouver – Sunshine Coast (Egmont) – Lund – Savary Island – Quadra Island – Tofino – Pacific Rim National Park – Parksville – Victoria – Vancouver',NULL),
(19,15,0,'Relaxed',NULL),
(19,18,0,'<p>Daily departures 2026</p>',NULL),
(19,19,0,'<p><strong>Rates per person from/to Vancouver in CAD:</strong></p>\r\n<ul>\r\n<li>double occupancy: 3,540.00</li>\r\n<li>single occupancy: 6,660.00</li>\r\n<li>triple &amp; quad occupancy: on request</li>\r\n</ul>\r\n<p>* Surcharges apply in Vancouver: 07.06 - 08.07.2026 (FIFA World Cup).</p>\r\n<p><strong>Package includes:</strong></p>\r\n<ul>\r\n<li>15 nights accommodation at superior-class lodges and resorts (or similar).</li>\r\n<li>Information package including detailed itinerary and road map.</li>\r\n<li>Telephone hot line based in Canada, all applicable taxes.</li>\r\n</ul>\r\n<p><strong>Package excludes:</strong></p>\r\n<ul>\r\n<li>meals, national park fees, rental vehicle.</li>\r\n<li>ferries between Vancouver, Sunshine Coast, and Vancouver Island.</li>\r\n<li>optional activities, tips, and baggage handling.</li>\r\n</ul>\r\n<p><strong>Optional activities:</strong></p>\r\n<ul>\r\n<li>Hop-on hop-off city tour (Vancouver)</li>\r\n<li>Princess Louisa Inlet boat tour (Egmont)</li>\r\n<li>Savary Island beach excursion (Lund)</li>\r\n<li>Gray whale watching tour (Tofino)</li>\r\n<li>Killer whale (Orca) watching tour (Victoria)</li>\r\n<li>Grizzly bear viewing at Toba Inlet (Lund)</li>\r\n</ul>',NULL),
(19,24,0,'Vancouver',NULL),
(19,30,0,'images/packages/granville island.jpg',NULL),
(19,33,0,' featuring superior-class lodges and resorts',NULL),
(20,4,0,'<p>The route and accommodations of this tour will appeal to any Canada enthusiast. The itinerary starts in the modern city of Calgary, then continues to the majestic Rocky Mountains and the legendary Cariboos and on to the idyllic Sunshine Coast. Two nights in the cosmopolitan city of Vancouver complete this trip. The accommodations included are typically Canadian log cabins which are comfortable, cozy and practical featuring a living room, bedroom and full kitchen. Three nights will be spent at most locations to make sure there is plenty of time to explore and participate in activities such as hiking, horseback riding, canoeing and kayaking.</p>',NULL),
(20,5,0,'<ul>\r\n<li>Stay in authentic, cozy Canadian log cabins with full kitchen and living areas</li>\r\n<li>Explore the majestic Rocky Mountains with a three-night stay in Banff</li>\r\n<li>Visit Yoho National Park (Emerald Lake) and Glacier National Park (Rogers Pass)</li>\r\n<li>Immerse yourself in the legendary Cariboo region at a guest ranch near Bridge Lake</li>\r\n<li>Visit the world-renowned resort town of Whistler and experience the Peak2Peak Gondola</li>\r\n<li>Discover the idyllic Sunshine Coast with a three-night stay overlooking Desolation Sound</li>\r\n<li>Optional water taxi to Savary Island for white sandy beaches and turquoise water</li>\r\n<li>Ample time for activities: hiking, horseback riding, canoeing, and kayaking</li>\r\n</ul>',NULL),
(20,7,0,'SDLOG',NULL),
(20,9,0,'Self Drive',NULL),
(20,10,0,'<ul>\r\n<li>Day 1: Arrival in Calgary (20 km) - Welcome to Alberta! Arrival at Calgary Airport, pick up of rental vehicle and drive to the hotel. Overnight is at the Sandman Signature Hotel in Downtown Calgary.</li>\r\n<li>Day 2: Calgary &ndash; Banff (126 km) - Explore Calgary\'s highlights like the Calgary Tower and Chinatown before following the Trans-Canada Highway to the Rocky Mountains. Three nights are spent at the Banff Rocky Mountain Resort.</li>\r\n<li>Day 3 and 4: Banff National Park (~ 100 km) - Two full days to explore Lake Louise, Chateau Lake Louise, Lake Moraine, and Johnston Canyon. Consider taking the gondola up to Sulphur Mountain.</li>\r\n<li>Day 5: Banff &ndash; Golden &ndash; Revelstoke (283 km) - Travel through Yoho National Park (Emerald Lake, Natural Bridge) and Glacier National Park (Rogers Pass). Check in at Glacier House Resort for three nights.</li>\r\n<li>Day 6 and 7: Mount Revelstoke National Park (~ 50 km) - Visit the park for amazing views and alpine meadows. Explore the town of Revelstoke and its railway museum.</li>\r\n<li>Day 8: Revelstoke &ndash; Kamloops &ndash; Bridge Lake (355 km) - Continue along the Trans-Canada Highway into the legendary Cariboos. Three nights are spent at Montana Hill Guest Ranch.</li>\r\n<li>Day 9 and 10: Montana Hill Guest Ranch - Enjoy days at leisure on the ranch. Activities include hiking, mountain biking, archery, and horseback riding.</li>\r\n<li>Day 11: Bridge Lake &ndash; Lillooet &ndash; Whistler (345 km) - Drive the original Cariboo Wagon Road, perhaps stopping at Hat Creek Ranch. Spend two nights at Riverside Resort Cabins in Whistler.</li>\r\n<li>Day 12: Whistler and area - Enjoy the Peak2Peak Adventure gondola and alpine hiking. Visit the Squamish Lil&rsquo;wat Cultural Centre to learn about First Nations history.</li>\r\n<li>Day 13: Whistler &ndash; Horseshoe Bay &ndash; Lund / Sunshine Coast (285 km) - Take the ferry to the Sunshine Coast and drive to the idyllic town of Lund. Three nights at Desolation Sound Resort in wonderful chalets.</li>\r\n<li>Day 14 and 15: Desolation Sound Resort - Explore the Sunshine Coast. Consider a water taxi to Savary Island for swimming and sunbathing on white sandy beaches. The marine park offers unlimited kayaking and fishing.</li>\r\n<li>Day 16: Lund &ndash; Vancouver (161 km) - Return to Horseshoe Bay along the Sunshine Coast. Two nights at the Blue Horizon Hotel in cosmopolitan Vancouver.</li>\r\n<li>Day 17: Vancouver - Explore Vancouver on an optional hop-on hop-off city tour, visiting Stanley Park, historic Gastown, Chinatown, and Granville Island.</li>\r\n<li>Day 18: Departure - End of your 18-day log cabin adventure. Total mileage: approx. 1,800 km.</li>\r\n</ul>',NULL),
(20,11,0,'Western Canada',NULL),
(20,12,0,'18 days / 17 nights',NULL),
(20,13,0,'3,940.00 ',NULL),
(20,14,0,'Calgary – Banff – Revelstoke – Bridge Lake (Cariboos) – Whistler – Sunshine Coast (Lund) – Vancouver',NULL),
(20,15,0,'Relaxed',NULL),
(20,18,0,'<p>Daily departures 2026</p>',NULL),
(20,19,0,'<p><strong>Rates per person in CAD from Calgary to Vancouver (or vice versa):</strong></p>\r\n<ul>\r\n<li>double occupancy: 3,940.00</li>\r\n<li>single occupancy: 7,880.00</li>\r\n<li>triple &amp; quad occupancy: on request</li>\r\n</ul>\r\n<p><strong>Banff: Surcharge for Castle Mountain Chalets (optional upgrade):</strong></p>\r\n<ul>\r\n<li>double occupancy: 530.00</li>\r\n<li>single occupancy: 1,060.00</li>\r\n</ul>\r\n<p><strong>Package includes:</strong></p>\r\n<ul>\r\n<li>17 nights at the accommodations described (moderate-class hotels in Calgary and Vancouver; log cabins at all other locations).</li>\r\n<li>Information package including detailed itinerary and road map.</li>\r\n<li>Telephone hotline based in Canada, all applicable taxes.</li>\r\n</ul>\r\n<p><strong>Package excludes:</strong></p>\r\n<ul>\r\n<li>meals, national park fees, rental vehicle.</li>\r\n<li>ferries between Vancouver and Sunshine Coast.</li>\r\n<li>optional activities, tips, and baggage handling.</li>\r\n</ul>\r\n<p><strong>Conditions:</strong></p>\r\n<ul>\r\n<li>Surcharges apply: Vancouver (07.06. - 08.07.2026 FIFA World Cup) and Calgary (03.07. - 12.07.2026 Stampede).</li>\r\n<li>Ferries between Vancouver and the Sunshine Coast rates are available on request.</li>\r\n</ul>',NULL),
(20,24,0,'Calgary',NULL),
(20,30,0,'images/packages/mountain bike.jpg',NULL),
(20,33,0,'Explore the coast and mountains of Western Canada while staying at cozy log cabins',NULL),
(21,4,0,'<p>On this tour travellers experience the natural sights of Western Canada, such as the Rocky Mountain National Parks, Wells Gray Provincial Park, the Coast Mountains and Pacific Rim National Park on Vancouver Island, not so much from the window of their car but up-close by hiking some of the most rewarding trails. The outings recommended are easy to moderate hikes that will be enjoyed by everybody who has a love for the outdoors and enjoys hiking. With this particular tour, the CSM information package also includes detailed hiking trail descriptions and maps, so guests are well-prepared for each day&rsquo;s adventure.</p>',NULL),
(21,5,0,'<ul>\r\n<li>Experience Western Canada up-close with a focus on the most rewarding hiking trails</li>\r\n<li>Includes detailed hiking trail descriptions and maps for each recommended outing</li>\r\n<li>Hike the spectacular Plain of Six Glaciers Trail at Lake Louise</li>\r\n<li>Explore the alpine meadows and Angel Glacier views at Mt. Edith Cavell</li>\r\n<li>Visit Mount Robson, the monarch of the Canadian Rockies, and the Berg Lake Trail</li>\r\n<li>Discover the \"Waterfall Park\" of Wells Gray through its scenic rim trails</li>\r\n<li>Experience world-class alpine hiking in Whistler and Garibaldi Provincial Park</li>\r\n<li>Explore the temperate rainforests and coastal trails of Pacific Rim National Park</li>\r\n<li>Available in both Hotel/Lodge and Bed &amp; Breakfast versions</li>\r\n</ul>',NULL),
(21,7,0,'SDHIKE',NULL),
(21,9,0,'Self Drive',NULL),
(21,10,0,'<ul>\r\n<li>Day 1: Arrival in Calgary (10 km) - Welcome to Alberta! Arrival at airport, pick up of rental vehicle and drive to your accommodation. Overnight at the Sandman Airport Hotel (Hotel / Lodge and B&amp;B version).</li>\r\n<li>Day 2: Calgary &ndash; Canmore (110 km) - In the morning, there is time for a city walk to see the Calgary Tower and Chinatown. Later, head to the Rocky Mountains for a three-night stay at the Grande Rockies Resort in Canmore.</li>\r\n<li>Day 3: Banff/Lake Louise (~140 km) / Plain of Six Glaciers Trail - We recommend the spectacular Plain of Six Glaciers Trail (5.3 km one way). Later, you might want to visit nearby Lake Moraine before returning to Canmore.</li>\r\n<li>Day 4: Yoho National Park (~180 km) / Emerald Lake and Takakkaw Falls - Hike the nature trail around Emerald Lake (5.2 km circuit) and visit Takakkaw Falls. Optional further hikes to Laughing Falls or Twin Falls are available.</li>\r\n<li>Day 5: Canmore &ndash; Icefields Parkway &ndash; Jasper (285 km) - Travel the most scenic road in the Rockies. Highlights include Peyto Lake and Columbia Icefield. Hike Parker Ridge Trail (5.2 km return) for views of the Saskatchewan Glacier. Three nights in Jasper.</li>\r\n<li>Day 6: Maligne Lake (~95 km) - Visit Maligne Canyon and Maligne Lake. We recommend hiking the Opal Hills Loop (8.2 km return) for stunning views of the Maligne Valley and wildflowers.</li>\r\n<li>Day 7: Mt. Edith Cavell (~50 km) - A hike along the Cavell Meadows Trail (6 &ndash; 7 km return) is recommended, offering beautiful views of Angel Glacier.</li>\r\n<li>Day 8: Jasper &ndash; Valemount (~120 km) - Spend the morning in Jasper hiking the Valley of the Five Lakes (4.2 km return). Two nights in Valemount at the Comfort Inn &amp; Suites or Rose Cottage B&amp;B.</li>\r\n<li>Day 9: Mount Robson / Berg Lake Trail (~80 km) - Valemount is the gateway to Mount Robson. Hike as far as Kinney Lake (7 km one way) or White Falls in the Valley of a Thousand Falls.</li>\r\n<li>Day 10: Valemount &ndash; Clearwater (245 km) - Continue to the gateway of Wells Gray Provincial Park. Stop at Spahats Falls before heading to your lodge or hotel. Two nights in Clearwater.</li>\r\n<li>Day 11: Wells Gray Park (~60 km) - Explore the park&rsquo;s highlights including the Ray Farm Trail and the South Rim Trail leading to the rim of the famous Helmcken Falls.</li>\r\n<li>Day 12: Clearwater &ndash; Kamloops &ndash; Whistler (425 km) - Travel to the Coast Mountains and the Olympic resort of Whistler. Two nights at the Adara Hotel.</li>\r\n<li>Day 13: Whistler/Garibaldi Provincial Park - Access high alpine hiking via the summer chairlift. The hike to Singing Pass via the Musical Bumps offers great views of Black Tusk and Cheakamus Glacier.</li>\r\n<li>Day 14: Whistler &ndash; Nanaimo &ndash; Tofino (308 km) - Drive to the coast and take the ferry to Vancouver Island. Stop at Cathedral Cove Park to see 800-year-old Douglas Firs. Three nights at Middle Beach Lodge in Tofino.</li>\r\n<li>Day 15 and 16: Pacific Rim National Park (~70 km) - Two days at leisure to explore the beaches and rainforests. Recommended trails include South Beach, Wickaninnish, and the Rain Forest Trail. Optional whale-watching is available.</li>\r\n<li>Day 17: Tofino &ndash; Nanaimo &ndash; Vancouver (230 km) - Return to the east coast of the island and board the ferry to Vancouver. Two nights at the Auberge Hotel or Econolodge Inn &amp; Suites.</li>\r\n<li>Day 18: Vancouver - Explore Vancouver&rsquo;s attractions like Stanley Park, Gastown, and Granville Island on an optional hop-on hop-off city tour.</li>\r\n<li>Day 19: Departure - Return your rental car and depart from Vancouver. Total mileage: approx. 2,400 km.</li>\r\n</ul>',NULL),
(21,11,0,'Western Canada',NULL),
(21,12,0,'19 days / 18 nights',NULL),
(21,13,0,'3,110.00',NULL),
(21,14,0,'Calgary – Canmore – Banff/Lake Louise – Yoho – Icefields Parkway – Jasper – Valemount – Mount Robson – Clearwater – Whistler – Tofino – Vancouver',NULL),
(21,15,0,'Relaxed',NULL),
(21,18,0,'<p>Daily departures 2026</p>',NULL),
(21,19,0,'<p><strong>Rates per person from Calgary to Vancouver (or vice versa):</strong></p>\r\n<ul>\r\n<li><strong>Hotel &amp; Lodge version:</strong> Double occupancy: 3,110.00 / Single occupancy: 6,190.00</li>\r\n<li><strong>Bed &amp; Breakfast version:</strong> Double occupancy: 2,820.00 / Single occupancy: 5,620.00</li>\r\n</ul>\r\n<p>* Note: B&amp;B version single occupancy requires a bed-share in some instances. Surcharges apply for Vancouver (FIFA World Cup) and Calgary (Stampede) dates.</p>\r\n<p><strong>Package includes:</strong></p>\r\n<ul>\r\n<li>18 nights accommodation at hotels/lodges (moderate class) with 5 breakfasts OR at B&amp;Bs with 10 breakfasts.</li>\r\n<li>Information package including detailed itinerary and road map.</li>\r\n<li>Detailed hiking trail descriptions and maps.</li>\r\n<li>Telephone hotline based in Canada, all applicable taxes.</li>\r\n</ul>\r\n<p><strong>Package excludes:</strong></p>\r\n<ul>\r\n<li>meals (except those mentioned), national park fees, rental vehicle.</li>\r\n<li>ferries between Vancouver and Vancouver Island.</li>\r\n<li>optional activities, tips, and baggage handling.</li>\r\n</ul>\r\n<p><strong>Conditions:</strong></p>\r\n<ul>\r\n<li>Surcharges: Vancouver 07.06 - 08.07.2026; Calgary 03.07 - 12.07.2026.</li>\r\n<li>Ferries between Vancouver and Vancouver Island: Rates on request.</li>\r\n</ul>',NULL),
(21,24,0,'Calgary',NULL),
(21,30,0,'images/packages/yoho emerald lake.jpg',NULL),
(21,33,0,'Hiking the most rewarding trails in the Rockies and on Vancouver Island',NULL),
(22,4,0,'<p>With this particular tour as well, the CSM information package includes detailed hiking trail descriptions and maps, so guests are well-prepared for each day&rsquo;s adventure. The outings recommended are easy to moderate hikes that will be enjoyed by everybody who has a love for the outdoors and enjoys hiking. The route focuses on the Rocky Mountain National Parks as well as Glacier and Mount Revelstoke National Parks and Wells Gray Provincial Park. Driving distances are kept at a minimum so there is lots of time for hiking the most rewarding trails.</p>',NULL),
(22,5,0,'<ul>\r\n<li>Includes a specialized CSM information package with detailed hiking maps and trail descriptions</li>\r\n<li>Hike the legendary Crypt Lake Trail in Waterton Lakes National Park</li>\r\n<li>Drive the world-famous Going-to-the-Sun Road in Glacier National Park (USA)</li>\r\n<li>Explore the restored gold-rush ghost town of Fort Steele</li>\r\n<li>Discover the high alpine beauty of Balu Pass at Rogers Pass</li>\r\n<li>Hike to the pristine Eva Lake in Mount Revelstoke National Park</li>\r\n<li>Visit Mount Robson, the monarch of the Canadian Rockies</li>\r\n<li>Experience the Tundra and alpine wildflower displays at Maligne Lake and Cavell Meadows</li>\r\n<li>Walk the spectacular Plain of Six Glaciers Trail at Lake Louise</li>\r\n</ul>',NULL),
(22,7,0,'SDROCK',NULL),
(22,9,0,'Self Drive',NULL),
(22,10,0,'<ul>\r\n<li>Day 1: Arrival in Calgary (20 km) - Welcome to Alberta! Arrival at Airport, pick up of rental vehicle and drive to your accommodation. Overnight is at the Sandman Hotel Airport.</li>\r\n<li>Day 2: Calgary &ndash; Waterton Park (270 km) - After a city walk in Calgary to see highlights like the Calgary Tower and Chinatown, drive south to Waterton National Park. Two nights at the Bayshore Inn.</li>\r\n<li>Day 3: Waterton Park (approx. 50 km) &ndash; Crypt Lake Trail - Experience one of the most stunning hikes in the Rockies (17.4 km; 690 m elevation gain). Includes a boat trip to the trailhead, waterfalls, and a mountain tunnel.</li>\r\n<li>Day 4: Going-to-the-Sun Road &ndash; Fernie (370 km) - Drive the famous Going-to-the-Sun Road through Glacier National Park (USA) before crossing back into Canada. Two nights at the Best Western Fernie Mountain Lodge.</li>\r\n<li>Day 5: Fernie and area - Explore the town or take a river-rafting tour. For hikers, the Fernie Ridge Walk is recommended for amazing views of the Rocky Mountain Trench.</li>\r\n<li>Day 6: Fernie &ndash; Fort Steele &ndash; Radium - Golden (326 km) - Visit the beautifully restored ghost town of Fort Steele. Continue to Radium Hot Springs and Golden. Two nights at the Glacier Mountaineer Lodge.</li>\r\n<li>Day 7: Yoho National Park (~180 km) / Emerald Lake and Takakkaw Falls - Explore Emerald Lake (5.2 km circuit) and Takakkaw Falls. Optional hikes to Laughing Falls or Twin Falls offer higher elevation views.</li>\r\n<li>Day 8: Golden &ndash; Revelstoke (148 km) - Visit Rogers Pass and hike the Balu Pass Trail (10 km return; 800 m elevation gain) for spectacular views of glaciers and mountain ridges. Two nights at the Sandman Hotel Revelstoke.</li>\r\n<li>Day 9: Mount Revelstoke National Park &ndash; Eva Lake Trail - Hike to Eva Lake, a pretty alpine lake that is a perfect spot for lunch before heading back.</li>\r\n<li>Day 10: Revelstoke &ndash; Kamloops &ndash; Clearwater (345 km) - Travel via Salmon Arm and Kamloops to the gateway of Wells Gray Provincial Park. Two nights at the Best Western Gateway to the Falls.</li>\r\n<li>Day 11: Wells Gray Park (approx. 60 km) - Explore the park\'s iconic sights including the Ray Farm Trail and the South Rim Trail to the rim of Helmcken Falls.</li>\r\n<li>Day 12: Clearwater &ndash; Mount Robson &ndash; Jasper (395 km) - Stop at Mount Robson Park to hike the Berg Lake Trail as far as Kinney Lake or White Falls. Spend three nights at Becker&rsquo;s Chalets in Jasper.</li>\r\n<li>Day 13: Maligne Lake (approx. 95 km) - Visit Maligne Canyon and Maligne Lake. Hike the Opal Hills Loop (8.2 km return) for stunning views and alpine wildflowers. Optional boat tour to Spirit Island.</li>\r\n<li>Day 14: Mt. Edith Cavell (approx. 50 km) - Hike the Cavell Meadows Trail (6 &ndash; 7 km return) for beautiful views of Angel Glacier.</li>\r\n<li>Day 15: Jasper &ndash; Icefields Parkway &ndash; Canmore (312 km) - Drive the Icefields Parkway, visiting Columbia Icefield and Peyto Lake. Hike Parker Ridge Trail for views of the Saskatchewan Glacier. Two nights at Grande Rockies Resort.</li>\r\n<li>Day 16: Banff/Lake Louise (~140 km) / Plain of Six Glaciers Trail - Hike the spectacular Plain of Six Glaciers Trail (5.3 km one way) at Lake Louise. Visit nearby Lake Moraine before returning to Canmore.</li>\r\n<li>Day 17: Canmore - Calgary (110 km) - Drive back to Calgary Airport and board your flight home. Total mileage: approx. 2,900 km.</li>\r\n</ul>',NULL),
(22,11,0,'Western Canada',NULL),
(22,12,0,'17 days / 16 nights',NULL),
(22,13,0,'2,530.00',NULL),
(22,14,0,'Calgary – Waterton Park – Fernie – Golden – Yoho – Revelstoke – Clearwater – Mount Robson – Jasper – Icefields Parkway – Canmore – Calgary',NULL),
(22,15,0,'Relaxed',NULL),
(22,18,0,'<p>Daily departures 2026</p>',NULL),
(22,19,0,'<p><strong>Rates per person from/to Calgary in CAD:</strong></p>\r\n<ul>\r\n<li>double occupancy: 2,530.00</li>\r\n<li>single occupancy: 5,050.00</li>\r\n<li>triple &amp; quad occupancy: on request</li>\r\n</ul>\r\n<p><strong>Package includes:</strong></p>\r\n<ul>\r\n<li>16 nights accommodation at the hotels described (or similar, moderate class).</li>\r\n<li>4 breakfasts included.</li>\r\n<li>Information package including detailed itinerary and road map.</li>\r\n<li>Detailed hiking trail descriptions and maps.</li>\r\n<li>Telephone hotline based in Canada, all applicable taxes.</li>\r\n</ul>\r\n<p><strong>Package excludes:</strong></p>\r\n<ul>\r\n<li>meals (except those mentioned), national park fees, rental vehicle.</li>\r\n<li>tips, optional activities, and baggage handling.</li>\r\n</ul>\r\n<p><strong>Conditions:</strong></p>\r\n<ul>\r\n<li>Surcharge: Calgary (03.07. - 12.07.2026 Stampede).</li>\r\n<li>A valid passport is required for the day trip through Glacier National Park (USA).</li>\r\n</ul>',NULL),
(22,24,0,'Calgary',NULL),
(22,25,0,'images/packages/Helmcken Falls.jpg',NULL),
(22,26,0,'images/packages/icefields parkway.jpg',NULL),
(22,27,0,'images/packages/maligne lake bright.jpg',NULL),
(22,28,0,'images/packages/peyto-lake.jpg',NULL),
(22,30,0,'images/packages/Helmcken Falls.jpg',NULL),
(22,33,0,'including hiking trail descriptions',NULL),
(23,4,0,'<p>Comfortable, upscale accommodations in stunning locations and an interesting route that incorporates well-known highlights as well as some hidden gems are the main features of this tour. Exploring areas like the Rocky Mountain National Parks, the West Coast of Vancouver Island as well as the idyllic Sunshine Coast and remote Quadra Island will give your clients a true taste of the variety and vastness of the country. An amazing tour combining wilderness and luxury!</p>',NULL),
(23,5,0,'<ul>\r\n<li>Experience upscale, comfortable accommodations in hand-picked stunning locations</li>\r\n<li>Explore the world-famous Rocky Mountain National Parks: Banff and Jasper</li>\r\n<li>Stay at the beautiful Moul Creek Lodge near the waterfalls of Wells Gray Park</li>\r\n<li>Enjoy a ranch experience in the picturesque Interlakes Region at Bridge Lake</li>\r\n<li>Drive the spectacular Duffey Lake Road to the Olympic resort of Whistler</li>\r\n<li>Discover the remote Sunshine Coast and stay overlooking Desolation Sound</li>\r\n<li>Visit tropical-like Savary Island with its pristine white sandy beaches</li>\r\n<li>Stay at High Point Resort on the unique and remote Quadra Island</li>\r\n<li>Explore the ancient rainforests and gray whales of Pacific Rim National Park</li>\r\n<li>End your journey in the cosmopolitan city of Vancouver</li>\r\n</ul>',NULL),
(23,7,0,'SDLADV',NULL),
(23,9,0,'Self Drive',NULL),
(23,10,0,'<ul>\r\n<li>Day 1: Calgary - Banff (128 km) - Welcome to Canada! After arrival at Calgary Airport, pick up your rental car and drive to the Rocky Mountains. The first two nights will be spent at the Banff Rocky Mountain Resort.</li>\r\n<li>Day 2: Banff National Park (approx. 100 km) - Spend the day exploring Canada\'s most famous national park. Highlights include Lake Louise, Lake Moraine, Johnston Canyon, and the gondola up to Sulphur Mountain.</li>\r\n<li>Day 3: Banff - Icefields Parkway - Jasper (285 km) - Travel the most scenic road in the Rockies. See Peyto Lake, Mistaya Canyon, the Columbia Icefield, and Athabasca Falls. Overnight at Becker&rsquo;s Chalets for two nights.</li>\r\n<li>Day 4: Jasper National Park (approx. 100 km) - Explore Maligne Canyon and Maligne Lake. Consider a cruise to Spirit Island or renting a canoe to enjoy the wilderness scenery.</li>\r\n<li>Day 5: Jasper - Mount Robson - Clearwater (395 km) - Stop for vistas of Mount Robson, the highest peak in the Canadian Rockies. Overnight at the beautiful Moul Creek Lodge near Wells Gray Park for two nights.</li>\r\n<li>Day 6: Wells Gray Park (approx. 60 km) - Visit spectacular waterfalls and alpine meadows. An optional canoe tour on Clearwater Lake is a great way to explore the heart of the park.</li>\r\n<li>Day 7: Clearwater &ndash; Bridge Lake (115 km) - Drive to the picturesque Interlakes Region. Two nights are spent at Montana Hill Guest Ranch.</li>\r\n<li>Day 8: Wettstone Guest Ranch - Day at leisure on the ranch. Enjoy activities such as canoeing, swimming, fishing at the private lake, or a guided horseback ride.</li>\r\n<li>Day 9: Bridge Lake &ndash; Lillooet &ndash; Whistler (345 km) - Drive the spectacular Duffey Lake Road to Whistler. Explore the Olympic village and spend the night at the Tantalus Resort Lodge.</li>\r\n<li>Day 10: Whistler &ndash; Sechelt &ndash; Egmont - Lund (260 km + 2 ferry rides) - Leave the mountains for the Sunshine Coast. Take ferries from Horseshoe Bay to Langdale and Earls Cove to Saltery Bay. Two nights at Desolation Sound Resort.</li>\r\n<li>Day 11: Lund &amp; Desolation Sound Resort - Day at leisure. Consider a water taxi to Savary Island, known for its warm water and pristine white sandy beaches.</li>\r\n<li>Day 12: Lund &ndash; Powell River &ndash; Comox &ndash; Quadra Island (120 km + ferry ride) - Take the ferry from Powell River to Vancouver Island, then a short ferry from Campbell River to Quadra Island. Two nights at High Point Resort.</li>\r\n<li>Day 13: Quadra Island (approx. 50 km) - Go for a walk along the beach in Rebecca Spit Provincial Park. On sunny days, it is the perfect spot for a swim and a picnic.</li>\r\n<li>Day 14: Campbell River - Port Alberni - Tofino (280 km) - Stop at Cathedral Cove Park to see 800-year-old Douglas Firs before heading to the West Coast. Two nights at Middle Beach Lodge, an oceanfront property.</li>\r\n<li>Day 15: Pacific Rim National Park (approx. 70 km) - Explore the beautiful beaches and rain forests. Half-day whale-watching tours to observe gray whales are highly recommended.</li>\r\n<li>Day 16: Tofino - Vancouver (230 km) - Return to Nanaimo via Port Alberni to board the ferry back to Vancouver. Two nights at the Auberge Hotel.</li>\r\n<li>Day 17: Vancouver - Explore one of the world\'s most beautiful cities. Optional hop-on hop-off tours visit Stanley Park, Gastown, Chinatown, and Granville Island.</li>\r\n<li>Day 18: Drive to the airport and flight back home. Total mileage: approx. 2,500 km.</li>\r\n</ul>',NULL),
(23,11,0,'Western Canada',NULL),
(23,12,0,'18 days / 17 nights',NULL),
(23,13,0,'3,380.00',NULL),
(23,14,0,'Calgary – Banff – Icefields Parkway – Jasper – Clearwater – Bridge Lake – Whistler – Sunshine Coast (Lund) – Quadra Island – Tofino – Vancouver',NULL),
(23,15,0,'Relaxed',NULL),
(23,18,0,'<p>Daily departures 2026</p>',NULL),
(23,19,0,'<p><strong>Rates per person from Calgary to Vancouver (or vice versa) in CAD:</strong></p>\r\n<ul>\r\n<li>double occupancy: 3,380.00</li>\r\n<li>single occupancy: 6,750.00</li>\r\n<li>triple &amp; quad occupancy: on request</li>\r\n</ul>\r\n<p><strong>Package includes:</strong></p>\r\n<ul>\r\n<li>17 nights accommodation at the hotels and lodges described (or similar, moderate first-class).</li>\r\n<li>Information package including detailed itinerary and road map.</li>\r\n<li>Telephone hot line based in Canada, all applicable taxes.</li>\r\n</ul>\r\n<p><strong>Package excludes:</strong></p>\r\n<ul>\r\n<li>meals (except those mentioned), national park fees, rental vehicle.</li>\r\n<li>ferries between Vancouver, Vancouver Island, and the Sunshine Coast.</li>\r\n<li>optional activities, tips, and baggage handling.</li>\r\n</ul>\r\n<p><strong>Conditions:</strong></p>\r\n<ul>\r\n<li>Surcharges apply: Vancouver (07.06. - 08.07.2026 FIFA World Cup) and Calgary (03.07. - 12.07.2026 Stampede).</li>\r\n<li>Quadra Island Upgrade: April Point Lodge rates available on request.</li>\r\n<li>Ferries between Vancouver, Sunshine Coast, and Vancouver Island rates on request.</li>\r\n</ul>',NULL),
(23,24,0,'Calgary',NULL),
(23,30,0,'images/packages/wells gray park.jpg',NULL),
(23,33,0,'featuring the Sunshine Coast and Quadra Island',NULL),
(24,4,0,'<p>This discovery tour of Western Canada is tailored to travelling with children. The itinerary includes many of Western Canada&rsquo;s well-known sights, driving distances are often under 200km, most stays are two or more days per accommodation, and all locations offer many activities that are especially geared towards families with children. The accommodations chosen are mostly one bedroom suites or cabins and have a pool, or are by a lake or right on the ocean. This tour promises to be an adventure for the whole family!</p>',NULL),
(24,5,0,'<ul>\r\n<li>Family-tailored itinerary with shorter driving distances and multi-night stays</li>\r\n<li>Kid-friendly accommodations including suites and cabins with pools or lake/ocean access</li>\r\n<li>Visit Drumheller, the dinosaur capital of the world, and the Royal Tyrrell Museum</li>\r\n<li>Interactive fun at Canada Olympic Park with ziplining and bobsleigh tours</li>\r\n<li>Experience the Rocky Mountains with gondola rides and hot springs</li>\r\n<li>Visit the Grizzly Bear Refuge at Kicking Horse Resort in Golden</li>\r\n<li>Adventure at Sky Trek Adventure Park and the Railway Museum in Revelstoke</li>\r\n<li>Three-night wilderness ranch stay at Ten-ee-ah Lodge with canoeing and fishing</li>\r\n<li>Whistler Adventure Zone featuring luge, climbing walls, and mini-golf</li>\r\n<li>Beachfront relaxation and Kids Club (July/August) at Tigh-Na-Mara Resort</li>\r\n</ul>',NULL),
(24,7,0,'SDABC',NULL),
(24,9,0,'Self Drive',NULL),
(24,10,0,'<ul>\r\n<li>Day 1: Arrival in Calgary - Welcome to Alberta! Arrival at Airport, pick up of rental vehicle and drive to the hotel. Overnight is at the Best Western Port O&rsquo;Call Hotel, featuring an indoor water park for the kids to enjoy.</li>\r\n<li>Day 2: Calgary &ndash; Drumheller (140 km) - Enjoy a morning city walk in Calgary before driving to Drumheller. Climb the World\'s Largest Dinosaur for an aerial view of the Badlands. Spend two nights at the Ramada Inn.</li>\r\n<li>Day 3: Drumheller - Explore the best Badlands&rsquo; scenery and visit the Royal Tyrrell Museum to see over 35 dinosaur skeletons. Drive the 50 km Dinosaur Trail to see mushroom-shaped hoodoos in the Red Deer Valley.</li>\r\n<li>Day 4: Drumheller &ndash; Canmore (240 km) - Drive into the Rocky Mountains. Stop at Canada Olympic Park for optional ziplining or museum tours. Spend two nights at the Grande Rockies Resort in a one-bedroom suite.</li>\r\n<li>Day 5: Banff National Park (~ 100 km) - Visit Lake Louise, Lake Moraine, and Johnston Canyon. Take the gondola up Sulphur Mountain for a dip in the Hot Springs and a visit to the Banff townsite.</li>\r\n<li>Day 6: Canmore &ndash; Golden (162 km) - Drive through Yoho National Park. Stop at Emerald Lake for canoeing or visit the Natural Bridge. Spend two nights in a one-bedroom suite at Glacier Mountaineer Lodge.</li>\r\n<li>Day 7: Golden - Unforgettable optional activities include a visit to the Grizzly Bear Refuge at Kicking Horse Resort or a family-friendly river rafting tour.</li>\r\n<li>Day 8: Golden &ndash; Revelstoke (150 km) - Drive through Glacier National Park and stop at the Rogers Pass Visitor Centre. Walk the Giant Cedars Trail before checking into a cabin at Glacier House Resort for two nights.</li>\r\n<li>Day 9: Revelstoke - Visit Mount Revelstoke National Park for alpine meadow views. Explore the Railway Museum or visit Sky Trek Adventure Park for high ropes and ziplines.</li>\r\n<li>Day 10: Revelstoke &ndash; Kamloops &ndash; Lac La Hache (~ 450 km) - Travel into the legendary Cariboo region. Your drive is rewarded with three nights in a one-bedroom cabin at Ten-ee-ah Lodge on the shores of Spout Lake.</li>\r\n<li>Day 11 and 12: Ten-ee-ah Lodge - Enjoy days at leisure with included use of canoes and mountain bikes. Try fishing on the lake or go for an optional horseback ride.</li>\r\n<li>Day 13: Lac La Hache &ndash; Whistler (~ 350 km) - Travel to the 2010 Olympic host mountain. After a stroll through the village, check into your two-bedroom suite at The Tantalus Resort Lodge for two nights.</li>\r\n<li>Day 14: Whistler - Ride the record-breaking PEAK 2 PEAK Gondola or explore the mountain bike park. Visit the Blackcomb Base Adventure Zone for luge, mini-golf, and bungee trampolines.</li>\r\n<li>Day 15: Whistler &ndash; Parksville (140 km + ferry ride) - Drive the Sea to Sky Highway to Horseshoe Bay and take the ferry to Vancouver Island. Stay two nights at Tigh-Na-Mara Resort, located right on the ocean.</li>\r\n<li>Day 16: Parksville - Spend the day swimming or strolling along the beach collecting shells. Children can enjoy the resort\'s Kids Club while parents enjoy some quiet hours.</li>\r\n<li>Day 17: Parksville &ndash; Vancouver (210 km + ferry ride) - We recommend driving to Victoria before taking the ferry back to Vancouver. Spend two nights at the Rosedale on Robson in a one-bedroom suite.</li>\r\n<li>Day 18: Vancouver - Explore Stanley Park, Gastown, and Granville Island on an optional city tour. Optional visits to the Capilano Suspension Bridge or the Vancouver Aquarium are great for kids.</li>\r\n<li>Day 19: Departure - Return your rental car and depart from Vancouver. Total mileage: approx. 1,950 km.</li>\r\n</ul>',NULL),
(24,11,0,'Western Canada',NULL),
(24,12,0,'19 days / 18 nights',NULL),
(24,13,0,'8,570.00',NULL),
(24,14,0,'Calgary – Drumheller – Canmore – Banff – Golden – Revelstoke – Lac La Hache – Whistler – Parksville – Vancouver',NULL),
(24,15,0,'Relaxed',NULL),
(24,18,0,'<p>Daily departures 2026</p>',NULL),
(24,19,0,'<p><strong>Rates per family in CAD (2 adults + 2 children):</strong></p>\r\n<ul>\r\n<li>Children under 12 years: 8,570.00</li>\r\n<li>Children 12 - 18 years: 8,990.00</li>\r\n</ul>\r\n<p><strong>Package includes:</strong></p>\r\n<ul>\r\n<li>18 nights accommodation in family-friendly suites or cabins (as described or similar).</li>\r\n<li>7x breakfast.</li>\r\n<li>Ten-ee-ah Lodge: use of canoes and mountain bikes.</li>\r\n<li>Tigh-Na-Mara Resort: use of resort facilities and Kids Club (ages 3&ndash;13, July/August only).</li>\r\n<li>Information package with detailed itinerary and road map.</li>\r\n<li>Telephone hotline based in Canada, all applicable taxes.</li>\r\n</ul>\r\n<p><strong>Package excludes:</strong></p>\r\n<ul>\r\n<li>meals (except those mentioned), national park fees, rental vehicle.</li>\r\n<li>ferries between Vancouver and Vancouver Island.</li>\r\n<li>tips, optional activities (Sky Trek, Ziplines, Aquarium etc.), and baggage handling.</li>\r\n</ul>\r\n<p><strong>Conditions:</strong></p>\r\n<ul>\r\n<li>Surcharges: Vancouver (07.06 - 08.07.2026 FIFA World Cup); Calgary (03.07 - 12.07.2026 Stampede).</li>\r\n<li>Ferries between Vancouver and Vancouver Island: Rates available on request.</li>\r\n</ul>',NULL),
(24,24,0,'Calgary',NULL),
(24,30,0,'images/packages/moraine lake kids.jpg',NULL),
(24,33,0,'Fun for the Whole Family',NULL),
(25,4,0,'<p>This trip will lead you to the most beautiful National and Provincial Parks in Western Canada: the National Parks of the Rocky Mountains, Wells Gray Park, the Parks of the Kootenays and the Okanagan Valley and Pacific Rim National Park on Vancouver Island are all part of this program. This country is home to black and grizzly bears, moose and bald eagles &ndash; with any luck at all you will be able to observe some of these animals in their natural habitat. The accommodations booked are comfortable Lodges that are ideal for visiting the National Parks.</p>',NULL),
(25,5,0,'<ul>\r\n<li>Ideal for families! Selected family-friendly lodges, cabins, or suites with kitchens</li>\r\n<li>Explore the world-famous National Parks of the Rocky Mountains: Banff, Jasper, and Yoho</li>\r\n<li>Visit Wells Gray Provincial Park, renowned for its spectacular waterfalls and wildlife</li>\r\n<li>Discover the Kootenays and the heritage city of Nelson with its lakeside resort</li>\r\n<li>Experience the Okanagan Valley\'s famous orchards, vineyards, and water sports</li>\r\n<li>Stroll through Cathedral Cove Park to see 800-year-old and 5-metre-thick Douglas Firs</li>\r\n<li>Stay at the oceanfront Middle Beach Lodge in Tofino</li>\r\n<li>Observe gray whales, sea lions, and sea otters in Pacific Rim National Park</li>\r\n<li>Explore the provincial capital of Victoria and the cosmopolitan city of Vancouver</li>\r\n</ul>',NULL),
(25,7,0,'SDLODG',NULL),
(25,9,0,'Self Drive',NULL),
(25,10,0,'<ul>\r\n<li>Day 1: Calgary - Canmore (128 km) - Upon arrival at Calgary Airport, pick up your rental car and drive to the Rocky Mountains. The first two nights will be spent at the Grande Rockies Resort in Canmore.</li>\r\n<li>Day 2: Banff National Park (approx. 100 km) - Explore Banff National Park, including Lake Louise and Lake Moraine. Go for a hike at Johnston Canyon and take the gondola up to Sulphur Mountain.</li>\r\n<li>Day 3: Banff - Icefields Parkway - Jasper (285 km) - Travel the Icefields Parkway, seeing Peyto Lake, Mistaya Canyon, Columbia Icefield, and Athabasca Falls. Overnight in a cozy cabin at Becker&rsquo;s Chalets for two nights.</li>\r\n<li>Day 4: Jasper National Park (approx. 100 km) - Visit Maligne Canyon and Maligne Lake. Consider a cruise to Spirit Island or renting a canoe for a few hours.</li>\r\n<li>Day 5: Jasper - Mount Robson - Clearwater (395 km) - Pass through Mount Robson Park for vistas of the highest peak in the Rockies. Two nights at the beautiful Alpine Meadows Resort in Clearwater.</li>\r\n<li>Day 6: Wells Gray Park (approx. 60 km) - Explore Helmcken Falls and Dawson Falls. The park offers endless hiking, boat tours, canoeing, horseback riding, and scenic flights.</li>\r\n<li>Day 7: Clearwater &ndash; Revelstoke &ndash; Golden (488 km) - Drive through Mount Revelstoke National Park. Stroll the Giant Cedars Trail and visit the Rogers Pass visitor centre. Two nights at Moberly Lodge in Golden.</li>\r\n<li>Day 8: Yoho National Park (approx. 150 km) - Visit the Natural Bridge, Emerald Lake, and Takakkaw Falls. Optional activities include whitewater rafting or the bear refuge at Kicking Horse Resort.</li>\r\n<li>Day 9: Golden &ndash; Revelstoke &ndash; Nelson (400 km) - Head to the West Kootenay region. Spend two nights at the Prestige Lakeside Resort on the waterfront of Nelson.</li>\r\n<li>Day 10: Highlights of the Kootenays (approx. 220 km) - Explore the Slocan Valley, the ghost town of Sandon, and Kaslo with its historic SS Moyie. Enjoy a dip in Ainsworth Hot Springs.</li>\r\n<li>Day 11: Nelson &ndash; Grand Forks &ndash; Kelowna (350 km) - Drive to the Okanagan Valley, famous for its orchards and vineyards. Two nights at the Prestige Beach House Hotel.</li>\r\n<li>Day 12: Okanagan Valley (approx. 150 km) - Explore hiking trails in Okanagan Mountain Park or at Myra Canyon. Visit local wineries and enjoy swimming or water sports.</li>\r\n<li>Day 13: Kelowna &ndash; Vancouver &ndash; Victoria (433 km) - Take the BC Ferry from Tsawwassen to Vancouver Island. Two nights at the Embassy Inn in Victoria, steps from the Inner Harbour.</li>\r\n<li>Day 14: Victoria - Explore the Inner Harbour, Empress Hotel, and Royal B.C. Museum. An optional whale-watching tour to see killer whales is highly recommended.</li>\r\n<li>Day 15: Victoria - Nanaimo - Tofino (321 km) - Stop at Cathedral Cove Park for a hike among ancient Douglas Firs. Spend three nights at Middle Beach Lodge, located directly on the ocean.</li>\r\n<li>Day 16 and 17: Pacific Rim National Park (approx. 70 km) - Days at leisure to explore long beaches and rainforests. Optional whale-watching tours offer sightings of gray whales, sea lions, and sea otters.</li>\r\n<li>Day 18: Tofino &ndash; Nanaimo &ndash; Vancouver (227 km) - Take the ferry back to the mainland. Spend two nights at the Blue Horizon Hotel in downtown Vancouver.</li>\r\n<li>Day 19: Vancouver - Visit Stanley Park, historic Gastown, Chinatown, and Granville Island. An optional hop-on hop-off city tour is recommended.</li>\r\n<li>Day 20: Departure - Drive to the airport for your flight back home.</li>\r\n</ul>',NULL),
(25,11,0,'Western Canada',NULL),
(25,12,0,'20 days / 19 nights',NULL),
(25,13,0,'3,720.00',NULL),
(25,14,0,'Calgary – Canmore – Banff – Jasper – Clearwater – Wells Gray – Golden – Yoho – Nelson – Kelowna – Victoria – Tofino – Vancouver',NULL),
(25,15,0,'Relaxed',NULL),
(25,18,0,'<p>Daily departures 2026</p>',NULL),
(25,19,0,'<p><strong>Rates per person from Calgary to Vancouver (or vice versa) in CAD:</strong></p>\r\n<ul>\r\n<li>double occupancy: 3,720.00</li>\r\n<li>single occupancy: 7,440.00</li>\r\n<li>family rate (2 adults + 1-2 children up to 16): 10,420.00</li>\r\n</ul>\r\n<p><strong>Package includes:</strong></p>\r\n<ul>\r\n<li>19 nights accommodation at the hotels or lodges described (or similar, moderate first-class).</li>\r\n<li>7x breakfast (Note: Family rate does not include breakfast).</li>\r\n<li>Information package including detailed itinerary and road map.</li>\r\n<li>Telephone hot line based in Canada, all applicable taxes.</li>\r\n</ul>\r\n<p><strong>Package excludes:</strong></p>\r\n<ul>\r\n<li>meals (except those mentioned), national park fees, rental vehicle.</li>\r\n<li>ferry ride from/to Vancouver Island, optional activities, tips, and baggage handling.</li>\r\n</ul>',NULL),
(25,24,0,'Calgary',NULL),
(25,30,0,'images/packages/douglas fir.jpg',NULL),
(25,33,0,'Selected Lodges and Good Hiking',NULL),
(26,4,0,'<p>This itinerary is for the beach adventure seeker. Locations include access to scenic beaches and parks along the west coast of BC. While not all beaches are sand and surf, they will give you a taste of the beauty and true ruggedness of the West Coast. Plan to relax one day, then beachcomb and build sand castles the next. Activities such as bear watching, whale watching, surfing, paddle boarding, fishing, kayaking, sailing, beachcombing and star gazing are possible along the way. In the spring and fall, look for the magnificent grey whale offshore as it travels along its migratory route.</p>',NULL),
(26,5,0,'<ul>\r\n<li>Access scenic beaches and rocky headlands along BC&rsquo;s rugged West Coast</li>\r\n<li>Relax at Vancouver&rsquo;s famous city beaches like English Bay, Sunset Beach, and Kitsilano</li>\r\n<li>Explore the idyllic Sunshine Coast and the \"shellfish capital\" of Lund</li>\r\n<li>Visit the \"tropical-like\" Savary Island with its unusually warm waters and white sand</li>\r\n<li>Stay at Tigh-Na-Mara Resort &amp; Spa, located right on the ocean in Parksville</li>\r\n<li>Discover the 800-year-old Douglas Firs of Cathedral Cove Park</li>\r\n<li>Explore the tide pools, tidal caves, and driftwood shelters of Pacific Rim National Park</li>\r\n<li>Visit the rich intertidal zones of Botanical Beach and the magical waterfall at China Beach</li>\r\n<li>Experience the true west coast wilderness at Sooke Point and East Sooke Regional Park</li>\r\n</ul>',NULL),
(26,7,0,'SDBEA',NULL),
(26,9,0,'Self Drive',NULL),
(26,10,0,'<ul>\r\n<li>Day 1: Arrival in Vancouver (20 km) - Upon arrival at Vancouver airport pick up of rental car and drive to downtown hotel. Two nights at the Auberge Hotel.</li>\r\n<li>Day 2: Vancouver - Explore one of the world\'s most beautiful cities. Visit city beaches near Stanley Park, such as English Bay (good for swimming), Sunset Beach (the place for sunsets), or Third Beach. For more adventure, explore Kitsilano or Spanish Banks for skyline views.</li>\r\n<li>Day 3: Vancouver &ndash; Sechelt &ndash; Lund (~ 160 km + 2 ferries) - Head to the Sunshine Coast via ferry from Langdale. Drive the coastline to Egmont and take another ferry to Saltery Bay. Stop at Willingdon Beach in Powell River before arriving in Lund, the \"shellfish capital.\" Three nights at Desolation Sound Resort.</li>\r\n<li>Day 4 and 5: Lund (Klah ah men) - Days at leisure to explore Lund. Consider a trip to Savary Island for its pristine white sandy beaches and warm waters. Guided tours to Desolation Sound or Toba Inlet are available to spot dolphins, sea lions, and seabirds.</li>\r\n<li>Day 6: Lund &ndash; Powell River &ndash; Comox &ndash; Parksville (ca. 120 km + ferry) - Drive to Powell River and take the ferry to Vancouver Island. Continue south to Parksville for a three-night stay at Tigh-Na-Mara Resort &amp; Spa, located right on the ocean.</li>\r\n<li>Day 7 and 8: Parksville - Enjoy time for long walks on the beach, swimming, and shell collecting. Consider a trip to the waterfalls of Little Qualicum Falls Provincial Park.</li>\r\n<li>Day 9: Parksville - Port Alberni - Tofino (180 km) - Travel toward the West Coast. Stop at Cathedral Cove Park to see 800-year-old Douglas Firs. Spend three nights at Middle Beach Lodge, a beautiful oceanfront property near Tofino.</li>\r\n<li>Day 10 and 11: Pacific Rim National Park (ca. 70 km) - Explore tidepools at Chesterman Beach, driftwood shelters at Cox Bay, and tidal caves at low tide. Mackenzie Beach offers calm waters for paddle boarding. Optional whale-watching tours for gray whales are recommended.</li>\r\n<li>Day 12: Tofino &ndash; Port Alberni &ndash; Sooke (325 km) - Return to the east coast of the island and drive south to the Sooke area, known for long beaches and warm weather. Three nights at the comfortable Sooke Point Ocean Cottage Resort.</li>\r\n<li>Day 13 and 14: Sooke - Explore the rich tide pools of Botanical Beach at low tide to find starfish, sea urchins, and anemones. Visit China Beach for its fine sand and magical waterfall, or experience true wilderness at East Sooke Regional Park and French Beach.</li>\r\n<li>Day 15: Drive to the airport and flight back home. Total mileage: approx. 1,200 km.</li>\r\n</ul>',NULL),
(26,11,0,'Western Canada',NULL),
(26,12,0,'15 days / 14 nights',NULL),
(26,13,0,' 3,420.00',NULL),
(26,14,0,'Vancouver – Sunshine Coast (Lund) – Parksville – Tofino – Pacific Rim National Park – Sooke – Vancouver',NULL),
(26,15,0,'Relaxed',NULL),
(26,18,0,'<p>Daily departures 2026</p>',NULL),
(26,19,0,'<p><strong>Rates per person from/to Vancouver in CAD:</strong></p>\r\n<ul>\r\n<li>double occupancy: 3,420.00</li>\r\n<li>single occupancy: 6,830.00</li>\r\n<li>family rate (2 adults + 1-2 children up to 16): 9,160.00</li>\r\n</ul>\r\n<p><strong>Package includes:</strong></p>\r\n<ul>\r\n<li>14 nights accommodation at the hotels and lodges described (or similar, moderate first-class).</li>\r\n<li>Information package including detailed itinerary and road map.</li>\r\n<li>Telephone hot line based in Canada, all applicable taxes.</li>\r\n</ul>\r\n<p><strong>Package excludes:</strong></p>\r\n<ul>\r\n<li>meals, national park fees, rental vehicle.</li>\r\n<li>ferries between Vancouver, Vancouver Island, and the Sunshine Coast.</li>\r\n<li>optional activities, tips, and baggage handling.</li>\r\n</ul>\r\n<p><strong>Conditions:</strong></p>\r\n<ul>\r\n<li>Surcharges: Vancouver (07.06 - 08.07.2026 FIFA World Cup).</li>\r\n<li>Optional add-on nights available for Quadra Island, Salt Spring Island, or Vancouver Airport.</li>\r\n<li>Ferries between Vancouver, Sunshine Coast, and Vancouver Island rates available on request.</li>\r\n</ul>',NULL),
(26,24,0,'Vancouver',NULL),
(26,30,0,'images/packages/sooke.jpg',NULL),
(26,33,0,'featuring sandy beaches, rocky headlands & sheltered coves',NULL),
(27,4,0,'<p>On this tour you not only explore the world-famous National Parks of the Rocky Mountains but also the less travelled remote Chilcotin Region. Experience Western Canada off the tourist track! During your stay at luxurious wilderness lodges there will be plenty of time for various outdoor activities. Driving will be all the more fun with a reliable 4-wheel drive, especially because some stretches of highway are still not paved. One of the highlights will be the &ldquo;Freedom Highway&rdquo; - the connection between Williams Lake, the indigenous settlements in the Chilcotin Region and the small town of Bella Coola at the Pacific Coast. The spectacular Discovery Coast Passage from Bella Coola to Port Hardy on Vancouver Island, Quadra Island and Pacific Rim National Park make this tour complete.</p>',NULL),
(27,5,0,'<ul>\r\n<li>Explore the world-famous National Parks of the Rockies: Banff and Jasper</li>\r\n<li>Travel off the tourist track into the remote and rugged Chilcotin Region</li>\r\n<li>Drive the \"Freedom Highway\" and see the unexpected sand dunes and cacti of Farwell Canyon</li>\r\n<li>Stay at luxurious wilderness lodges like Terra Nostra Guest Ranch and Bella Coola Eagle Lodge</li>\r\n<li>Experience a 4-wheel drive adventure on partially unpaved scenic highways</li>\r\n<li>Cruise the spectacular Discovery Coast Passage by ferry from the fjords to Vancouver Island</li>\r\n<li>Visit the picturesque fishing village of Telegraph Cove for world-class whale watching</li>\r\n<li>Discover the remote beauty of Quadra Island and the Pacific Rim National Park</li>\r\n<li>Enjoy diverse activities: horseback riding, gold panning, fishing, and hiking</li>\r\n</ul>',NULL),
(27,7,0,'SD4x4',NULL),
(27,9,0,'Self Drive',NULL),
(27,10,0,'<ul>\r\n<li>Day 1: Calgary - Canmore (128 km) - Upon arrival at Calgary Airport, pick up your rental car and drive to the Rocky Mountains. The first two nights will be spent at Grande Rockies Resort in Canmore.</li>\r\n<li>Day 2: Banff National Park (approx. 100 km) - Spend the day exploring Banff. Highlights include Lake Louise, Lake Moraine, and Johnston Canyon. Consider taking the gondola up to Sulphur Mountain.</li>\r\n<li>Day 3: Banff - Icefields Parkway - Jasper (285 km) - Travel the Icefields Parkway, undoubtedly the most scenic road in the Rockies. Highlights include Peyto Lake, the Columbia Icefield, and Athabasca Falls. Two nights at Becker&rsquo;s Chalets.</li>\r\n<li>Day 4: Jasper National Park (approx. 100 km) - Explore Maligne Canyon and Maligne Lake. Consider a cruise to Spirit Island or renting a canoe for a few hours.</li>\r\n<li>Day 5: Jasper - Mount Robson - Clearwater (395 km) - Stop for views of Mount Robson, the highest peak in the Canadian Rockies. Overnight at beautiful Moul Creek Lodge B&amp;B for two nights.</li>\r\n<li>Day 6: Wells Gray Park (approx. 60 km) - Visit spectacular waterfalls and alpine meadows. An optional canoe tour on Clearwater Lake is a great way to explore the heart of the park.</li>\r\n<li>Day 7: Clearwater &ndash; 100 Mile House (~190 km) - Drive through the picturesque Interlakes Region via Bridge Lake to 100 Mile House. Overnight at the Ramada Hotel.</li>\r\n<li>Day 8: 100 Mile House &ndash; Kleena Kleene (330 km) - Join the \"Freedom Highway\" (Hwy 20). Visit Farwell Canyon to see sand dunes and cacti. Continue to Terra Nostra Guest Ranch for a three-night stay.</li>\r\n<li>Day 9 &amp; 10: Terra Nostra Guest Ranch - Enjoy days at leisure. Activities include horseback riding, hiking, fishing, or gold panning. You can also simply relax by Clearwater Lake.</li>\r\n<li>Day 11: Kleena Kleene &ndash; Bella Coola (240 km) - Continue on the \"Freedom Highway,\" which becomes partly gravel, until you reach the coastal town of Bella Coola. Overnight at Bella Coola Eagle Lodge.</li>\r\n<li>Day 12: Discovery Coast Passage - Board the ferry from Bella Coola to Port Hardy. Spot sea lions, bald eagles, and whales along the Discovery Coast. Overnight at the Kwa&rsquo;lilas Hotel in Port Hardy.</li>\r\n<li>Day 13: Port Hardy - Quadra Island (250 km) - Visit the picturesque fishing village of Telegraph Cove for an optional whale-watching tour. Take the ferry from Campbell River to Quadra Island for two nights at High Point Resort.</li>\r\n<li>Day 14: Quadra Island (approx. 50 km) - Walk along the beach in Rebecca Spit Provincial Park. On sunny days, it is the perfect spot for a swim and a picnic.</li>\r\n<li>Day 15: Campbell River - Port Alberni - Tofino (280 km) - Stop at Cathedral Cove Park to see 800-year-old Douglas Firs before heading to the West Coast. Two nights at Middle Beach Lodge.</li>\r\n<li>Day 16: Pacific Rim National Park (approx. 70 km) - Explore the beautiful beaches and rain forests. Half-day whale-watching tours to observe gray whales are highly recommended.</li>\r\n<li>Day 17: Tofino - Vancouver (230 km) - Return to Nanaimo and board the ferry back to Vancouver. Spend the evening strolling downtown. Two nights at the Blue Horizon Hotel.</li>\r\n<li>Day 18: Vancouver - Explore the city&rsquo;s highlights on an optional guided city tour including Stanley Park, historic Gastown, Chinatown, and Granville Island.</li>\r\n<li>Day 19: Drive to the airport and flight back home. Total mileage: approx. 2,800 km.</li>\r\n</ul>',NULL),
(27,11,0,'Western Canada',NULL),
(27,12,0,'19 days / 18 nights',NULL),
(27,13,0,'3,720.00',NULL),
(27,14,0,'Calgary – Banff – Icefields Parkway – Jasper – Wells Gray Park – 100 Mile House – Kleena Kleene (Chilcotin) – Bella Coola – Port Hardy (Vancouver Island) – Quadra Island – Tofino – Vancouver',NULL),
(27,15,0,'Relaxed',NULL),
(27,18,0,'<p>Departures 2-3 times per week from June to September (depending on the schedule of the Discovery Coast Passage Ferry</p>',NULL),
(27,19,0,'<p><strong>Rates per person from Calgary to Vancouver in CAD:</strong></p>\r\n<ul>\r\n<li>double occupancy: 3,720.00</li>\r\n<li>single occupancy: 7,010.00</li>\r\n</ul>\r\n<p><strong>Package includes:</strong></p>\r\n<ul>\r\n<li>18 nights accommodation at the hotels and lodges described (or similar).</li>\r\n<li>6 x breakfast and 3 x full board.</li>\r\n<li>Discovery Coast Passage Ferry ride (Bella Coola to Port Hardy) for one standard vehicle and passengers.</li>\r\n<li>Information package including detailed itinerary and road map.</li>\r\n<li>Telephone hot line based in Canada, all applicable taxes.</li>\r\n</ul>\r\n<p><strong>Package excludes:</strong></p>\r\n<ul>\r\n<li>meals (except those mentioned), national park fees, rental vehicle.</li>\r\n<li>ferries from Vancouver Island to Vancouver and ferries to/from Quadra Island.</li>\r\n<li>optional activities (whale watching, horseback riding, fishing licenses, etc.).</li>\r\n<li>tips and baggage handling.</li>\r\n</ul>\r\n<p><strong>Conditions:</strong></p>\r\n<ul>\r\n<li>Surcharges: Vancouver (07.06. - 08.07.2026 FIFA World Cup) and Calgary (03.07. - 12.07.2026 Stampede).</li>\r\n<li>A reliable 4-wheel drive (4x4) vehicle is highly recommended for this route.</li>\r\n<li>Quadra Island Upgrade: April Point Lodge rates available on request.</li>\r\n</ul>',NULL),
(27,24,0,'Calgary',NULL),
(27,30,0,'images/packages/freedom highway.jpg',NULL),
(27,33,0,'From the Rockies to the Chilcotins and Vancouver Island',NULL),
(28,4,0,'<p>Daily departures 2026</p>',NULL),
(28,5,0,'<ul>\r\n<li>Stay in hand-picked, unique accommodations including charming lodges and historic hotels</li>\r\n<li>Explore the capital city of Victoria and the rugged west coast of Tofino</li>\r\n<li>Drive the world-famous Sea to Sky Highway to the resort of Whistler</li>\r\n<li>Discover the spectacular waterfalls of Wells Gray Provincial Park</li>\r\n<li>Experience the legendary Cariboo region and the restored gold-rush town of Barkerville</li>\r\n<li>Visit Mount Robson, the highest peak in the Canadian Rockies</li>\r\n<li>Traverse the Icefields Parkway, one of the most scenic drives in the world</li>\r\n<li>Step back in time at Fort Steele Heritage Town and the Canadian Museum of Rail Travel</li>\r\n<li>Relax in the sunny Okanagan Valley, famous for its vineyards and lake scenery</li>\r\n<li>Comprehensive 21-day loop covering the best of BC and the Rockies</li>\r\n</ul>',NULL),
(28,7,0,'SDBEDB',NULL),
(28,9,0,'Self Drive',NULL),
(28,10,0,'<ul>\r\n<li>Day 1: Arrival in Vancouver (20 km) - After arrival at Vancouver airport, pick up your rental car and drive to Tsawwassen. Overnight at the Coast Tsawwassen Inn.</li>\r\n<li>Day 2: Vancouver - ferry ride to Vancouver Island (70 km) - Take the ferry to Vancouver Island and drive along the Marine Scenic Drive to Victoria, the capital of British Columbia. Overnight at the Embassy Inn.</li>\r\n<li>Day 3: Victoria - Duncan - Nanaimo - Tofino (321 km) - Visit the Native Heritage Center in Duncan to learn about the Cowichan First Nations. Continue to Tofino in Pacific Rim National Park. Two nights at Middle Beach Lodge.</li>\r\n<li>Day 4: Pacific Rim National Park (approx. 60 km) - Enjoy a day at leisure to explore beaches and rainforests. Optional 2-3 hour whale-watching tours are available in this natural habitat.</li>\r\n<li>Day 5: Tofino - Nanaimo - Vancouver - Whistler (308 km) - Return to the mainland and drive the famous Sea to Sky Highway to the resort town of Whistler. Two nights at the Aava Hotel.</li>\r\n<li>Day 6: Whistler/Garibaldi Provincial Park - Spend the day exploring Whistler. Optional activities include riding the gondola up Whistler Mountain for alpine hiking and panoramic views.</li>\r\n<li>Day 7: Whistler - Kamloops - Clearwater (430 km) - Follow the historic Duffey Lake Road logging route to Kamloops, then continue to Clearwater. Two nights at the beautiful Moul Creek Lodge B&amp;B.</li>\r\n<li>Day 8: Wells Gray Provincial Park (approx. 80 km) - Explore the park&rsquo;s highlights, including the massive Helmcken Falls and Dawson Falls. Numerous hiking trails and wildlife viewing opportunities are available.</li>\r\n<li>Day 9: Clearwater &ndash; Quesnel &ndash; Wells (approx. 430 km) - Head into the legendary Cariboo region. Overnight at the historic Wells Hotel in the unique town of Wells.</li>\r\n<li>Day 10: Wells &ndash; Barkerville &ndash; Prince George (194 km) - Visit the beautifully restored gold-rush ghost town of Barkerville. Continue to Prince George for an overnight stay at Ridgeview Gardens Bed &amp; Breakfast.</li>\r\n<li>Day 11: Prince George - Mount Robson - Jasper (376 km) - Leave the Cariboos for the Rocky Mountains. Stop for vistas of Mount Robson, the highest peak in the Canadian Rockies. Two nights at Bear Hill Bedrooms in Jasper.</li>\r\n<li>Day 12: Jasper National Park (approx. 80 km) - Spend the day exploring the park, including the spectacular Maligne Canyon and Maligne Lake.</li>\r\n<li>Day 13: Jasper - Icefields Parkway &ndash; Banff/Canmore (310 km) - Travel the scenic Icefields Parkway. Stop at the Columbia Icefield for a glacier tour and visit famous Lake Louise. Two nights at the Grande Rockies Resort in Canmore.</li>\r\n<li>Day 14: Banff National Park (approx. 100 km) - A day at leisure in Banff for outdoor activities such as river rafting, canoeing, or horseback riding. Consider the gondola up Sulphur Mountain.</li>\r\n<li>Day 15: Banff/Canmore &ndash; Radium &ndash; Cranbrook (291 km) - Drive through Kootenay National Park to Radium Hot Springs, then follow the Rocky Mountain Trench to the restored ghost town of Fort Steele. Overnight at the St. Eugene Resort.</li>\r\n<li>Day 16: Cranbrook - Creston - Nelson (259 km) - Consider a visit to the Canadian Museum of Rail Travel in Cranbrook before driving to the heritage city of Nelson. Overnight at the Green House B&amp;B.</li>\r\n<li>Day 17: Nelson &ndash; Penticton &ndash; Kelowna (338 km) - Head to the Okanagan Valley. Visit local wineries near Osoyoos, enjoy fresh fruit, and go for a swim. Two nights at A View of the Lake B&amp;B.</li>\r\n<li>Day 18: Okanagan Valley (approx. 80 &ndash; 100 km) - A day at leisure to enjoy the Okanagan&rsquo;s sunny climate, fascinating scenery, and relaxing atmosphere.</li>\r\n<li>Day 19: Kelowna - Manning Park - Vancouver (450 km) - Enjoy a final hike at Manning Provincial Park before returning to Vancouver. Two nights at the Coast Tsawwassen Inn.</li>\r\n<li>Day 20: Vancouver - Explore Vancouver&rsquo;s highlights such as Stanley Park, Gastown, Chinatown, and Granville Island on an optional hop-on hop-off city tour.</li>\r\n<li>Day 21: Return flight (20 km) - Drive to the airport and board your flight back home.</li>\r\n</ul>',NULL),
(28,11,0,'Western Canada',NULL),
(28,12,0,'21 days / 20 nights',NULL),
(28,13,0,'3,140.00',NULL),
(28,14,0,'Vancouver – Victoria – Tofino – Whistler – Clearwater – Wells – Prince George – Jasper – Banff/Canmore – Cranbrook – Nelson – Kelowna – Vancouver',NULL),
(28,15,0,'Relaxed',NULL),
(28,19,0,'<p><strong>Rates per person from/to Vancouver in CAD:</strong></p>\r\n<ul>\r\n<li>double occupancy: 3,140.00</li>\r\n<li>single occupancy: 6,270.00</li>\r\n</ul>\r\n<p><strong>Package includes:</strong></p>\r\n<ul>\r\n<li>20 nights accommodation at the unique properties described (or similar, moderate class).</li>\r\n<li>11x breakfast.</li>\r\n<li>Information package including detailed itinerary and road map.</li>\r\n<li>Telephone hot line based in Canada, all applicable taxes.</li>\r\n</ul>\r\n<p><strong>Package excludes:</strong></p>\r\n<ul>\r\n<li>meals (except those mentioned), national park fees, rental vehicle.</li>\r\n<li>ferry to/from Vancouver Island, optional activities, tips, and baggage handling.</li>\r\n</ul>\r\n<p><strong>Conditions:</strong></p>\r\n<ul>\r\n<li>Surcharge: Vancouver (07.06. - 08.07.2026 FIFA World Cup).</li>\r\n<li>Ferries between Vancouver and Vancouver Island: rates on request.</li>\r\n</ul>',NULL),
(28,24,0,'Vancouver',NULL),
(28,30,0,'images/packages/fort steele credit aaron hagen.jpg',NULL),
(28,33,0,'featuring unique accommodations',NULL),
(28,34,0,'<p>This tour features especially charming accommodations. You will stay at beautiful Lodges, cozy Bed&amp;Breakfasts, Guest Ranches and historic Hotels. The itinerary includes all the highlights you will want to see in British Columbia and Alberta as well as some places that are more off the beaten path but well worth visiting.</p>',NULL),
(29,4,0,'<p>Cozy, affordable accommodations and an attractive route are the main features of this tour. The accommodations are clean and cozy and all the rooms have private baths. At the B&amp;Bs breakfast is included as well. The itinerary includes Vancouver, Vancouver Island, the Rocky Mountains as well as the legendary Cariboos and the sunny Okanagan Valley.</p>',NULL),
(29,5,0,'<ul>\r\n<li>Affordable tour featuring clean and cozy accommodations with private baths</li>\r\n<li>Includes 5 breakfasts at Bed &amp; Breakfast stays along the route</li>\r\n<li>Explore Vancouver Island, including the capital Victoria and Pacific Rim National Park</li>\r\n<li>Drive the famous Sea to Sky Highway to the alpine resort of Whistler</li>\r\n<li>Discover the massive waterfalls and wildlife of Wells Gray Provincial Park</li>\r\n<li>Experience the gold-rush history of the Cariboo region and Barkerville ghost town</li>\r\n<li>Traverse the Icefields Parkway, the most scenic route in the Rocky Mountains</li>\r\n<li>Visit world-famous Lake Louise and the Columbia Icefield</li>\r\n<li>Relax in the sunny Okanagan Valley with its renowned wineries and lake scenery</li>\r\n<li>Complete loop starting and ending in the cosmopolitan city of Vancouver</li>\r\n</ul>',NULL),
(29,7,0,'SDBBMO',NULL),
(29,9,0,'Self Drive',NULL),
(29,10,0,'<ul>\r\n<li>Day 1: Arrival in Vancouver (25 km) - Upon arrival at the airport, you pick up your rental car and drive to the Sandman Vancouver Airport Hotel.</li>\r\n<li>Day 2: Tsawwassen - ferry ride to Vancouver Isl. (70 km) - Take the ferry to Vancouver Island. Consider a visit to Butchart Gardens before driving the Marine Scenic Drive to Victoria. Overnight at The Vic Hotel.</li>\r\n<li>Day 3: Victoria - Nanaimo - Tofino/Ucluelet (321 km) - Visit the Native Heritage Center in Duncan and admire enormous Douglas Firs in Cathedral Cove-Park. Spend two nights at Middle Beach Lodge in Tofino.</li>\r\n<li>Day 4: Pacific Rim National Park (approx. 60 km) - A day at leisure to explore beaches and rainforests. Optional 2-3 hour whale-watching tours offer the chance to see whales in their natural habitat.</li>\r\n<li>Day 5: Tofino - Nanaimo - Whistler (308 km) - Return to the mainland and drive the Sea to Sky Highway to Whistler. Explore the picturesque village and stay at the centrally-located Aava Hotel.</li>\r\n<li>Day 6: Whistler - Kamloops - Clearwater (420 km) - Follow the historic Duffey Lake Road logging route to Kamloops, then continue to Clearwater. Two nights at the Best Western Gateway to the Falls.</li>\r\n<li>Day 7: Wells Gray Provincial Park (approx. 80 km) - Discover Helmcken Falls and Dawson Falls. The park offers excellent opportunities for hiking, boat tours, canoeing, and wildlife watching.</li>\r\n<li>Day 8: Clearwater &ndash; Williams Lake &ndash; Quesnel (343 km) - Head into the legendary Cariboo region. Spend the night at the Sandman Hotel in the town of Quesnel.</li>\r\n<li>Day 9: Quesnel - Barkerville - Prince George (293 km) - Visit the beautifully restored gold-rush town of Barkerville. Continue to Prince George for an overnight stay at Ridgeview Gardens B&amp;B.</li>\r\n<li>Day 10: Prince George - Mount Robson - Jasper (376 km) - Leave the Cariboos for the Rockies. Stop for a hike at Kinney Lake near Mount Robson. Two nights at Bear Hill Bedrooms in Jasper.</li>\r\n<li>Day 11: Jasper National Park (approx. 100 km) - Explore Maligne Lake via boat tour or hiking. Look for elk, bighorn sheep, and bears in this world-class wildlife destination.</li>\r\n<li>Day 12: Jasper - Banff/Canmore (285+ km) - Travel the Icefields Parkway. Visit the Columbia Icefield and the village of Lake Louise. Two nights at the Grande Rockies Resort in Canmore.</li>\r\n<li>Day 13: Banff National Park (approx. 100 km) - Day at leisure to explore Banff. Optional activities include the Sulphur Mountain gondola ride, hot springs, river rafting, or horseback riding.</li>\r\n<li>Day 14: Banff - Golden - Revelstoke (280 km) - See Emerald Lake, the Natural Bridge, and Rogers Pass. Optional whitewater rafting on the Kicking Horse River. Overnight at the Sandman Hotel Revelstoke.</li>\r\n<li>Day 15: Revelstoke - Vernon - Kelowna (192 km) - Visit Mount Revelstoke for alpine views and O&rsquo;Keefe Ranch in Vernon. Two nights at the Prestige Beach House in Kelowna.</li>\r\n<li>Day 16: Okanagan Valley (approx. 80 - 100 km) - Explore local wineries, enjoy fresh fruit, and swim in Okanagan Lake. Consider a hike along the abandoned Kettle Valley Railway.</li>\r\n<li>Day 17: Kelowna - Merritt - Hope - Vancouver (395 km) - Return toward Vancouver. Consider a stop at Harrison Hot Springs. Two nights at the Sandman Airport Hotel.</li>\r\n<li>Day 18: Vancouver - Explore Vancouver&rsquo;s highlights including Stanley Park, Gastown, and Granville Island on an optional hop-on hop-off city tour.</li>\r\n<li>Day 19: Return flight - Drive to the airport and board your flight back home.</li>\r\n</ul>',NULL),
(29,11,0,'Western Canada',NULL),
(29,12,0,'19 days / 18 nights',NULL),
(29,13,0,'2,650.00',NULL),
(29,14,0,'Vancouver – Victoria – Tofino – Whistler – Clearwater – Quesnel – Prince George – Jasper – Banff/Canmore – Revelstoke – Kelowna – Vancouver',NULL),
(29,15,0,'Relaxed',NULL),
(29,18,0,'<p>Daily departures 2026</p>',NULL),
(29,19,0,'<p><strong>Rates per person from/to Vancouver in CAD:</strong></p>\r\n<ul>\r\n<li>double occupancy: 2,650.00</li>\r\n<li>single occupancy: 5,300.00</li>\r\n</ul>\r\n<p><strong>Package includes:</strong></p>\r\n<ul>\r\n<li>18 nights accommodation at the properties described (or similar, all with private bath).</li>\r\n<li>5x breakfast.</li>\r\n<li>Information package including detailed itinerary and road map.</li>\r\n<li>Telephone hot line based in Canada, all applicable taxes.</li>\r\n</ul>\r\n<p><strong>Package excludes:</strong></p>\r\n<ul>\r\n<li>meals (except those mentioned), national park fees, rental vehicle.</li>\r\n<li>ferry to/from Vancouver Island, optional activities, tips, and baggage handling.</li>\r\n</ul>\r\n<p><strong>Conditions:</strong></p>\r\n<ul>\r\n<li>Surcharge: Vancouver (07.06. - 08.07.2026 FIFA World Cup).</li>\r\n<li>Ferries between Vancouver and Vancouver Island: rates on request.</li>\r\n</ul>',NULL),
(29,24,0,'Vancouver',NULL),
(29,30,0,'images/packages/columbia icefields gletcher.jpg',NULL),
(29,33,0,'Western Canada’s Highlights at an affordable price',NULL),
(30,4,0,'<p>This one-way route will show you how varied Western Canada is. You will visit maritime Vancouver Island with its old-growth rain forests as well as the fascinating Rocky Mountains with its emerald-coloured lakes. You mostly spend two nights at a place and you can choose which hotel category you would like to book. Our standard package includes selected moderate-class hotels, our deluxe package features very comfortable first-class hotels.</p>',NULL),
(30,5,0,'<ul>\r\n<li>Choice between two hotel categories: Standard (moderate-class) or Deluxe (first-class)</li>\r\n<li>Experience the variety of Western Canada from the Pacific coast to the Rocky Mountains</li>\r\n<li>Relaxed pace with two-night stays at most destinations</li>\r\n<li>Explore Vancouver, the \"City of Nature,\" and the historic capital of Victoria</li>\r\n<li>Discover the 800-year-old ancient Douglas firs in Cathedral Cove Park</li>\r\n<li>Enjoy the rugged beauty of Tofino and Pacific Rim National Park</li>\r\n<li>Drive the world-renowned Sea to Sky Highway to the resort of Whistler</li>\r\n<li>Witness Mount Robson, the highest peak in the Canadian Rockies</li>\r\n<li>Traverse the Icefields Parkway, featuring emerald lakes and the Columbia Icefield</li>\r\n</ul>',NULL),
(30,7,0,'SDLUXST',NULL),
(30,9,0,'Self Drive',NULL),
(30,10,0,'<ul>\r\n<li>Day 1: Arrival in Vancouver (20 km) - After your arrival at Vancouver airport you pick up your rental car and drive to your accommodation, the Sandman Suites on Davie (standard) or the Sutton Place Hotel (deluxe) for a two-night stay.</li>\r\n<li>Day 2: Vancouver - Spend the day in one of the most beautiful cities in the world. Consider an optional hop-on hop-off city tour to visit Stanley Park, historic Gastown, Chinatown, and Granville Island.</li>\r\n<li>Day 3: Vancouver - ferry ride to Vancouver Island (70 km) - Take the ferry to Vancouver Island. Consider a visit to Butchart Gardens before heading along the Marine Scenic Drive to Victoria. Two nights at The Vic Hotel (standard) or the Inn at Laurel Point (deluxe).</li>\r\n<li>Day 4: Victoria - This day is at leisure to explore Victoria. The Inner Harbour is the perfect starting point for excursions such as whale watching, scenic flights, or kayaking.</li>\r\n<li>Day 5: Victoria - Nanaimo - Port Alberni &ndash; Tofino (321 km) - Visit the Native Heritage Center in Duncan. Stop at Cathedral Cove Park for a short hike among 800-year-old Douglas firs. Two nights at Middle Beach Lodge (standard &amp; deluxe) near the National Park.</li>\r\n<li>Day 6: Pacific Rim National Park (60 km) - Explore the long beaches and fascinating rain forests of the park. Optional half-day whale-watching tours offer the chance to see sea lions, sea otters, and grey whales.</li>\r\n<li>Day 7: Tofino - Nanaimo - Whistler (308 km) - Return to the mainland and drive the famous Sea to Sky Highway to Whistler. Two nights at the Adara Hotel (standard) or the Pan Pacific Mountainside Hotel (deluxe).</li>\r\n<li>Day 8: Whistler - Spend the day in this world-class resort. Consider riding the gondola up to Whistler Mountain for stunning views and hiking trails, or take a scenic flight over the mountains.</li>\r\n<li>Day 9: Whistler - Cache Creek - Kamloops (300 km) - Follow the historic Duffey Lake Road logging route to Kamloops. Overnight at the Sandman Signature Hotel (standard &amp; deluxe).</li>\r\n<li>Day 10: Kamloops - Clearwater - Jasper (439 km) - Head north to Jasper. En route, enjoy spectacular vistas of Mount Robson, the highest peak in the Canadian Rockies. Two nights at Beckers&rsquo; Chalets (standard) or at the Jasper Inn &amp; Suites (deluxe).</li>\r\n<li>Day 11: Jasper National Park (approx. 100 km) - Explore the park at your leisure. At Maligne Lake, you can take a boat tour or go hiking. Look for local wildlife such as elk, bighorn sheep, and bears.</li>\r\n<li>Day 12: Jasper - Icefields Parkway - Canmore (312 km) - Travel the scenic Icefields Parkway. Visit the Columbia Icefield for a glacier tour and see famous Lake Louise. Two nights at the Grande Rockies Resort (standard &amp; deluxe).</li>\r\n<li>Day 13: Banff National Park (approx. 100 km) - A full day at leisure to explore Banff. Activities include the Sulphur Mountain gondola, the Hot Springs, river rafting, or horseback riding.</li>\r\n<li>Day 14: Canmore - Calgary (121 km) - Head to your final destination, the Olympic city of Calgary, to return your rental car and board your flight home.</li>\r\n</ul>',NULL),
(30,11,0,'Western Canada',NULL),
(30,12,0,'14 days / 13 nights',NULL),
(30,13,0,'2,300.00',NULL),
(30,14,0,'Vancouver – Victoria – Tofino – Whistler – Kamloops – Jasper – Icefields Parkway – Banff/Canmore – Calgary',NULL),
(30,15,0,'Relaxed',NULL),
(30,18,0,'<p>Daily departures 2026</p>',NULL),
(30,19,0,'<p><strong>Rates per person from Vancouver to Calgary (or vice versa) in CAD:</strong></p>\r\n<ul>\r\n<li><strong>Standard Version:</strong> Double occupancy 2,300.00 / Single occupancy 4,590.00</li>\r\n<li><strong>Deluxe Version:</strong> Double occupancy 3,010.00 / Single occupancy 5,800.00</li>\r\n<li>Triple &amp; quad occupancy rates available on request.</li>\r\n</ul>\r\n<p><strong>Package includes:</strong></p>\r\n<ul>\r\n<li>13 nights accommodation at standard or deluxe hotels as selected.</li>\r\n<li>Information package including detailed itinerary and road map.</li>\r\n<li>Telephone hot line based in Canada, all applicable taxes.</li>\r\n</ul>\r\n<p><strong>Package excludes:</strong></p>\r\n<ul>\r\n<li>meals, national park fees, rental vehicle.</li>\r\n<li>ferry ride to/from Vancouver Island.</li>\r\n<li>optional activities (gondolas, whale watching, glacier tours, etc.).</li>\r\n<li>tips and baggage handling.</li>\r\n</ul>\r\n<p><strong>Conditions:</strong></p>\r\n<ul>\r\n<li>Surcharges: Vancouver (07.06. - 08.07.2026 FIFA World Cup) and Calgary (03.07. - 12.07.2026 Stampede).</li>\r\n<li>Ferries between Vancouver and Vancouver Island: rates available on request.</li>\r\n</ul>',NULL),
(30,24,0,'Vancouver',NULL),
(30,30,0,'images/packages/pacific rim.jpg',NULL),
(30,33,0,'One-way route with choice between two hotel categories',NULL),
(31,4,0,'<p>This classical route through British Columbia and Alberta includes everything you will want to visit while in Western Canada: vineyards in the Interior, peaks and beautiful alpine lakes in the Rocky Mountains and, of course, the great city of Vancouver. The highlight of this tour: You drive with zero emissions and low charging cost in a Tesla electric car from the Pacific through the Rockies and back again while reaching all these highlights with a minimal carbon footprint. We offer this tour with two hotel categories: our standard tour with moderate-class hotels and the deluxe tour featuring first-class and moderate first-class hotels.</p>',NULL),
(31,5,0,'<ul>\r\n<li>Drive the \"Last Great Frontier\" with zero emissions in a luxurious Tesla electric car</li>\r\n<li>Minimize your carbon footprint while exploring the best of British Columbia and Alberta</li>\r\n<li>Visit the Okanagan Valley, home to Canada\'s only desert and world-class wineries</li>\r\n<li>Relax at Ainsworth Hot Springs in the heart of the idyllic West Kootenays</li>\r\n<li>Traverse the world-famous Icefields Parkway between Banff and Jasper National Parks</li>\r\n<li>Enjoy multi-night stays in Penticton, Nelson, Banff, Jasper, and Whistler</li>\r\n<li>Experience the record-breaking Peak 2 Peak Gondola in the Olympic resort of Whistler</li>\r\n<li>Choice of two hotel categories: Standard (moderate-class) or Deluxe (first-class)</li>\r\n</ul>',NULL),
(31,7,0,'SDEV',NULL),
(31,9,0,'Self Drive',NULL),
(31,10,0,'<ul>\r\n<li>Day 1: Arrival in Vancouver (20 km) - Upon arrival at Vancouver airport, pick up your Tesla rental car and drive to your hotel. Overnight at the Sandman Signature Airport Hotel (standard and deluxe).</li>\r\n<li>Day 2: Vancouver &ndash; Manning Park &ndash; Penticton (400 km) - Depart Vancouver and drive through Manning Provincial Park to the Okanagan Valley. Stop at Fort Langley National Historic Park. Two nights at the Penticton Lakeside Resort (standard and deluxe).</li>\r\n<li>Day 3: Penticton/Osoyoos and area (ca. 150 km) - Visit Canada\'s only desert in Osoyoos. Explore the Nk\'mip Desert Cultural Center or the Osoyoos Desert Center. Enjoy wine tastings at local wineries.</li>\r\n<li>Day 4: Penticton &ndash; Castlegar &ndash; Nelson (325 km) - Drive to the West Kootenays. Spend two nights at the Prestige Lakeside Resort in Nelson. Enjoy walking directly from the hotel onto the historic main street.</li>\r\n<li>Day 5: Nelson and area - Take a dip in the hot springs at Ainsworth. On the return to Nelson, enjoy a stroll at Lakeside Park.</li>\r\n<li>Day 6: Nelson &ndash; Nakusp &ndash; Revelstoke (250 km + ferry) - Drive to the edge of Mount Revelstoke National Park. Visit the Revelstoke Railway Museum and stay overnight at the Regent Hotel (standard and deluxe).</li>\r\n<li>Day 7: Revelstoke &ndash; Golden &ndash; Banff/Canmore (285 km) - Highlights include the Giant Cedars Trail, Rogers Pass, and Emerald Lake in Yoho National Park. Stay two nights at Grande Rockies Resort (standard) or Canalta Lodge (deluxe).</li>\r\n<li>Day 8: Banff National Park - A full day at leisure. Explore the town of Banff, ride the Sulphur Mountain gondola, or relax in the local hot springs.</li>\r\n<li>Day 9: Banff/Canmore &ndash; Lake Louise &ndash; Jasper (288 km) - Travel the Icefields Parkway. See Peyto Lake, the Columbia Icefield, and Athabasca Falls. Two nights at the Marmot Lodge (standard) or the Crimson Jasper Hotel (deluxe).</li>\r\n<li>Day 10: Jasper National Park (approx. 100 km) - Explore Maligne Canyon and Maligne Lake. Consider a boat cruise to Spirit Island or a local hike.</li>\r\n<li>Day 11: Jasper &ndash; Valemount &ndash; Blue River (212 km) - Enjoy a morning hike at the \"Valley of the Five Lakes\" in Jasper before driving to Blue River. Overnight at Glacier Mountain Lodge (standard &amp; deluxe).</li>\r\n<li>Day 12: Blue River &ndash; Kamloops &ndash; Vernon / Kelowna (345 / 395 km) - Visit Spahat Falls and the historic O&rsquo;Keefe Ranch. Two nights at the Hotel Zed in Kelowna (standard) or the Sparkling Hill Resort in Vernon (deluxe).</li>\r\n<li>Day 13: Okanagan Valley - Relax in the world-class facilities of Sparkling Hill Resort or enjoy a lakeside picnic in the scenic Okanagan Valley.</li>\r\n<li>Day 14: Vernon &ndash; Merritt &ndash; Whistler (470 / 420 km) - Drive through the scenic Nicola Country to Whistler. Schedule a stop in Merritt to charge the vehicle. Two nights at the Adara Hotel (standard) or Pan Pacific Mountainside (deluxe).</li>\r\n<li>Day 15: Whistler / Garibaldi Provincial Park - Day at leisure to explore the village or ride the Peak 2 Peak gondola. Optional sightseeing flights over the Pemberton Icecap are available.</li>\r\n<li>Day 16: Whistler &ndash; Vancouver (125 km) - Return to Vancouver via the Sea to Sky Highway. Spend two nights at the Coast Coal Harbour Hotel (standard) or the Rosewood Hotel Georgia (deluxe).</li>\r\n<li>Day 17: Vancouver - Explore Stanley Park, Gastown, and Granville Island on an optional guided city tour. Visit the Harbour Tower for panoramic views.</li>\r\n<li>Day 18: Return flight - After breakfast, drive to the airport to return your Tesla and fly back home.</li>\r\n</ul>',NULL),
(31,11,0,'Western Canada',NULL),
(31,12,0,'18 days / 17 nights',NULL),
(31,13,0,'3,250.00',NULL),
(31,14,0,'Vancouver – Penticton – Nelson – Revelstoke – Banff/Canmore – Jasper – Blue River – Kelowna/Vernon – Whistler – Vancouver',NULL),
(31,15,0,'Relaxed',NULL),
(31,18,0,'<p>Daily departures 2026</p>',NULL),
(31,19,0,'<p><strong>Rates per person from/to Vancouver in CAD:</strong></p>\r\n<ul>\r\n<li><strong>Standard Version:</strong> Double occupancy 3,250.00 / Single occupancy 6,490.00</li>\r\n<li><strong>Deluxe Version:</strong> Double occupancy 4,120.00 / Single occupancy 8,230.00</li>\r\n<li>Tesla electric vehicle rental (Model 3 or Model Y) is available on request.</li>\r\n</ul>\r\n<p><strong>Package includes:</strong></p>\r\n<ul>\r\n<li>17 nights accommodation at standard or deluxe hotels (as described or similar).</li>\r\n<li>2 breakfasts included at the Sparkling Hill Resort.</li>\r\n<li>Information package including detailed itinerary and road map.</li>\r\n<li>Telephone hot line based in Canada, all applicable taxes.</li>\r\n</ul>\r\n<p><strong>Package excludes:</strong></p>\r\n<ul>\r\n<li>Tesla EV rental (quoted on request).</li>\r\n<li>meals (except those mentioned), national park fees, tips.</li>\r\n<li>optional activities and baggage handling.</li>\r\n</ul>\r\n<p><strong>Conditions:</strong></p>\r\n<ul>\r\n<li>Surcharges: Vancouver (07.06 - 08.07.2026 FIFA World Cup); Calgary (03.07 - 12.07.2026 Stampede).</li>\r\n<li>Tesla rentals include unlimited kilometers and LDW (Loss Damage Waiver).</li>\r\n<li>Most Self-Drive routes can be adapted for Tesla or other EV vehicles upon request.</li>\r\n</ul>',NULL),
(31,24,0,'Vancouver',NULL),
(31,30,0,'images/packages/tesla canada.jpg',NULL),
(31,33,0,' all the highlights in a luxurious electric car, powered by hydroelectricity',NULL),
(32,4,0,'<p>This journey is full of contrasts: In only 15 days you experience the beautiful beaches and rain forests on the west coast of Vancouver Island, the vineyards of BC&rsquo;s fertile Okanagan Valley, interesting little towns in the Interior and the awe-inspiring Rocky Mountains around Banff and Jasp</p>',NULL),
(32,5,0,'<ul>\r\n<li>Experience the ultimate contrast between Pacific rain forests and Rocky Mountain peaks</li>\r\n<li>Explore the rugged west coast of Vancouver Island and Pacific Rim National Park</li>\r\n<li>Visit the historic provincial capital of Victoria</li>\r\n<li>Drive the spectacular Sea to Sky Highway to the Olympic resort of Whistler</li>\r\n<li>Taste world-class wines in the fertile Okanagan Valley</li>\r\n<li>Discover the heritage charm of Nelson and the West Kootenays</li>\r\n<li>Step back in time at the Fort Steele ghost town and the Museum of Rail Travel</li>\r\n<li>Traverse the world-famous Icefields Parkway through the heart of the Rockies</li>\r\n<li>Search for wildlife on the scenic drive from Jasper to Edmonton</li>\r\n</ul>',NULL),
(32,7,0,'SDKOMP',NULL),
(32,9,0,'Self Drive',NULL),
(32,10,0,'<ul>\r\n<li>Day 1: Arrival in Vancouver (20 km) - Upon arrival, pick up your rental car and drive to the Sandman Davie Suites in Downtown Vancouver for a two-night stay.</li>\r\n<li>Day 2: Vancouver - Explore Vancouver, one of the most beautiful cities in the world. Consider an optional hop-on hop-off city tour to visit Stanley Park, historic Gastown, Chinatown, and Granville Island.</li>\r\n<li>Day 3: Vancouver - ferry ride to Vancouver Island (70 km) - Drive to the ferry terminal and cross to Vancouver Island. Drive along the Marine Scenic Drive to Victoria, the capital of British Columbia. Overnight at the Vic Hotel.</li>\r\n<li>Day 4: Victoria - Duncan - Nanaimo - Tofino (321 km) - Visit the Native Heritage Center in Duncan to learn about Cowichan culture. Stop at Cathedral Cove Park to see enormous Douglas Firs. Spend two nights at Middle Beach Lodge in Tofino.</li>\r\n<li>Day 5: Pacific Rim National Park (approx. 70 km) - Day at leisure to explore the beaches and rain forests. Participate in an optional 2-3 hour whale-watching tour to see grey whales in their natural habitat.</li>\r\n<li>Day 6: Tofino - Nanaimo - Vancouver - Whistler (308 km) - Return to the mainland and follow the famous Sea to Sky Highway to Whistler. Enjoy a stroll through the village and overnight at the Adara Hotel.</li>\r\n<li>Day 7: Whistler - Lillooet &ndash; Merritt - Penticton (444 km) - Drive through the beautiful Nicola Country to the Okanagan Valley, famous for its vineyards and orchards. Spend two nights at the Penticton Lakeside Resort.</li>\r\n<li>Day 8: Okanagan Valley (approx. 80 - 100 km) - Explore the valley, visit local wineries, buy fresh seasonal fruit, and go for a swim in the lake.</li>\r\n<li>Day 9: Penticton - Nelson (321 km) - Head into the Kootenay region to the historic town of Nelson. Admire over 300 beautifully restored heritage buildings. Overnight at the Prestige Inn.</li>\r\n<li>Day 10: Nelson - Cranbrook (240 km) - Take the ferry from Balfour to Crawford Bay and continue to Cranbrook. Visit the Canadian Museum of Rail Travel and stay overnight at the St. Eugene Resort.</li>\r\n<li>Day 11: Cranbrook - Fort Steele - Banff (280 km) - Visit the reconstructed ghost town of Fort Steele. Continue to Radium Hot Springs and then to Banff. Spend two nights at the Canalta Lodge.</li>\r\n<li>Day 12: Banff National Park (approx. 100 km) - Day at leisure to explore Banff. Highlights include Lake Louise, Lake Moraine, and the Sulphur Mountain gondola.</li>\r\n<li>Day 13: Banff - Icefields Parkway - Jasper (285 km) - Travel the Icefields Parkway, seeing Peyto Lake, the Columbia Icefield, and Athabasca Falls. Two nights at Becker&rsquo;s Chalets in Jasper.</li>\r\n<li>Day 14: Jasper National Park (approx. 100 km) - Explore Jasper&rsquo;s Maligne Canyon and Maligne Lake. Consider an optional cruise to Spirit Island or a local hike.</li>\r\n<li>Day 15: Jasper &ndash; Edmonton (361 km) - Watch for wildlife on the drive through Jasper and Hinton. Continue to Edmonton and the International Airport for your departure.</li>\r\n</ul>',NULL),
(32,11,0,'Western Canada',NULL),
(32,12,0,'15 days / 14 nights',NULL),
(32,13,0,'2,840.00',NULL),
(32,14,0,'Vancouver – Victoria – Tofino – Whistler – Penticton – Nelson – Cranbrook – Banff – Jasper – Edmonton',NULL),
(32,15,0,'Relaxed',NULL),
(32,18,0,'<p>Daily departures 2026</p>',NULL),
(32,19,0,'<p><strong>Rates per person from Vancouver to Edmonton (or vice versa) in CAD:</strong></p>\r\n<ul>\r\n<li>double occupancy: 2,840.00</li>\r\n<li>single occupancy: 5,660.00</li>\r\n<li>triple &amp; quad occupancy: on request</li>\r\n</ul>\r\n<p><strong>Package includes:</strong></p>\r\n<ul>\r\n<li>14 nights accommodation at the hotels described (or similar, moderate class).</li>\r\n<li>Information package including detailed itinerary and road map.</li>\r\n<li>Telephone hot line based in Canada, all applicable taxes.</li>\r\n</ul>\r\n<p><strong>Package excludes:</strong></p>\r\n<ul>\r\n<li>meals, national park fees, rental vehicle.</li>\r\n<li>ferry ride to/from Vancouver Island.</li>\r\n<li>optional activities, tips, and baggage handling.</li>\r\n</ul>\r\n<p><strong>Conditions:</strong></p>\r\n<ul>\r\n<li>Surcharge: Vancouver (07.06 - 08.07.2026 FIFA World Cup).</li>\r\n<li>Ferries between Vancouver and Vancouver Island: rates available on request.</li>\r\n</ul>',NULL),
(32,24,0,'Vancouver',NULL),
(32,30,0,'images/packages/kootenays.jpg',NULL),
(32,33,0,'in 15 days from Vancouver to Edmonton',NULL),
(33,4,0,'<p>This tour includes everything you will want to visit in British Columbia and Alberta. The National Parks in the Rocky Mountains and on Vancouver Island, the Okanagan Valley, the famous Inside Passage from Prince Rupert to Port Hardy and even Hyder/Alaska are all part of this exciting itinerary. Your clients may choose between two hotel categories: moderate-class hotels (standard) or first-class and moderate first-class hotels (deluxe).</p>',NULL),
(33,5,0,'<ul>\r\n<li>Experience the world-famous 15-hour Inside Passage cruise from Prince Rupert to Port Hardy</li>\r\n<li>Visit the remote outpost of Hyder, Alaska, and the massive Salmon Glacier</li>\r\n<li>Explore the \'Ksan Indian Village in Hazelton with its traditional log buildings and totem poles</li>\r\n<li>Discover the Rocky Mountain National Parks: Banff, Jasper, and Kootenay</li>\r\n<li>Visit the historic ghost town of Fort Steele and the Port Edward Cannery Museum</li>\r\n<li>Traverse the Icefields Parkway and the Columbia Icefield</li>\r\n<li>Enjoy world-class whale watching opportunities in Telegraph Cove and Tofino</li>\r\n<li>Choice between Standard (moderate) and Deluxe (first-class) hotel categories</li>\r\n<li>Comprehensive 21-day journey covering the absolute best of Western Canada</li>\r\n</ul>',NULL),
(33,7,0,'SDHIGH1',NULL),
(33,9,0,'Self Drive',NULL),
(33,10,0,'<ul>\r\n<li>Day 1: Arrival in Vancouver (115 km) - After your arrival at Vancouver airport, pick up your rental car and drive to your hotel. Overnight in Chilliwack at the Coast Langley Hotel (standard) or in Richmond at the Sandman Signature Airport Hotel (deluxe).</li>\r\n<li>Day 2: Langley / Richmond to Penticton (317 / 395 km) - Depart from your hotel and head toward Manning Provincial Park and then on to the Okanagan Valley. Overnight at the Sandman Inn (standard) or the Penticton Lakeside Resort (deluxe).</li>\r\n<li>Day 3: Penticton - Vernon - Revelstoke (260 km) - Travel through the Okanagan Valley, stopping at a local winery. Visit the historic O&rsquo;Keefe Ranch in Vernon. Overnight at the Sandman Hotel (standard) or the Coast Hillcrest Hotel (deluxe) in Revelstoke.</li>\r\n<li>Day 4: Revelstoke - New Denver - Nelson (246 km) - Continue to the historic town of Nelson. Consider a stop at Nakusp Hot Springs. Overnight at the Prestige Inn (standard) or the Prestige Lakeside Resort (deluxe).</li>\r\n<li>Day 5: Nelson - Creston - Cranbrook (230 km) - Stroll through historic Nelson before taking the ferry from Balfour to Crawford Bay. Continue to Cranbrook for an overnight stay at the St. Eugene Resort.</li>\r\n<li>Day 6: Cranbrook - Fort Steele - Radium - Banff (300 km) - Visit the reconstructed ghost town of Fort Steele. Continue to Radium Hot Springs and into the Rockies. Spend two nights at the Grande Rockies Resort in Canmore/Banff.</li>\r\n<li>Day 7: Banff National Park - A full day at leisure to explore Banff. Activities include river rafting, canoeing, horseback riding, or riding the gondola up to Sulphur Mountain followed by a soak in the Hot Springs.</li>\r\n<li>Day 8: Banff - Lake Louise - Jasper (285 km) - Travel the scenic Icefields Parkway. Visit Lake Louise and the Columbia Icefield for an optional glacier tour. Overnight at the Whistler&rsquo;s Inn (standard) or Jasper Inn &amp; Suites (deluxe).</li>\r\n<li>Day 9: Jasper - Maligne Canyon - Prince George (376 km) - Visit spectacular Maligne Canyon in the morning. On the way to Prince George, enjoy great views of Mount Robson, the highest peak in the Canadian Rockies. Overnight at the Sandman Inn (standard) or the Coast Hotel (deluxe).</li>\r\n<li>Day 10: Prince George - Smithers (371 km) - Experience the vastness of the Canadian wilderness on the drive to Smithers. Overnight at the Sandman Hotel (standard) or the Prestige Hudson Bay Lodge (deluxe).</li>\r\n<li>Day 11: Smithers - Hazelton - Stewart - Hyder (332 km) - Visit &lsquo;Ksan Indian Village in Hazelton. Cross the border into Alaska to visit Hyder and see the impressive Salmon Glacier. Overnight at the Ripley Creek Inn.</li>\r\n<li>Day 12: Stewart - Terrace (316 km) - The route takes you back south through rugged northern scenery to Terrace. Overnight at the Sandman Hotel.</li>\r\n<li>Day 13: Terrace - Port Edward - Prince Rupert (147 km) - Visit the Port Edward Cannery Museum. Spend the afternoon exploring the coastal city of Prince Rupert. Overnight at the Prestige Oceanview Hotel (standard) or the Crest Hotel (deluxe).</li>\r\n<li>Day 14: Inside Passage to Vancouver Island - Embark on the famous 15-hour Inside Passage ferry. Watch for bald eagles, dolphins, sea otters, and whales. Arrive late evening in Port Hardy. Overnight at the Kwa&rsquo;lilas Hotel (standard) or the Glen Lyon Inn (deluxe).</li>\r\n<li>Day 15: Port Hardy - Campbell River (238 km) - Drive to the picturesque village of Telegraph Cove for a boat trip to watch killer whales (orcas). Continue to Campbell River. Overnight at the Anchor Inn (standard) or Painter&rsquo;s Lodge (deluxe).</li>\r\n<li>Day 16: Campbell River - Port Alberni - Tofino (274 km) - Stop at Cathedral Cove Park to see 800-year-old Douglas Firs. Spend two nights at the Middle Beach Lodge in Tofino.</li>\r\n<li>Day 17: Pacific Rim National Park (approx. 70 km) - A full day at leisure to explore the beautiful beaches and rain forests of the national park.</li>\r\n<li>Day 18: Tofino - Nanaimo - Duncan - Victoria (321 km) - Visit the Native Heritage Centre in Duncan before reaching Victoria. Spend the afternoon exploring the provincial capital. Overnight at The Vic Hotel (standard) or the Chateau Victoria (deluxe).</li>\r\n<li>Day 19: Victoria - ferry ride to Vancouver (70 km) - Drive the Marine Scenic Drive to Swartz Bay for the ferry to Vancouver. Spend two nights at the Sandman Davie Suites (standard) or the Sutton Place Hotel (deluxe).</li>\r\n<li>Day 20: Vancouver - Explore one of the world\'s most beautiful cities. Optional activities include a city tour of Stanley Park and Gastown, or a ride up the Harbour Tower for panoramic views.</li>\r\n<li>Day 21: Return flight - Drive to the airport and board your flight back home.</li>\r\n</ul>',NULL),
(33,11,0,'Western Canada',NULL),
(33,12,0,'21 days / 20 nights',NULL),
(33,13,0,'3,520.00 ',NULL),
(33,14,0,'Vancouver – Penticton – Revelstoke – Nelson – Cranbrook – Banff – Jasper – Prince George – Smithers – Stewart – Hyder (Alaska) – Prince Rupert – Inside Passage – Port Hardy – Campbell River – Tofino – Victoria – Vancouver',NULL),
(33,15,0,'Relaxed',NULL),
(33,18,0,'<p>Every second day from mid-June to early September (Departure days depend on the schedule of the Inside Passage ferry)</p>',NULL),
(33,19,0,'<p><strong>Package includes:</strong></p>\r\n<ul>\r\n<li>20 nights accommodation at the standard or deluxe hotels described (or similar).</li>\r\n<li>Inside Passage ferry from Prince Rupert to Port Hardy for one standard vehicle and passengers.</li>\r\n<li>Reserved seating in the Aurora Lounge on the Inside Passage (Deluxe hotel category only).</li>\r\n<li>Information package including detailed itinerary and road map.</li>\r\n<li>Telephone hot line based in Canada, all applicable taxes.</li>\r\n</ul>\r\n<p><strong>Package excludes:</strong></p>\r\n<ul>\r\n<li>meals, national park fees, rental vehicle.</li>\r\n<li>ferry ride from Vancouver Island to Vancouver.</li>\r\n<li>optional activities, tips, and baggage handling.</li>\r\n</ul>\r\n<p><strong>Conditions:</strong></p>\r\n<ul>\r\n<li>Surcharge: Vancouver (07.06 - 08.07.2026 FIFA World Cup).</li>\r\n<li>Inside Passage ferry schedule varies; departures are typically every second day.</li>\r\n<li>Ferries between Vancouver and Vancouver Island: rates on request.</li>\r\n</ul>',NULL),
(33,24,0,'Vancouver',NULL),
(33,30,0,'images/packages/ferries.jpg',NULL),
(33,33,0,'including world-famous Inside Passage',NULL),
(34,5,0,'<ul>\r\n<li>Experience the world-famous 15-hour Inside Passage cruise from Prince Rupert to Port Hardy</li>\r\n<li>Bestselling itinerary covering the absolute \"must-see\" highlights of Western Canada</li>\r\n<li>Choice between Standard (moderate) and Deluxe (first-class) hotel categories</li>\r\n<li>Visit \'Ksan Indian Village in Hazelton with its traditional longhouses and totem poles</li>\r\n<li>Explore the Rocky Mountain National Parks: Banff, Jasper, and Yoho</li>\r\n<li>Drive the world-renowned Icefields Parkway and visit famous Lake Louise</li>\r\n<li>Opportunity for whale watching in the picturesque Telegraph Cove</li>\r\n<li>Walk among the ancient 800-year-old Douglas firs at Cathedral Cove Park</li>\r\n<li>Comprehensive exploration of Vancouver and Victoria</li>\r\n</ul>',NULL),
(34,7,0,'SDHIGH2',NULL),
(34,9,0,'Self Drive',NULL),
(34,10,0,'<ul>\r\n<li>Day 1: Arrival in Vancouver (115 km) - After your arrival at Vancouver airport you pick up your rental car and drive to your hotel. Overnight in Richmond at the Sandman Signature Airport Hotel (standard &amp; deluxe).</li>\r\n<li>Day 2: Richmond - Manning Park - Penticton (395 km) - Depart from Richmond and go on to Manning Provincial Park and then on to the Okanagan Valley. Overnight at the Sandman Inn (standard) or the Penticton Lakeside Resort (deluxe) in Penticton.</li>\r\n<li>Day 3: Penticton - Vernon - Revelstoke (260 km) - Travel through the Okanagan Valley, stopping at a well-known winery. Visit historic O&rsquo;Keefe Ranch in Vernon. Overnight at the Sandman Hotel (standard) or the Coast Hillcrest Hotel (deluxe) in Revelstoke.</li>\r\n<li>Day 4: Revelstoke - Golden - Banff - Canmore (310 km) - Continue to the Rocky Mountains. Visit the Rogers Pass Visitor Centre and Yoho National Park highlights like the Natural Bridge and Emerald Lake. Spend two nights at the Grande Rockies Resort (standard &amp; deluxe).</li>\r\n<li>Day 5: Banff National Park - A full day at leisure to tour Banff. Activities include river rafting, canoeing, or horseback riding. Consider riding the gondola up to Sulphur Mountain followed by a soak in the Hot Springs.</li>\r\n<li>Day 6: Canmore - Banff - Lake Louise - Jasper (285 km) - Travel the scenic Icefields Parkway. Visit Lake Louise and the Columbia Icefield for an optional glacier tour. Overnight at the Whistler&rsquo;s Inn (standard) or Jasper Inn &amp; Suites (deluxe) in Jasper.</li>\r\n<li>Day 7: Jasper - Maligne Canyon - Prince George (376 km) - Visit spectacular Maligne Canyon in the morning. Enjoy views of Mount Robson, the highest peak in the Canadian Rockies, on the way to Prince George. Overnight at the Sandman Hotel (standard) or the Coast Hotel (deluxe).</li>\r\n<li>Day 8: Prince George - Smithers (371 km) - Experience the vastness of the country on the drive to Smithers, characterized by endless trees and little lakes. Overnight at the Sandman Hotel (standard) or the Prestige Hudson Bay Lodge (deluxe).</li>\r\n<li>Day 9: Smithers - Hazelton - Prince Rupert (353 km) - Visit the &lsquo;Ksan Indian Village in Hazelton to see traditional longhouses. Continue to Prince Rupert for an overnight stay at the Prestige Oceanview Hotel (standard) or the Crest Hotel (deluxe).</li>\r\n<li>Day 10: Inside Passage to Vancouver Island - Travel the famous Inside Passage from Prince Rupert to Port Hardy. The 15-hour trip offers chances to see bald eagles, dolphins, and whales. Overnight in Port Hardy at the Kwa&rsquo;Lilas Hotel (standard) or the Glen Lyon Inn (deluxe).</li>\r\n<li>Day 11: Port Hardy - Campbell River (238 km) - Visit the picturesque village of Telegraph Cove for an optional whale-watching trip to see killer whales. Overnight at the Anchor Inn (standard) or at Painter&rsquo;s Lodge (deluxe) in Campbell River.</li>\r\n<li>Day 12: Campbell River - Duncan - Victoria (266 km) - Depart for Victoria. Stop at Cathedral Cove Park to see famous 800-year-old Douglas firs. Spend the afternoon exploring Victoria. Overnight at The Vic Hotel (standard) or the Chateau Victoria (deluxe).</li>\r\n<li>Day 13: Victoria - ferry ride to Vancouver (70 km) - Drive to the ferry terminal at Swartz Bay and cross to Vancouver. Spend two nights at the Blue Horizon Hotel (standard) or the Sutton Place Hotel (deluxe).</li>\r\n<li>Day 14: Vancouver - Explore Vancouver&rsquo;s highlights including Stanley Park, historic Gastown, Chinatown, and Granville Island on an optional city tour. Visit the Harbour Tower for spectacular views.</li>\r\n<li>Day 15: Re: Return flight - After breakfast, drive to the airport and fly back home.</li>\r\n</ul>\r\n<p>Optional activities:</p>\r\n<ul>\r\n<li>Whale watching tour in Telegraph Cove or Victoria</li>\r\n<li>Sulphur Mountain Gondola ride in Banff</li>\r\n<li>Columbia Icefield Glacier tour</li>\r\n<li>Canoe trip on Emerald Lake</li>\r\n<li>Hop-on hop-off city tour in Vancouver</li>\r\n<li>Harbour Tower visit in Vancouver</li>\r\n</ul>',NULL),
(34,11,0,'Western Canada',NULL),
(34,12,0,'15 days / 14 nights',NULL),
(34,13,0,'2,710.00',NULL),
(34,14,0,'Vancouver – Penticton – Revelstoke – Yoho – Canmore – Banff – Jasper – Prince George – Smithers – Prince Rupert – Inside Passage – Port Hardy – Victoria – Vancouver',NULL),
(34,15,0,'Relaxed',NULL),
(34,18,0,'<p>Every second day from mid-June to early September (Departure days depend on the schedule of the Inside Passage ferry)</p>',NULL),
(34,19,0,'<p><strong>Package includes:</strong></p>\r\n<ul>\r\n<li>14 nights accommodation at the standard or deluxe hotels described (or similar).</li>\r\n<li>Inside Passage ferry from Prince Rupert to Port Hardy for one standard vehicle and passengers.</li>\r\n<li>Reserved seating in the Aurora Lounge on the Inside Passage (Deluxe hotel category only).</li>\r\n<li>Information package including detailed itinerary and road map.</li>\r\n<li>Telephone hot line based in Canada, all applicable taxes.</li>\r\n</ul>\r\n<p><strong>Package excludes:</strong></p>\r\n<ul>\r\n<li>meals, national park fees, rental vehicle.</li>\r\n<li>ferry ride from Vancouver Island to Vancouver.</li>\r\n<li>tips, optional activities, and baggage handling.</li>\r\n</ul>\r\n<p><strong>Conditions:</strong></p>\r\n<ul>\r\n<li>Surcharge: Vancouver (07.06 - 08.07.2026 FIFA World Cup).</li>\r\n<li>The trip can be booked in reverse.</li>\r\n<li>Ferries between Vancouver and Vancouver Island: rates available on request.</li>\r\n</ul>',NULL),
(34,24,0,'Vancouver',NULL),
(34,30,0,'images/packages/hazelton by Andrew Strain.jpg',NULL),
(34,33,0,'all the highlights in only two weeks',NULL),
(34,34,0,'<p>This fly&amp;drive is truly a bestseller - it includes everything you will want to visit while in Western Canada: vineyards in the Interior, peaks and beautiful alpine lakes in the Rocky Mountains, the Inside Passage from Prince Rupert to Port Hardy, beautiful Vancouver Island and, of course, the great city of Vancouver. We now offer this tour with two hotel categories: our standard tour with moderate-class hotels and our deluxe tour featuring first-class and moderate first-class hotels.</p>',NULL),
(35,4,0,'<p>This exciting new itinerary includes many of Western Canada&rsquo;s main highlights such as Vancouver, Victoria, Pacific Rim National Park, the Inside Passage with BC Ferries and the National Parks of the Rocky Mountains. Because the tour is designed as a one-way that starts in Vancouver and ends in Calgary total driving distance is very reasonable and there is enough time to spend two nights at the most rewarding locations.</p>',NULL),
(35,5,0,'<ul>\r\n<li>Experience a comprehensive one-way journey from the Pacific Coast to the Rocky Mountains</li>\r\n<li>Enjoy the world-famous 15-hour Inside Passage cruise from Port Hardy to Prince Rupert</li>\r\n<li>Explore the ancient rainforests and enormous 800-year-old Douglas firs of Vancouver Island</li>\r\n<li>Visit the picturesque boardwalk community of Telegraph Cove, the best place for orca watching</li>\r\n<li>Discover indigenous culture at the U&rsquo;Mista Cultural Centre and &lsquo;Ksan Indian Village</li>\r\n<li>Traverse the Icefields Parkway, one of the world\'s most spectacular mountain drives</li>\r\n<li>Explore the iconic National Parks: Pacific Rim, Jasper, Banff, and Yoho</li>\r\n<li>Choice of two hotel categories: Moderate-class (Standard) or Moderate First-class (Deluxe)</li>\r\n<li>Ample time with two-night stays at the most rewarding locations</li>\r\n</ul>',NULL),
(35,7,0,'SDHIGH3',NULL),
(35,9,0,'Self Drive',NULL),
(35,10,0,'<ul>\r\n<li>Day 1: Arrival in Vancouver (20 km) - Upon arrival at Vancouver airport, pick up your rental car and drive to your downtown hotel. Two nights are spent at the Sandman Davie Suites (standard) or the Sutton Place Hotel (deluxe).</li>\r\n<li>Day 2: Vancouver - Explore Vancouver, one of the most beautiful cities in the world. Consider an optional guided city tour to visit Stanley Park, historic Gastown, and Granville Island, or ride up the Harbour Tower for panoramic views.</li>\r\n<li>Day 3: Vancouver &ndash; Victoria (70 km) - Take the ferry to Vancouver Island. Visit Butchart Gardens before continuing to Victoria, BC\'s capital. Explore the Inner Harbour, Empress Hotel, and Royal BC Museum. Overnight at The Vic Hotel (standard) or the Chateau Victoria (deluxe).</li>\r\n<li>Day 4: Victoria &ndash; Nanaimo &ndash; Tofino (321 km) - Drive toward the West Coast, stopping at Cathedral Cove Park to admire 800-year-old Douglas firs. Spend two nights at Middle Beach Lodge near Pacific Rim National Park.</li>\r\n<li>Day 5: Pacific Rim National Park (~ 70 km) - Explore long beaches, secluded coves, and ancient rain forests. Optional whale-watching or bear-watching boat tours are the best way to see the park\'s marine wildlife.</li>\r\n<li>Day 6: Tofino &ndash; Port Alberni &ndash; Campbell River (274 km) - Head to Campbell River. Visit the local museum or walk through Elk Falls Provincial Park to see the spectacular waterfalls. Overnight at the Anchor Inn (standard) or Painter&rsquo;s Lodge (deluxe).</li>\r\n<li>Day 7: Campbell River &ndash; Port McNeill / Telegraph Cove (200 km) - Visit the historic boardwalk community of Telegraph Cove, a premier location for orca watching. Spend two nights at Black Bear Resort (standard) or Telegraph Cove Resort (deluxe).</li>\r\n<li>Day 8: Port McNeill / Telegraph Cove - Take a day trip to Alert Bay on Cormorant Island to visit the U&rsquo;Mista Cultural Centre and experience the rich art and culture of the Kwakwaka&rsquo;wakw people.</li>\r\n<li>Day 9: Inside Passage - Embark on the famous 15-hour Inside Passage cruise from Port Hardy to Prince Rupert. Enjoy spectacular fjord scenery and watch for bald eagles, dolphins, and whales. Overnight at the Prestige Oceanview Hotel (standard) or the Crest Hotel (deluxe).</li>\r\n<li>Day 10: Prince Rupert &ndash; Hazelton &ndash; Smithers (353 km) - Visit the &lsquo;Ksan Indian Village in Hazelton to see traditional longhouses and totem poles. Continue to Smithers for an overnight stay at the Sandman Hotel (standard) or Prestige Hudson Bay Lodge (deluxe).</li>\r\n<li>Day 11: Smithers &ndash; Prince George (371 km) - Drive through the vast wilderness of the Interior, passing numerous lakes and forests. Overnight at the Sandman Hotel (standard) or the Coast Hotel (deluxe).</li>\r\n<li>Day 12: Prince George &ndash; Jasper (376 km) - Head toward the Rockies with spectacular vistas of Mount Robson. Consider a hike along the Kinney Lake Trail. Two nights at the Whistler&rsquo;s Inn (standard) or the Jasper Inn &amp; Suites (deluxe).</li>\r\n<li>Day 13: Jasper National Park (~ 100 km) - Explore the wonders of Jasper, including Maligne Canyon and Maligne Lake. Optional activities include a boat cruise to Spirit Island or mountain hiking.</li>\r\n<li>Day 14: Jasper &ndash; Icefields Parkway &ndash; Canmore (285 km) - Travel the Icefields Parkway, seeing Peyto Lake, the Columbia Icefield, and Athabasca Falls. Two nights at the Grande Rockies Resort.</li>\r\n<li>Day 15 and 16: Banff National Park (~ 100 km) - Two full days to explore Lake Louise, Moraine Lake, and Johnston Canyon. Visit the town of Banff and consider taking the gondola up Sulphur Mountain.</li>\r\n<li>Day 17: Canmore &ndash; Calgary (110 km) - Drive to Calgary, Alberta&rsquo;s largest city. Sights like the Calgary Tower and Eau Claire Market are within walking distance. Overnight at the Sandman Downtown Signature (standard) or Hotel Arts (deluxe).</li>\r\n<li>Day 18: Departure - Return your rental car at Calgary International Airport and board your flight home.</li>\r\n</ul>',NULL),
(35,11,0,'Western Canada',NULL),
(35,12,0,'18 days / 17 nights',NULL),
(35,13,0,'3,260.00',NULL),
(35,14,0,'Vancouver – Victoria – Tofino – Campbell River – Telegraph Cove – Port McNeill – Inside Passage – Prince Rupert – Smithers – Prince George – Jasper – Icefields Parkway – Banff – Calgary',NULL),
(35,15,0,'Relaxed',NULL),
(35,18,0,'<p>Departures every second day from mid-June to early September (Departure days depend on the schedule of the Inside Passage ferry)</p>',NULL),
(35,19,0,'<p><strong>Price in CAD per person from Vancouver to Calgary (or vice versa):</strong></p>\r\n<ul>\r\n<li>Standard version (double occupancy): 3,260.00</li>\r\n<li>Standard version (single occupancy): 6,290.00</li>\r\n<li>Deluxe version (double occupancy): 3,820.00</li>\r\n<li>Deluxe version (single occupancy): 7,370.00</li>\r\n<li>Triple &amp; quad occupancy: on request</li>\r\n</ul>\r\n<p><strong>Optional activities:</strong></p>\r\n<ul>\r\n<li>Harbour Tower visit (Vancouver)</li>\r\n<li>Whale-watching or bear-watching tours (Tofino)</li>\r\n<li>Telegraph Cove whale-watching excursion</li>\r\n<li>Alert Bay day trip (Cormorant Island)</li>\r\n<li>Spirit Island boat cruise (Jasper)</li>\r\n<li>Sulphur Mountain gondola (Banff)</li>\r\n</ul>\r\n<p><strong>Package includes:</strong></p>\r\n<ul>\r\n<li>17 nights accommodation at the standard or deluxe hotels described (or similar).</li>\r\n<li>Inside Passage ferry (Port Hardy to Prince Rupert) for one standard vehicle and passengers.</li>\r\n<li>Reserved seating in the Aurora Lounge on the Inside Passage (deluxe category only).</li>\r\n<li>Information package including detailed itinerary and road map.</li>\r\n<li>Telephone hot line based in Canada, all applicable taxes.</li>\r\n</ul>\r\n<p><strong>Package excludes:</strong></p>\r\n<ul>\r\n<li>meals, national park fees, rental vehicle.</li>\r\n<li>ferry rides from Vancouver to Vancouver Island.</li>\r\n<li>tips, optional activities, and baggage handling.</li>\r\n</ul>\r\n<p><strong>Conditions:</strong></p>\r\n<ul>\r\n<li>Surcharges apply: Vancouver (07.06 - 08.07.2026 FIFA World Cup) and Calgary (03.07. - 12.07.2026 Stampede).</li>\r\n<li>The trip can also be booked in reverse.</li>\r\n<li>Ferries between Vancouver and Vancouver Island rates available on request.</li>\r\n</ul>',NULL),
(35,24,0,'Vancouver',NULL),
(35,30,0,'images/packages/inside passage by Appleby Media .jpg',NULL),
(35,33,0,'including world-famous Inside Passage',NULL),
(36,4,0,'<p>Experience Western Canada&rsquo;s fantastic golf &amp; spa resorts. The mix of challenging golf courses, peaceful spas and luxurious accommodations will restore your balance and energy. Travel through spectacular scenery in the Canadian Rockies, the Okanagan-Valley, the Lower Mainland and Vancouver Island. Additional rounds of golf, spa treatments and/or day adventures can also be arranged.</p>',NULL),
(36,5,0,'<ul>\r\n<li>Play 8 rounds of 18-hole golf at premier Canadian courses including Fairmont Banff Springs and Jasper Park Lodge</li>\r\n<li>Enjoy 17 nights in luxurious accommodations including world-class golf and spa resorts</li>\r\n<li>Discover the \"crystal architecture\" and transformative European spa treatments at Sparkling Hill Resort</li>\r\n<li>Experience the \"Napa of the North\" with visits to top wineries in the fertile Okanagan Valley</li>\r\n<li>Indulge in an authentic Native gourmet meal at the Little Shuswap Nation\'s Talking Rock Golf Course</li>\r\n<li>Play Canada\'s only 36-hole Nicklaus Design layout at Bear Mountain in Victoria</li>\r\n<li>Traverse the Icefields Parkway, rated as one of the most scenic drives in the world</li>\r\n<li>Included hop-on hop-off city tour of Vancouver&rsquo;s famous landmarks</li>\r\n<li>Visit the historic Inner Harbour of Victoria and the world-renowned Butchart Gardens</li>\r\n</ul>',NULL),
(36,7,0,'SDGSPA',NULL),
(36,9,0,'Self Drive',NULL),
(36,10,0,'<ul>\r\n<li>Day 1: Calgary &ndash; Banff (128 km) - Welcome to Canada! Travel to the Canadian Rocky Mountains for a two night stay at Moose Hotel &amp; Suites. Take time to immerse yourself in the spa to refresh your body and soul.</li>\r\n<li>Day 2: Fairmont Banff Springs Golf Course, Banff - Play a captivating and challenging layout set in the heart of the Rockies. Designed by Stanley Thompson, this course offers breathtaking views in every direction. Afternoon at leisure in Banff National Park.</li>\r\n<li>Day 3: Banff &ndash; Jasper (285 km) - Travel the world-famous Icefields Parkway through majestic peaks and ancient glaciers. Check into the Forest Park Hotel for a three night stay.</li>\r\n<li>Day 4: Jasper Park Lodge Golf Course, Jasper - Play one of Stanley Thompson\'s finest works, meandering past glacier-fed lakes and through a wildlife corridor. Afternoon at leisure or optional Maligne Lake Cruise.</li>\r\n<li>Day 5: Jasper National Park (approx. 80 km) - A day at leisure to explore Jasper. Recommended visits include the spectacular Maligne Canyon and Maligne Lake.</li>\r\n<li>Day 6: Jasper &ndash; Clearwater &ndash; Sun Peaks (~ 450 km) - Drive via Clearwater and stop for spectacular vistas of Mount Robson. Spend 2 nights at the Sun Peaks Grand Hotel in the mountain resort of Sun Peaks.</li>\r\n<li>Day 7: The Talking Rock Golf Course, Chase (ca. 240 km) - Play the pride of the Little Shuswap Nation, featuring breathtaking views from the upper holes. Later, experience an authentic Native gourmet meal in the lodge dining room.</li>\r\n<li>Day 8: Sun Peaks - Vernon (~ 170 km) - Drive to the Sparkling Hill Resort for a three night stay. Discover crystal architecture featuring Swarovski crystals and enjoy traditional European spa treatments.</li>\r\n<li>Day 9: The Ridge at Predator Ridge Golf Resort, Vernon - Play a challenging but playable course designed by Doug Carrick that celebrates the surrounding scenery and offers views of Lake Okanagan.</li>\r\n<li>Day 10: The Predator at Predator Ridge Golf Resort, Vernon - Designed by Les Furber, this course offers rolling hills and undulating greens for an unforgettable golfing experience.</li>\r\n<li>Day 11: Vernon &ndash; Oliver (~ 160 km) - Enter the heart of Okanagan wine country, the \"Napa of the North.\" Visit local wineries en route to the Coast Oliver Hotel for a two-night stay.</li>\r\n<li>Day 12: Fairview Mountain Golf Course, Oliver (28 km each way) - Play a course consistently rated a Four Star ranking by Golf Digest, located within 15 minutes of over 20 top wineries.</li>\r\n<li>Day 13: Oliver &ndash; Vancouver (~ 410 km) - Drive to Vancouver for a two night stay at The Sutton Place Hotel. Enjoy the energy-restoring treatments at the Vida Spa.</li>\r\n<li>Day 14: Vancouver - Explore Vancouver on a Big Bus City Tour. Visit Stanley Park, historic Gastown, Chinatown, and Granville Island.</li>\r\n<li>Day 15: Vancouver &ndash; Victoria (70 km) - Travel to Vancouver Island for a three night stay at The Fairways Hotel on the Mountain. Experience the award-winning Sante Spa at Bear Mountain Resort.</li>\r\n<li>Day 16: Bear Mountain &amp; Valley Course, Victoria - Play Canada&rsquo;s only 36-hole Nicklaus Design layout. Courses offer panoramic mountain, city, and ocean views.</li>\r\n<li>Day 17: Victoria - Enjoy the sights of Victoria, including the Royal BC Museum and Butchart Gardens. Consider an optional whale watch tour to see native Orcas.</li>\r\n<li>Day 18: Return Flight - Drive to the airport, return your car rental, and board your flight home.</li>\r\n</ul>',NULL),
(36,11,0,'Western Canada',NULL),
(36,12,0,'18 days / 17 nights',NULL),
(36,13,0,' 7,190.00',NULL),
(36,14,0,'Calgary – Banff – Jasper – Sun Peaks – Chase – Vernon – Oliver – Vancouver – Victoria',NULL),
(36,15,0,'Relaxed',NULL),
(36,18,0,'<p>Daily departures available from June through October 2026</p>',NULL),
(36,19,0,'<p><strong>Rates per person in CAD from Calgary to Vancouver:</strong></p>\r\n<ul>\r\n<li>double occupancy: 7,190.00</li>\r\n<li>single occupancy: 12,330.00</li>\r\n</ul>\r\n<p><strong>Package includes:</strong></p>\r\n<ul>\r\n<li>17 nights accommodation at specified golf &amp; spa resorts or hotels.</li>\r\n<li>8 rounds of golf (18 holes each) including power cart.</li>\r\n<li>Hop-on hop-off bus ticket for Vancouver city tour.</li>\r\n<li>Information package including detailed itinerary and road map.</li>\r\n<li>Telephone hotline based in Canada, all applicable taxes.</li>\r\n</ul>\r\n<p><strong>Package excludes:</strong></p>\r\n<ul>\r\n<li>meals, spa entry fees or treatments, national park fees.</li>\r\n<li>ferries between Vancouver and Vancouver Island, rental vehicle.</li>\r\n<li>additional rounds of golf, tips, and baggage handling.</li>\r\n</ul>\r\n<p><strong>Conditions:</strong></p>\r\n<ul>\r\n<li>Surcharges apply: Vancouver (07.06 - 08.07.2026 FIFA World Cup) and Calgary (03.07. - 12.07.2026 Stampede).</li>\r\n<li>Single golfers will be matched with a pre-booked twosome/threesome; cart share is included.</li>\r\n<li>Appropriate golf attire is mandatory at all courses (soft spikes or soft-soled running shoes only).</li>\r\n</ul>',NULL),
(36,24,0,'Calgary',NULL),
(36,30,0,'images/packages/golf.jpg',NULL),
(36,33,0,'Relax, Restore & Rejuvenate',NULL),
(37,4,0,'<p>This tour links the Mackenzie, Liard and Alaska Highways through Northern Alberta, the Northwest Territories and Northern British Columbia. These are uncrowded highways, sometimes gravel roads, through true wilderness. Some of the scenic highlights include beautiful river valleys, such as the Peace River and Mackenzie River valleys, roaring waterfalls along the Waterfalls Route and spectacular mountains along the Alaska Highway. Visiting northern communities will introduce you to a special way of life. There are quiet little First Nations&rsquo; communities as well as cosmopolitan towns that welcome travellers. There are plenty of opportunities for wildlife watching here too, free-roaming bison, moose and black bears are just some of the wild animals that can often be seen.</p>',NULL),
(37,5,0,'<ul>\r\n<li>Journey through true wilderness on the Mackenzie, Liard, and Alaska Highways</li>\r\n<li>Explore Wood Buffalo National Park, a UNESCO World Heritage Site and home to free-roaming wood bison</li>\r\n<li>Visit Nahanni National Park, famous for the spectacular Virginia Falls (twice the height of Niagara Falls)</li>\r\n<li>Drive the \"Waterfalls Route\" featuring Alexandra Falls, Louise Falls, and Lady Evelyn Falls</li>\r\n<li>Discover Yellowknife, the modern and vibrant capital of the Northwest Territories</li>\r\n<li>Experience the unique way of life in northern First Nations&rsquo; communities</li>\r\n<li>Drive the legendary Alaska Highway, a marvel of engineering completed in 1942</li>\r\n<li>Traverse the world-famous Icefields Parkway through the heart of the Rocky Mountains</li>\r\n<li>Visit the iconic mountain parks of Jasper and Banff</li>\r\n</ul>',NULL),
(37,7,0,'SDNWT',NULL),
(37,9,0,'Self Drive',NULL),
(37,10,0,'<ul>\r\n<li>Day 1: Arrival in Edmonton (20 km) - Welcome to Alberta! Upon arrival at Edmonton Airport, pick up your rental vehicle and drive to your hotel. Overnight is at the Sandman Signature Downtown Hotel.</li>\r\n<li>Day 2: Edmonton &ndash; Whitecourt &ndash; Peace River (484 km) - Head north to Peace River. The town lies in a spectacularly beautiful valley at the confluence of the Peace, Smoky, and Heart Rivers. Overnight at the Quality Inn &amp; Suites.</li>\r\n<li>Day 3: Peace River &ndash; High Level (294 km) - Continue north on the Mackenzie Highway to High Level, the last Alberta town before reaching the Northwest Territories. Overnight at the Best Western Plus Mirage Hotel.</li>\r\n<li>Day 4: High Level &ndash; Hay River (313 km) - Cross the 60th parallel into the Northwest Territories and begin the \"Waterfalls Route.\" Visit Twin Falls Gorge Territorial Park to see Alexandra and Louise Falls. Overnight in Hay River at the Ptarmigan Inn.</li>\r\n<li>Day 5: Hay River &ndash; Fort Smith (268 km) - Drive to Fort Smith, the gateway to North America&rsquo;s largest national park, Wood Buffalo National Park. Spend two nights at the Wood Buffalo Inn.</li>\r\n<li>Day 6: Wood Buffalo National Park - Explore this UNESCO World Heritage Site, which protects one of the last remaining herds of free-roaming wood bison in the world.</li>\r\n<li>Day 7: Fort Smith &ndash; Hay River (268 km) - Return to the community of Hay River on the shores of Great Slave Lake. Overnight at the Ptarmigan Inn.</li>\r\n<li>Day 8: Hay River &ndash; F. Providence &ndash; Yellowknife (482 km) - See McNally Creek and Lady Evelyn Falls. Take a free ferry over the Mackenzie River and watch for bison in the Mackenzie Bison Sanctuary before arriving in Yellowknife. Two nights at the Explorer Hotel.</li>\r\n<li>Day 9: Yellowknife - Explore the modern capital city. Visit the Prince of Wales Northern Heritage Centre and the Northern Frontier Visitors&rsquo; Centre. Enjoy local delicacies like caribou or arctic char in the evening.</li>\r\n<li>Day 10: Yellowknife &ndash; Fort Providence (314 km) - Drive back to Fort Providence. Enjoy another chance to spot free-roaming wood bison in the sanctuary. Overnight at the Snowshoe Inn.</li>\r\n<li>Day 11: Fort Providence &ndash; Fort Simpson (324 km) - Continue to Fort Simpson, the gateway to Nahanni National Park. Visit Sambaa Deh Falls Territorial Park en route and take a ferry over the Liard River. Two nights at the Bannockland Inn.</li>\r\n<li>Day 12: Fort Simpson - Visit Fort Simpson Heritage Park. A highly recommended optional sightseeing flight to Virginia Falls in Nahanni National Park offers spectacular views of the 96-metre drop.</li>\r\n<li>Day 13: Fort Simpson &ndash; Fort Liard &ndash; Fort Nelson (494 km) - Follow the scenic Liard River Valley featuring inspiring views of the Nahanni Mountains. Cross into British Columbia for an overnight stay at the Woodlands Inn in Fort Nelson.</li>\r\n<li>Day 14: Fort Nelson &ndash; Fort St. John (379 km) - Begin driving the legendary Alaska Highway toward Fort St. John. Overnight at the Northern Grand Hotel.</li>\r\n<li>Day 15: Fort St. John &ndash; Grande Prairie (209 km) - Leave Fort St. John and head back into Alberta. Overnight at the Sandman Hotel in Grande Prairie.</li>\r\n<li>Day 16: Grande Prairie &ndash; Hinton &ndash; Jasper (397 km) - Drive straight to the Rocky Mountains. Enter Jasper National Park and spend two nights at Becker&rsquo;s Chalets.</li>\r\n<li>Day 17: Jasper National Park (~100 km) - Explore Jasper&rsquo;s Maligne Canyon and beautiful Maligne Lake. Consider an optional boat tour to Spirit Island.</li>\r\n<li>Day 18: Jasper &ndash; Banff (285 km) - Travel the Icefields Parkway, stopping at Athabasca Falls, the Columbia Icefield, and Peyto Lake. Spend two nights at Canalta Lodge in Banff.</li>\r\n<li>Day 19: Banff National Park (~100 km) - A full day to explore Banff. Visit Lake Louise and Lake Moraine, hike Johnston Canyon, or take the gondola up to Sulphur Mountain.</li>\r\n<li>Day 20: Banff &ndash; Calgary (128 km) - Drive to your final destination, the Olympic city of Calgary, to return your rental car and depart. Total mileage: approx. 5,100 km.</li>\r\n</ul>',NULL),
(37,11,0,'Western Canada',NULL),
(37,12,0,'20 days / 19 nights',NULL),
(37,13,0,' 2,980.00',NULL),
(37,14,0,'Edmonton – Peace River – High Level – Hay River – Wood Buffalo National Park – Fort Smith – Yellowknife – Fort Providence – Fort Simpson – Nahanni National Park – Fort Nelson – Fort St. John – Grande Prairie – Jasper – Banff – Calgary',NULL),
(37,15,0,'Relaxed',NULL),
(37,18,0,'<p>Daily departures 2026</p>',NULL),
(37,19,0,'<p><strong>Rates per person in CAD from Edmonton to Calgary (or vice versa):</strong></p>\r\n<ul>\r\n<li>double occupancy: 2,980.00</li>\r\n<li>single occupancy: 5,940.00</li>\r\n<li>triple &amp; quad occupancy: on request</li>\r\n</ul>\r\n<p><strong>Package includes:</strong></p>\r\n<ul>\r\n<li>19 nights accommodation at the hotels described (or similar, tourist and moderate class).</li>\r\n<li>Information package including detailed itinerary and road maps.</li>\r\n<li>Telephone hot line based in Canada, all applicable taxes.</li>\r\n</ul>\r\n<p><strong>Package excludes:</strong></p>\r\n<ul>\r\n<li>meals, national park fees, rental vehicle.</li>\r\n<li>optional activities (Virginia Falls flight, Spirit Island tour, etc.).</li>\r\n<li>tips and baggage handling.</li>\r\n</ul>',NULL),
(37,24,0,'Edmonton',NULL),
(37,30,0,'images/packages/edmonton.jpg',NULL),
(37,33,0,'featuring Wood Buffalo National Park and Nahanni National Park',NULL),
(38,4,0,'<p>This tour not only includes such famous and popular destinations as the Rocky Mountain National Parks, but also some of the most remote regions in the Northwest. Both the Alaska Highway as well as the Cassiar Highway boast spectacular scenery and untouched wilderness. The Cassiar Highway has hardly been touched by tourism. Two nights are spent in the most rewarding spots, so there is plenty of time to enjoy and explore. One of the highlights will no doubt be the little town of Stewart where there are good opportunities for bear watching. A visit to Whistler, site of the Olympic Winter Games in 2010, and Vancouver, known as one of the most beautiful cities in the world, will make this trip complete.</p>',NULL),
(38,5,0,'<ul>\r\n<li>Explore the famous Rocky Mountain National Parks: Banff and Jasper</li>\r\n<li>Journey through the most remote regions of the Northwest via the Alaska and Cassiar Highways</li>\r\n<li>Experience untouched wilderness and spectacular scenery off the main tourist tracks</li>\r\n<li>Watch black bears and grizzlies fishing for salmon at Fish Creek in Hyder, Alaska</li>\r\n<li>Visit the massive Salmon Glacier and the striking blue Bear Glacier</li>\r\n<li>Stay at the Northern Rockies Lodge on the shores of the turquoise Muncho Lake</li>\r\n<li>Discover indigenous culture at the historic \'Ksan native settlement in Hazelton</li>\r\n<li>Enjoy a ranch experience in the legendary Cariboo Country near Bridge Lake</li>\r\n<li>Visit the Olympic resort of Whistler and the cosmopolitan city of Vancouver</li>\r\n<li>Ample time for exploration with two-night stays in key rewarding locations</li>\r\n</ul>',NULL),
(38,7,0,'SDNORTH',NULL),
(38,9,0,'Self Drive',NULL),
(38,10,0,'<ul>\r\n<li>Day 1: Calgary - Banff (128 km) - Upon arrival at Calgary Airport, pick up your rental car and drive to the Rocky Mountains. Two nights at Canalta Lodge in Banff.</li>\r\n<li>Day 2: Banff National Park (approx. 100 km) - Spend the day exploring Banff. Visit Lake Louise, Lake Moraine, and Johnston Canyon, or take the gondola up to Sulphur Mountain for panoramic views.</li>\r\n<li>Day 3: Banff - Icefields Parkway - Jasper (285 km) - Travel the world-famous Icefields Parkway. Highlights include Peyto Lake, the Columbia Icefield, and Athabasca Falls. Two nights at Becker&rsquo;s Chalets in Jasper.</li>\r\n<li>Day 4: Jasper National Park (approx. 100 km) - Explore Jasper&rsquo;s Maligne Canyon and Maligne Lake. Consider an optional cruise to Spirit Island or a local hike.</li>\r\n<li>Day 5: Jasper - Prince George (376 km) - Head toward Prince George with great views of Mount Robson, the highest peak in the Canadian Rockies. Overnight at the Coast Hotel.</li>\r\n<li>Day 6: Prince G. &ndash; Chetwynd &ndash; Fort St. John (459 km) - Drive further north via Chetwynd and Hudson&rsquo;s Hope to Fort St. John. Overnight at the Northern Grand Hotel.</li>\r\n<li>Day 7: Fort St. John &ndash; Fort Nelson (379 km) - Begin driving the legendary Alaska Highway, a historic route completed in 1942. Overnight at the Woodlands Inn.</li>\r\n<li>Day 8: Fort Nelson &ndash; Muncho Lake (248 km) - Continue to the spectacular Northern Rockies and Stone Mountain Park. Two nights at the Northern Rockies Lodge at Muncho Lake.</li>\r\n<li>Day 9: Muncho Lake - A day at leisure to explore Muncho Lake Park. Enjoy hiking, fishing, boating, or an optional flightseeing tour.</li>\r\n<li>Day 10: Muncho Lake &ndash; Watson Lake (282 km) - Follow the Alaska Highway to Watson Lake in the Yukon Territory. Overnight at Andrea&rsquo;s Hotel.</li>\r\n<li>Day 11: Watson Lake &ndash; Dease Lake (255 km) - Begin heading south along the Cassiar Highway. Stop at Boya Lake Park for a hike or swim. Overnight at the Northway Motor Inn.</li>\r\n<li>Day 12: Dease Lake &ndash; Stewart (398 km) - Continue south through rugged wilderness. See the impressive Bear Glacier before arriving in Stewart for a two-night stay at the Ripley Creek Inn.</li>\r\n<li>Day 13: Stewart &ndash; Hyder (approx. 50 km) - Take a side trip to Hyder, Alaska. Visit Fish Creek for bear watching or drive to the spectacular Salmon Glacier.</li>\r\n<li>Day 14: Stewart &ndash; Hazelton &ndash; Smithers (332 km) - Visit the \'Ksan native settlement in Hazelton to see totem poles and traditional longhouses. Overnight at the Prestige Hudson Bay Lodge in Smithers.</li>\r\n<li>Day 15: Smithers &ndash; Prince George (371 km) - Visit the historic Hudson&rsquo;s Bay Company trading post at Fort St. James. Overnight at the Coast Hotel in Prince George.</li>\r\n<li>Day 16: Prince George &ndash; Williams Lake &ndash; Bridge Lake (375 km) - Head into the legendary Cariboo Country. Two nights at Montana Hill Guest Ranch near 100 Mile House.</li>\r\n<li>Day 17: Montana Hill Guest Ranch - Enjoy a day of ranch activities including hiking, cycling, or a guided horseback ride.</li>\r\n<li>Day 18: Bridge Lake &ndash; Lillooet &ndash; Whistler (345 km) - Drive the spectacular old Duffey Lake logging road to the Olympic resort of Whistler. Overnight at the Adara Hotel.</li>\r\n<li>Day 19: Whistler &ndash; Vancouver (123 km) - Return to the Pacific coast via the Sea to Sky Highway. Spend two nights at the Sandman Davie Suites in Downtown Vancouver.</li>\r\n<li>Day 20: Vancouver - Explore Vancouver\'s top sights including Stanley Park, Gastown, and Granville Island on an optional hop-on hop-off city tour.</li>\r\n<li>Day 21: Departure - Drive to the airport and board your flight home. Total mileage: approx. 4,500 km.</li>\r\n</ul>',NULL),
(38,11,0,'Western Canada',NULL),
(38,12,0,'21 days / 20 nights',NULL),
(38,13,0,'3,200.00',NULL),
(38,14,0,'Calgary – Banff – Jasper – Prince George – Fort Nelson – Muncho Lake – Watson Lake – Dease Lake – Stewart – Hyder (Alaska) – Smithers – Prince George – Bridge Lake – Whistler – Vancouver',NULL),
(38,15,0,'Relaxed',NULL),
(38,18,0,'<p>Daily departures 2026</p>',NULL),
(38,19,0,'<p><strong>Rates per person from Calgary to Vancouver (or vice versa) in CAD:</strong></p>\r\n<ul>\r\n<li>double occupancy: 3,200.00</li>\r\n<li>single occupancy: 6,400.00</li>\r\n<li>triple &amp; quad occupancy: on request</li>\r\n</ul>\r\n<p><strong>Package includes:</strong></p>\r\n<ul>\r\n<li>20 nights accommodation at the hotels and lodges described (or similar, moderate class).</li>\r\n<li>Information package including detailed itinerary and road map.</li>\r\n<li>Telephone hot line based in Canada, all applicable taxes.</li>\r\n</ul>\r\n<p><strong>Package excludes:</strong></p>\r\n<ul>\r\n<li>meals, national park entrance fees, rental vehicle.</li>\r\n<li>optional activities, tips, and baggage handling.</li>\r\n</ul>\r\n<p><strong>Conditions:</strong></p>\r\n<ul>\r\n<li>Surcharges apply: Vancouver (07.06. - 08.07.2026 FIFA World Cup) and Calgary (03.07. - 12.07.2026 Stampede).</li>\r\n<li>A valid passport is required for the side trip into Hyder, Alaska (USA).</li>\r\n</ul>',NULL),
(38,24,0,'Calgary',NULL),
(38,30,0,'images/packages/bald eagle.jpg',NULL),
(38,33,0,'featuring Alaska and Cassiar Highways',NULL),
(39,4,0,'<p>This tour will take you to the American states Montana, Wyoming, Idaho, Oregon and Washington and to the Canadian provinces British Columbia and Alberta. Among the nine national parks that you visit there are such world-famous parks as Banff and Jasper National Park in Canada and Glacier and Yellowstone National Park in the United States. Especially in the parks there is often the opportunity to go hiking or participate in other outdoor activities. Often wildlife, such as moose, mountain goat, elk and even black bear, can be viewed, too.</p>',NULL),
(39,5,0,'<ul>\r\n<li>Cross-border epic journey visiting nine spectacular National Parks in Canada and the USA</li>\r\n<li>Explore world-famous Banff and Jasper in the heart of the Canadian Rockies</li>\r\n<li>Experience the geysers, waterfalls, and canyons of Yellowstone, the world\'s oldest National Park</li>\r\n<li>Drive two of the world\'s most scenic roads: Sea to Sky Highway and Going-to-the-Sun Road</li>\r\n<li>Discover the otherworldly volcanic landscapes of Craters of the Moon National Monument</li>\r\n<li>Witness the majestic 4,395 m peak of Mount Rainier in Washington State</li>\r\n<li>Visit the vibrant Pacific Northwest cities of Vancouver and Seattle</li>\r\n<li>Abundant wildlife viewing opportunities including grizzly bears, moose, and mountain goats</li>\r\n</ul>',NULL),
(39,7,0,'SDCANUS',NULL),
(39,9,0,'Self Drive',NULL),
(39,10,0,'<ul>\r\n<li>Day 1: Arrival in Vancouver - Upon arrival at the airport in Vancouver pick up your rental car and drive to your hotel. Two nights at the Sandman Hotel Downtown Vancouver.</li>\r\n<li>Day 2: Vancouver - Explore Vancouver, one of the most beautiful cities in the world. Visit Stanley Park, historic Gastown, and Granville Island, or ride up Harbour Tower for spectacular views over the Coast Mountains.</li>\r\n<li>Day 3: Vancouver - Whistler &ndash; Cache Creek (340 km) - Follow the Sea to Sky Highway to Whistler. Continue via the historic Duffey Lake Road to Lillooet and on to Cache Creek. Overnight at the Destination Inn.</li>\r\n<li>Day 4: Cache Creek - Clearwater (230 km) - Drive through scenic lake country to Clearwater. Two nights at the Best Western Gateway to the Falls.</li>\r\n<li>Day 5: Wells Gray Park (approx. 100 km) - Visit Wells Gray Park to see Helmcken Falls and Dawson Falls. Consider a canoe tour on Clearwater Lake or a hike through alpine meadows.</li>\r\n<li>Day 6: Clearwater - Jasper (340 km) - Pass through Mount Robson Park for vistas of the highest peak in the Canadian Rockies. Two nights at Becker&rsquo;s Chalets in Jasper.</li>\r\n<li>Day 7: Jasper National Park (approx. 100 km) - Explore Jasper&rsquo;s highlights including Maligne Canyon and Maligne Lake. Optional boat tours, horseback riding, and guided fishing are available.</li>\r\n<li>Day 8: Jasper - Icefields Parkway - Canmore (310 km) - Travel the world-renowned Icefields Parkway. See Peyto Lake, the Columbia Icefield, and Athabasca Falls. Two nights at the Grande Rockies Resort.</li>\r\n<li>Day 9: Banff National Park (approx. 100 km) - Explore Banff, Canada\'s oldest national park. Visit Lake Louise and Moraine Lake, and ride the gondola up Sulphur Mountain for views of the Bow Valley.</li>\r\n<li>Day 10: Canmore - Pincher Creek - Waterton (350 km) - Drive south to Waterton National Park. Overnight at the Bayshore Inn.</li>\r\n<li>Day 11: Waterton - Glacier NP &ndash; Kalispell (250 km) - Cross into the USA to visit Glacier National Park in Montana. Drive the spectacular Going-to-the-Sun Road. Overnight in Kalispell at the Super 8 Hotel.</li>\r\n<li>Day 12: Kalispell - Helena (310 km) - Continue south to the city of Helena, Montana&rsquo;s state capital. Overnight at the Days Inn.</li>\r\n<li>Day 13: Helena - West Yellowstone (290 km) - Drive to West Yellowstone, the gateway to Yellowstone National Park. Two nights at Three Bear Lodge.</li>\r\n<li>Day 14: Yellowstone National Park (approx. 275 km) - A full day to explore the world\'s first national park, famous for its geysers (Old Faithful), colorful hot springs, and deep canyons.</li>\r\n<li>Day 15: West Yellowstone - Idaho Falls (180 km) - Cross into Idaho and continue to Idaho Falls. Overnight at the Quality Inn &amp; Suites.</li>\r\n<li>Day 16: Idaho F. - Craters of the Moon - Boise (450 km) - Visit Craters of the Moon National Monument to see volcanic \"moon-like\" landscapes used for astronaut training. Continue to Boise for an overnight stay at the Best Western Vista Inn.</li>\r\n<li>Day 17: Boise - Pendleton (360 km) - Leave Idaho and enter the state of Washington. Overnight at the Holiday Inn Express Pendleton.</li>\r\n<li>Day 18: Pendleton - Mount Rainier NP (440 km) - Drive to Mount Rainier National Park to witness the spectacular 4,395 m peak. Overnight at Nisqually Lodge.</li>\r\n<li>Day 19: Mount Rainier - Seattle (140 km) - Return to the Pacific Coast and head into Seattle. Two nights at the Moore Hotel.</li>\r\n<li>Day 20: Seattle - Enjoy a day at leisure. Stroll through Pike Place Market, visit the Seattle Art Museum, and enjoy the view from the iconic Space Needle.</li>\r\n<li>Day 21: Seattle - Vancouver (230 km) - Drive north across the border and return to Vancouver for your flight home. Total mileage: approx. 5,050 km.</li>\r\n</ul>',NULL),
(39,11,0,'Western Canada',NULL),
(39,12,0,'21 days / 20 nights',NULL),
(39,13,0,'2,930.00',NULL),
(39,14,0,'Vancouver – Whistler – Clearwater – Jasper – Banff – Waterton – Glacier (USA) – Yellowstone – Craters of the Moon – Boise – Mt. Rainier – Seattle – Vancouver',NULL),
(39,15,0,'Relaxed',NULL),
(39,18,0,'<p>Daily departures 2026</p>',NULL),
(39,19,0,'<p><strong>Rates per person from/to Vancouver in USD:</strong></p>\r\n<ul>\r\n<li>double occupancy: 2,930.00</li>\r\n<li>single occupancy: 5,850.00</li>\r\n<li>triple &amp; quad occupancy: on request</li>\r\n</ul>\r\n<p><strong>Package includes:</strong></p>\r\n<ul>\r\n<li>20 nights accommodation at the hotels described (or similar, moderate class).</li>\r\n<li>Information package including detailed itinerary and road map.</li>\r\n<li>Telephone hot line based in Canada, all applicable taxes.</li>\r\n</ul>\r\n<p><strong>Package excludes:</strong></p>\r\n<ul>\r\n<li>meals, national park fees, rental vehicle.</li>\r\n<li>optional activities (gondolas, boat tours, Space Needle, etc.).</li>\r\n<li>tips and baggage handling.</li>\r\n</ul>\r\n<p><strong>Conditions:</strong></p>\r\n<ul>\r\n<li>Surcharge: Vancouver (07.06. - 08.07.2026 FIFA World Cup).</li>\r\n<li>A valid passport and ESTA/Visa are required for the border crossings between Canada and the USA.</li>\r\n</ul>',NULL),
(39,24,0,'Vancouver',NULL),
(39,30,0,'images/packages/waterton.jpg',NULL),
(39,33,0,'Canada - USA – Combo',NULL),
(40,4,0,'<p>Our Vancouver Island Self-Drive is the ideal add-on to your holiday in Western Canada. You will experience Vancouver Island with its old-growth rain forests, the varied wildlife and the interesting history. A whale-watching tour, which is a highlight of any trip to Western Canada, is already included in this package. Due to the Coast&rsquo;s mild climate, this programme is worthwhile in any season.</p>',NULL),
(40,5,0,'<ul>\r\n<li>Ideal add-on to any Western Canada holiday</li>\r\n<li>Explore old-growth rain forests and varied wildlife</li>\r\n<li>Includes a whale-watching tour (choice of Tofino or Victoria)</li>\r\n<li>Visit Pacific Rim National Park&rsquo;s long beaches and secluded coves</li>\r\n<li>See 800-year-old and 5-metre-thick Douglas Firs at Cathedral Cove Park</li>\r\n<li>Discover First Nations history at the Native Heritage Centre in Duncan</li>\r\n<li>Explore the picturesque Inner Harbour of Victoria</li>\r\n<li>Stay at oceanfront properties like Middle Beach Lodge in Tofino</li>\r\n</ul>',NULL),
(40,7,0,'SDVISL',NULL),
(40,9,0,'Self Drive',NULL),
(40,10,0,'<ul>\r\n<li>Day 1: Vancouver - Nanaimo - Tofino (227 km) - In the morning, take the ferry from North Vancouver to Vancouver Island. En route to Tofino, stop at Cathedral Cove Park for a short hike to see 800-year-old and 5-metre-thick Douglas Firs. Overnight at Middle Beach Lodge near Tofino, located right on the ocean.</li>\r\n<li>Day 2: Pacific Rim National Park (approx. 70 km) - Spend the day exploring the beautiful beaches and fascinating rain forests of Pacific Rim National Park. This day includes a half-day whale-watching tour where grey whales are the primary attraction.</li>\r\n<li>Day 3: Tofino - Nanaimo - Duncan - Victoria (321 km) - Depart from Tofino and travel to Duncan to visit the Native Heritage Centre, which provides insight into the Cowichan First Nations. Arrive in Victoria for a two-night stay.</li>\r\n<li>Day 4: Victoria - Explore Victoria&rsquo;s highlights including the Inner Harbour, the Empress Hotel, and the Royal B.C. Museum. You may also participate in a half-day whale-watching tour, where killer whales (orcas) are frequently seen.</li>\r\n<li>Day 5: Victoria - Vancouver (70 km + ferry ride) - Return to the mainland and complete your journey in Vancouver.</li>\r\n</ul>',NULL),
(40,11,0,'Western Canada',NULL),
(40,12,0,'5 days / 4 nights',NULL),
(40,13,0,'900.00',NULL),
(40,14,0,'Vancouver – Nanaimo – Tofino – Pacific Rim National Park – Duncan – Victoria – Vancouver',NULL),
(40,15,0,'Relaxed',NULL),
(40,18,0,'<p>Daily Departures 2026</p>',NULL),
(40,19,0,'<p><strong>Price in CAD per person from / to Vancouver:</strong></p>\r\n<ul>\r\n<li><strong>Standard Version:</strong> Double occupancy 900.00 / Single occupancy 1,600.00</li>\r\n<li><strong>Deluxe Version:</strong> Double occupancy 1,210.00 / Single occupancy 2,210.00</li>\r\n<li>Triple &amp; quad occupancy rates available on request.</li>\r\n</ul>\r\n<p>Price Conditions:</p>\r\n<p><strong>Package includes:</strong></p>\r\n<ul>\r\n<li>4 nights accommodation at standard or deluxe hotels as described (or similar).</li>\r\n<li>Half-day whale-watching tour in Tofino or Victoria (your choice).</li>\r\n<li>Information package including detailed itinerary and road map.</li>\r\n<li>Telephone hot line based in Canada, all applicable taxes.</li>\r\n</ul>\r\n<p><strong>Package excludes:</strong></p>\r\n<ul>\r\n<li>accommodation before and after the tour, meals, national park fees.</li>\r\n<li>rental vehicle, ferry ride to/from Vancouver Island.</li>\r\n<li>tips, optional activities, and baggage handling.</li>\r\n</ul>\r\n<p><strong>Conditions:</strong></p>\r\n<ul>\r\n<li>Additional nights on Salt Spring Island available on request.</li>\r\n<li>The itinerary covers approximately 700 km in total.</li>\r\n</ul>',NULL),
(40,24,0,'Vancouver',NULL),
(40,30,0,'images/packages/tofino beach.jpg',NULL),
(40,33,0,'ideal as add-on',NULL),
(41,4,0,'<p>Trains, planes and no automobiles! Sit back and relax. Enjoy the spectacular scenery from the rugged Canadian Rockies to the laid-back Sunshine Coast of British Columbia. This unique trip features majestic panoramic views only seen by rail and float plane. The trip can also be booked in reverse if preferred.</p>',NULL),
(41,5,0,'<ul>\r\n<li>Experience majestic panoramic views accessible only by rail and floatplane</li>\r\n<li>Indulge in 3 days of luxury GoldLeaf service on the world-famous Rocky Mountaineer</li>\r\n<li>Enjoy all-inclusive gourmet meals and panoramic seating during the train journey</li>\r\n<li>Spectacular coach excursion along the Icefields Parkway between Banff and Jasper</li>\r\n<li>Experience a thrilling floatplane transfer from Vancouver to the Sunshine Coast</li>\r\n<li>Two nights at the cliff-side West Coast Wilderness Lodge in Egmont</li>\r\n<li>Explore world-class destinations: Banff, Jasper, Whistler, and Vancouver</li>\r\n<li>A completely car-free adventure with all major transfers included</li>\r\n</ul>',NULL),
(41,7,0,'RAILADV',NULL),
(41,9,0,'Train Journey',NULL),
(41,10,0,'<ul>\r\n<li>Day 1: Coach transfer: Calgary &ndash; Banff - Welcome to Alberta! Take an airport coach transfer from Calgary to your Banff hotel. Check in to Canalta Lodge for a two-night stay.</li>\r\n<li>Day 2: Banff National Park - Spend the day exploring the mountain town of Banff. Optional activities include a gondola ride up Sulphur Mountain for majestic vistas or a visit to the historic Banff Springs Hotel and Buffalo Nations Luxton Museum.</li>\r\n<li>Day 3: Coach excursion: Banff &ndash; Icefields Parkway &ndash; Jasper - Travel by coach along the spectacular Icefields Parkway to Jasper. Admire the beautiful unspoiled mountain scenery before checking into the Jasper Inn &amp; Suites for two nights.</li>\r\n<li>Day 4: Jasper National Park - Enjoy a day at leisure in Jasper National Park. A highly recommended excursion is Maligne Lake, where you can participate in a cruise to the famous Spirit Island.</li>\r\n<li>Day 5 - 7: Rocky Mountaineer: Jasper &ndash; Quesnel &ndash; Whistler &ndash; Vancouver - Board the Rocky Mountaineer for a three-day spectacular journey in GoldLeaf service. Day 1 travels from Jasper to Quesnel. Day 2 continues to the Olympic town of Whistler for an evening stroll. Day 3 passes through the coastal mountains to the Pacific Ocean, ending in Vancouver. Two nights at the Sutton Place Hotel.</li>\r\n<li>Day 8: Vancouver - Explore Vancouver, one of the most beautiful cities in the world. Shop on Robson Street or join an optional guided city bus tour visiting Stanley Park, Gastown, Chinatown, and Granville Island.</li>\r\n<li>Day 9: Float Plane transfer: Vancouver &ndash; Sechelt &ndash; Egmont - Transfer to the Harbour Air floatplane dock for a scenic flight to the West Coast Wilderness Lodge. Marvel at the unspoiled Pacific Northwest scenery during your two-night stay.</li>\r\n<li>Day 10: West Coast Wilderness Lodge, Egmont - Enjoy a free day at this cliff-side resort on the Sunshine Coast. Experience the crisp salt air and breathtaking views. Included: Breakfast and Dinner. Optional activities include hiking or boat adventures.</li>\r\n<li>Day 11: Float Plane transfer: Egmont &ndash; Sechelt &ndash; Vancouver - Fly back to Vancouver via floatplane. Once back, transfer independently to Vancouver International Airport for your flight home or extend your stay with an optional adventure add-on.</li>\r\n</ul>',NULL),
(41,11,0,'Western Canada',NULL),
(41,12,0,'11 days / 10 nights',NULL),
(41,13,0,'9,020.00',NULL),
(41,14,0,'Calgary – Banff – Icefields Parkway – Jasper – Quesnel – Whistler – Vancouver – Sunshine Coast (Egmont) – Vancouver',NULL),
(41,15,0,'Relaxed',NULL),
(41,18,0,'<p>Every Tuesday from 21.04.2026 &ndash; 29.09.2026</p>',NULL),
(41,19,0,'<p><strong>Rates per person in CAD:</strong></p>\r\n<ul>\r\n<li>double occupancy: 9,020.00</li>\r\n<li>single occupancy: 11,330.00</li>\r\n<li>Surcharge for Ocean View Suite at WCWL (per person): Double 180.00 / Single 360.00</li>\r\n</ul>\r\n<p><strong>Package includes:</strong></p>\r\n<ul>\r\n<li>10 nights accommodation at the hotels described (or similar).</li>\r\n<li>Brewster Airporter coach service from Calgary Airport to Banff.</li>\r\n<li>Coach transfer between Banff and Jasper.</li>\r\n<li>Rocky Mountaineer 3-day GoldLeaf service (Jasper-Quesnel-Whistler-Vancouver) including 3x breakfast and 3x lunch on board.</li>\r\n<li>Harbour Air return floatplane flight (Vancouver-Sechelt-Egmont).</li>\r\n<li>2x breakfast and 2x dinner at West Coast Wilderness Lodge.</li>\r\n<li>Information package with detailed itinerary and telephone hotline based in Canada.</li>\r\n<li>All applicable taxes.</li>\r\n</ul>\r\n<p><strong>Package excludes:</strong></p>\r\n<ul>\r\n<li>meals (except those mentioned above).</li>\r\n<li>independent transfers between hotels and train stations/floatplane docks.</li>\r\n<li>optional activities, tips, and baggage handling.</li>\r\n</ul>\r\n<p><strong>Conditions:</strong></p>\r\n<ul>\r\n<li>Surcharges: Vancouver (07.06 - 08.07.2026 FIFA World Cup).</li>\r\n<li>Itinerary modifications may be required to coincide with flight date arrangements.</li>\r\n<li>The trip can be booked in reverse.</li>\r\n</ul>',NULL),
(41,24,0,'Calgary',NULL),
(41,30,0,'images/packages/train rockies.jpg',NULL),
(41,33,0,'Western Canada by train and floatplane',NULL),
(42,7,0,'Win21',NULL),
(42,9,0,'Winter',NULL),
(42,11,0,'Western Canada',NULL),
(42,15,0,'Relaxed',NULL),
(42,30,0,'images/packages/whistler.jpg',NULL);

--
