(37,11,0,'Western Canada',NULL),
(37,12,0,'20 days / 19 nights',NULL),
(37,13,0,' 2,980.00',NULL),
(37,14,0,'Edmonton – Peace River – High Level – Hay River – Wood Buffalo National Park – Fort Smith – Yellowknife – Fort Providence – Fort Simpson – Nahanni National Park – Fort Nelson – Fort St. John – Grande Prairie – Jasper – Banff – Calgary',NULL),
(37,15,0,'Relaxed',NULL),
(37,18,0,'<p>Daily departures 2026</p>',NULL),
(37,19,0,'<p><strong>Rates per person in CAD from Edmonton to Calgary (or vice versa):</strong></p>\r\n<ul>\r\n<li>double occupancy: 2,980.00</li>\r\n<li>single occupancy: 5,940.00</li>\r\n<li>triple &amp; quad occupancy: on request</li>\r\n</ul>\r\n<p><strong>Package includes:</strong></p>\r\n<ul>\r\n<li>19 nights accommodation at the hotels described (or similar, tourist and moderate class).</li>\r\n<li>Information package including detailed itinerary and road maps.</li>\r\n<li>Telephone hot line based in Canada, all applicable taxes.</li>\r\n</ul>\r\n<p><strong>Package excludes:</strong></p>\r\n<ul>\r\n<li>meals, national park fees, rental vehicle.</li>\r\n<li>optional activities (Virginia Falls flight, Spirit Island tour, etc.).</li>\r\n<li>tips and baggage handling.</li>\r\n</ul>',NULL),
(37,24,0,'Edmonton',NULL),
(37,30,0,'images/packages/edmonton.jpg',NULL),
(37,33,0,'featuring Wood Buffalo National Park and Nahanni National Park',NULL),
(38,4,0,'<p>This tour not only includes such famous and popular destinations as the Rocky Mountain National Parks, but also some of the most remote regions in the Northwest. Both the Alaska Highway as well as the Cassiar Highway boast spectacular scenery and untouched wilderness. The Cassiar Highway has hardly been touched by tourism. Two nights are spent in the most rewarding spots, so there is plenty of time to enjoy and explore. One of the highlights will no doubt be the little town of Stewart where there are good opportunities for bear watching. A visit to Whistler, site of the Olympic Winter Games in 2010, and Vancouver, known as one of the most beautiful cities in the world, will make this trip complete.</p>',NULL),
(38,5,0,'<ul>\r\n<li>Explore the famous Rocky Mountain National Parks: Banff and Jasper</li>\r\n<li>Journey through the most remote regions of the Northwest via the Alaska and Cassiar Highways</li>\r\n<li>Experience untouched wilderness and spectacular scenery off the main tourist tracks</li>\r\n<li>Watch black bears and grizzlies fishing for salmon at Fish Creek in Hyder, Alaska</li>\r\n<li>Visit the massive Salmon Glacier and the striking blue Bear Glacier</li>\r\n<li>Stay at the Northern Rockies Lodge on the shores of the turquoise Muncho Lake</li>\r\n<li>Discover indigenous culture at the historic \'Ksan native settlement in Hazelton</li>\r\n<li>Enjoy a ranch experience in the legendary Cariboo Country near Bridge Lake</li>\r\n<li>Visit the Olympic resort of Whistler and the cosmopolitan city of Vancouver</li>\r\n<li>Ample time for exploration with two-night stays in key rewarding locations</li>\r\n</ul>',NULL),
(38,7,0,'SDNORTH',NULL),
(38,9,0,'Self Drive',NULL),
(38,10,0,'<ul>\r\n<li>Day 1: Calgary - Banff (128 km) - Upon arrival at Calgary Airport, pick up your rental car and drive to the Rocky Mountains. Two nights at Canalta Lodge in Banff.</li>\r\n<li>Day 2: Banff National Park (approx. 100 km) - Spend the day exploring Banff. Visit Lake Louise, Lake Moraine, and Johnston Canyon, or take the gondola up to Sulphur Mountain for panoramic views.</li>\r\n<li>Day 3: Banff - Icefields Parkway - Jasper (285 km) - Travel the world-famous Icefields Parkway. Highlights include Peyto Lake, the Columbia Icefield, and Athabasca Falls. Two nights at Becker&rsquo;s Chalets in Jasper.</li>\r\n<li>Day 4: Jasper National Park (approx. 100 km) - Explore Jasper&rsquo;s Maligne Canyon and Maligne Lake. Consider an optional cruise to Spirit Island or a local hike.</li>\r\n<li>Day 5: Jasper - Prince George (376 km) - Head toward Prince George with great views of Mount Robson, the highest peak in the Canadian Rockies. Overnight at the Coast Hotel.</li>\r\n<li>Day 6: Prince G. &ndash; Chetwynd &ndash; Fort St. John (459 km) - Drive further north via Chetwynd and Hudson&rsquo;s Hope to Fort St. John. Overnight at the Northern Grand Hotel.</li>\r\n<li>Day 7: Fort St. John &ndash; Fort Nelson (379 km) - Begin driving the legendary Alaska Highway, a historic route completed in 1942. Overnight at the Woodlands Inn.</li>\r\n<li>Day 8: Fort Nelson &ndash; Muncho Lake (248 km) - Continue to the spectacular Northern Rockies and Stone Mountain Park. Two nights at the Northern Rockies Lodge at Muncho Lake.</li>\r\n<li>Day 9: Muncho Lake - A day at leisure to explore Muncho Lake Park. Enjoy hiking, fishing, boating, or an optional flightseeing tour.</li>\r\n<li>Day 10: Muncho Lake &ndash; Watson Lake (282 km) - Follow the Alaska Highway to Watson Lake in the Yukon Territory. Overnight at Andrea&rsquo;s Hotel.</li>\r\n<li>Day 11: Watson Lake &ndash; Dease Lake (255 km) - Begin heading south along the Cassiar Highway. Stop at Boya Lake Park for a hike or swim. Overnight at the Northway Motor Inn.</li>\r\n<li>Day 12: Dease Lake &ndash; Stewart (398 km) - Continue south through rugged wilderness. See the impressive Bear Glacier before arriving in Stewart for a two-night stay at the Ripley Creek Inn.</li>\r\n<li>Day 13: Stewart &ndash; Hyder (approx. 50 km) - Take a side trip to Hyder, Alaska. Visit Fish Creek for bear watching or drive to the spectacular Salmon Glacier.</li>\r\n<li>Day 14: Stewart &ndash; Hazelton &ndash; Smithers (332 km) - Visit the \'Ksan native settlement in Hazelton to see totem poles and traditional longhouses. Overnight at the Prestige Hudson Bay Lodge in Smithers.</li>\r\n<li>Day 15: Smithers &ndash; Prince George (371 km) - Visit the historic Hudson&rsquo;s Bay Company trading post at Fort St. James. Overnight at the Coast Hotel in Prince George.</li>\r\n<li>Day 16: Prince George &ndash; Williams Lake &ndash; Bridge Lake (375 km) - Head into the legendary Cariboo Country. Two nights at Montana Hill Guest Ranch near 100 Mile House.</li>\r\n<li>Day 17: Montana Hill Guest Ranch - Enjoy a day of ranch activities including hiking, cycling, or a guided horseback ride.</li>\r\n<li>Day 18: Bridge Lake &ndash; Lillooet &ndash; Whistler (345 km) - Drive the spectacular old Duffey Lake logging road to the Olympic resort of Whistler. Overnight at the Adara Hotel.</li>\r\n<li>Day 19: Whistler &ndash; Vancouver (123 km) - Return to the Pacific coast via the Sea to Sky Highway. Spend two nights at the Sandman Davie Suites in Downtown Vancouver.</li>\r\n<li>Day 20: Vancouver - Explore Vancouver\'s top sights including Stanley Park, Gastown, and Granville Island on an optional hop-on hop-off city tour.</li>\r\n<li>Day 21: Departure - Drive to the airport and board your flight home. Total mileage: approx. 4,500 km.</li>\r\n</ul>',NULL),
(38,11,0,'Western Canada',NULL),
(38,12,0,'21 days / 20 nights',NULL),
(38,13,0,'3,200.00',NULL),
(38,14,0,'Calgary – Banff – Jasper – Prince George – Fort Nelson – Muncho Lake – Watson Lake – Dease Lake – Stewart – Hyder (Alaska) – Smithers – Prince George – Bridge Lake – Whistler – Vancouver',NULL),
(38,15,0,'Relaxed',NULL),
(38,18,0,'<p>Daily departures 2026</p>',NULL),
(38,19,0,'<p><strong>Rates per person from Calgary to Vancouver (or vice versa) in CAD:</strong></p>\r\n<ul>\r\n<li>double occupancy: 3,200.00</li>\r\n<li>single occupancy: 6,400.00</li>\r\n<li>triple &amp; quad occupancy: on request</li>\r\n</ul>\r\n<p><strong>Package includes:</strong></p>\r\n<ul>\r\n<li>20 nights accommodation at the hotels and lodges described (or similar, moderate class).</li>\r\n<li>Information package including detailed itinerary and road map.</li>\r\n<li>Telephone hot line based in Canada, all applicable taxes.</li>\r\n</ul>\r\n<p><strong>Package excludes:</strong></p>\r\n<ul>\r\n<li>meals, national park entrance fees, rental vehicle.</li>\r\n<li>optional activities, tips, and baggage handling.</li>\r\n</ul>\r\n<p><strong>Conditions:</strong></p>\r\n<ul>\r\n<li>Surcharges apply: Vancouver (07.06. - 08.07.2026 FIFA World Cup) and Calgary (03.07. - 12.07.2026 Stampede).</li>\r\n<li>A valid passport is required for the side trip into Hyder, Alaska (USA).</li>\r\n</ul>',NULL),
(38,24,0,'Calgary',NULL),
(38,30,0,'images/packages/bald eagle.jpg',NULL),
(38,33,0,'featuring Alaska and Cassiar Highways',NULL),
(39,4,0,'<p>This tour will take you to the American states Montana, Wyoming, Idaho, Oregon and Washington and to the Canadian provinces British Columbia and Alberta. Among the nine national parks that you visit there are such world-famous parks as Banff and Jasper National Park in Canada and Glacier and Yellowstone National Park in the United States. Especially in the parks there is often the opportunity to go hiking or participate in other outdoor activities. Often wildlife, such as moose, mountain goat, elk and even black bear, can be viewed, too.</p>',NULL),
(39,5,0,'<ul>\r\n<li>Cross-border epic journey visiting nine spectacular National Parks in Canada and the USA</li>\r\n<li>Explore world-famous Banff and Jasper in the heart of the Canadian Rockies</li>\r\n<li>Experience the geysers, waterfalls, and canyons of Yellowstone, the world\'s oldest National Park</li>\r\n<li>Drive two of the world\'s most scenic roads: Sea to Sky Highway and Going-to-the-Sun Road</li>\r\n<li>Discover the otherworldly volcanic landscapes of Craters of the Moon National Monument</li>\r\n<li>Witness the majestic 4,395 m peak of Mount Rainier in Washington State</li>\r\n<li>Visit the vibrant Pacific Northwest cities of Vancouver and Seattle</li>\r\n<li>Abundant wildlife viewing opportunities including grizzly bears, moose, and mountain goats</li>\r\n</ul>',NULL),
(39,7,0,'SDCANUS',NULL),
(39,9,0,'Self Drive',NULL),
(39,10,0,'<ul>\r\n<li>Day 1: Arrival in Vancouver - Upon arrival at the airport in Vancouver pick up your rental car and drive to your hotel. Two nights at the Sandman Hotel Downtown Vancouver.</li>\r\n<li>Day 2: Vancouver - Explore Vancouver, one of the most beautiful cities in the world. Visit Stanley Park, historic Gastown, and Granville Island, or ride up Harbour Tower for spectacular views over the Coast Mountains.</li>\r\n<li>Day 3: Vancouver - Whistler &ndash; Cache Creek (340 km) - Follow the Sea to Sky Highway to Whistler. Continue via the historic Duffey Lake Road to Lillooet and on to Cache Creek. Overnight at the Destination Inn.</li>\r\n<li>Day 4: Cache Creek - Clearwater (230 km) - Drive through scenic lake country to Clearwater. Two nights at the Best Western Gateway to the Falls.</li>\r\n<li>Day 5: Wells Gray Park (approx. 100 km) - Visit Wells Gray Park to see Helmcken Falls and Dawson Falls. Consider a canoe tour on Clearwater Lake or a hike through alpine meadows.</li>\r\n<li>Day 6: Clearwater - Jasper (340 km) - Pass through Mount Robson Park for vistas of the highest peak in the Canadian Rockies. Two nights at Becker&rsquo;s Chalets in Jasper.</li>\r\n<li>Day 7: Jasper National Park (approx. 100 km) - Explore Jasper&rsquo;s highlights including Maligne Canyon and Maligne Lake. Optional boat tours, horseback riding, and guided fishing are available.</li>\r\n<li>Day 8: Jasper - Icefields Parkway - Canmore (310 km) - Travel the world-renowned Icefields Parkway. See Peyto Lake, the Columbia Icefield, and Athabasca Falls. Two nights at the Grande Rockies Resort.</li>\r\n<li>Day 9: Banff National Park (approx. 100 km) - Explore Banff, Canada\'s oldest national park. Visit Lake Louise and Moraine Lake, and ride the gondola up Sulphur Mountain for views of the Bow Valley.</li>\r\n<li>Day 10: Canmore - Pincher Creek - Waterton (350 km) - Drive south to Waterton National Park. Overnight at the Bayshore Inn.</li>\r\n<li>Day 11: Waterton - Glacier NP &ndash; Kalispell (250 km) - Cross into the USA to visit Glacier National Park in Montana. Drive the spectacular Going-to-the-Sun Road. Overnight in Kalispell at the Super 8 Hotel.</li>\r\n<li>Day 12: Kalispell - Helena (310 km) - Continue south to the city of Helena, Montana&rsquo;s state capital. Overnight at the Days Inn.</li>\r\n<li>Day 13: Helena - West Yellowstone (290 km) - Drive to West Yellowstone, the gateway to Yellowstone National Park. Two nights at Three Bear Lodge.</li>\r\n<li>Day 14: Yellowstone National Park (approx. 275 km) - A full day to explore the world\'s first national park, famous for its geysers (Old Faithful), colorful hot springs, and deep canyons.</li>\r\n<li>Day 15: West Yellowstone - Idaho Falls (180 km) - Cross into Idaho and continue to Idaho Falls. Overnight at the Quality Inn &amp; Suites.</li>\r\n<li>Day 16: Idaho F. - Craters of the Moon - Boise (450 km) - Visit Craters of the Moon National Monument to see volcanic \"moon-like\" landscapes used for astronaut training. Continue to Boise for an overnight stay at the Best Western Vista Inn.</li>\r\n<li>Day 17: Boise - Pendleton (360 km) - Leave Idaho and enter the state of Washington. Overnight at the Holiday Inn Express Pendleton.</li>\r\n<li>Day 18: Pendleton - Mount Rainier NP (440 km) - Drive to Mount Rainier National Park to witness the spectacular 4,395 m peak. Overnight at Nisqually Lodge.</li>\r\n<li>Day 19: Mount Rainier - Seattle (140 km) - Return to the Pacific Coast and head into Seattle. Two nights at the Moore Hotel.</li>\r\n<li>Day 20: Seattle - Enjoy a day at leisure. Stroll through Pike Place Market, visit the Seattle Art Museum, and enjoy the view from the iconic Space Needle.</li>\r\n<li>Day 21: Seattle - Vancouver (230 km) - Drive north across the border and return to Vancouver for your flight home. Total mileage: approx. 5,050 km.</li>\r\n</ul>',NULL),
(39,11,0,'Western Canada',NULL),
(39,12,0,'21 days / 20 nights',NULL),
(39,13,0,'2,930.00',NULL),
(39,14,0,'Vancouver – Whistler – Clearwater – Jasper – Banff – Waterton – Glacier (USA) – Yellowstone – Craters of the Moon – Boise – Mt. Rainier – Seattle – Vancouver',NULL),
(39,15,0,'Relaxed',NULL),
(39,18,0,'<p>Daily departures 2026</p>',NULL),
(39,19,0,'<p><strong>Rates per person from/to Vancouver in USD:</strong></p>\r\n<ul>\r\n<li>double occupancy: 2,930.00</li>\r\n<li>single occupancy: 5,850.00</li>\r\n<li>triple &amp; quad occupancy: on request</li>\r\n</ul>\r\n<p><strong>Package includes:</strong></p>\r\n<ul>\r\n<li>20 nights accommodation at the hotels described (or similar, moderate class).</li>\r\n<li>Information package including detailed itinerary and road map.</li>\r\n<li>Telephone hot line based in Canada, all applicable taxes.</li>\r\n</ul>\r\n<p><strong>Package excludes:</strong></p>\r\n<ul>\r\n<li>meals, national park fees, rental vehicle.</li>\r\n<li>optional activities (gondolas, boat tours, Space Needle, etc.).</li>\r\n<li>tips and baggage handling.</li>\r\n</ul>\r\n<p><strong>Conditions:</strong></p>\r\n<ul>\r\n<li>Surcharge: Vancouver (07.06. - 08.07.2026 FIFA World Cup).</li>\r\n<li>A valid passport and ESTA/Visa are required for the border crossings between Canada and the USA.</li>\r\n</ul>',NULL),
(39,24,0,'Vancouver',NULL),
(39,30,0,'images/packages/waterton.jpg',NULL),
(39,33,0,'Canada - USA – Combo',NULL),
(40,4,0,'<p>Our Vancouver Island Self-Drive is the ideal add-on to your holiday in Western Canada. You will experience Vancouver Island with its old-growth rain forests, the varied wildlife and the interesting history. A whale-watching tour, which is a highlight of any trip to Western Canada, is already included in this package. Due to the Coast&rsquo;s mild climate, this programme is worthwhile in any season.</p>',NULL),
(40,5,0,'<ul>\r\n<li>Ideal add-on to any Western Canada holiday</li>\r\n<li>Explore old-growth rain forests and varied wildlife</li>\r\n<li>Includes a whale-watching tour (choice of Tofino or Victoria)</li>\r\n<li>Visit Pacific Rim National Park&rsquo;s long beaches and secluded coves</li>\r\n<li>See 800-year-old and 5-metre-thick Douglas Firs at Cathedral Cove Park</li>\r\n<li>Discover First Nations history at the Native Heritage Centre in Duncan</li>\r\n<li>Explore the picturesque Inner Harbour of Victoria</li>\r\n<li>Stay at oceanfront properties like Middle Beach Lodge in Tofino</li>\r\n</ul>',NULL),
(40,7,0,'SDVISL',NULL),
(40,9,0,'Self Drive',NULL),
(40,10,0,'<ul>\r\n<li>Day 1: Vancouver - Nanaimo - Tofino (227 km) - In the morning, take the ferry from North Vancouver to Vancouver Island. En route to Tofino, stop at Cathedral Cove Park for a short hike to see 800-year-old and 5-metre-thick Douglas Firs. Overnight at Middle Beach Lodge near Tofino, located right on the ocean.</li>\r\n<li>Day 2: Pacific Rim National Park (approx. 70 km) - Spend the day exploring the beautiful beaches and fascinating rain forests of Pacific Rim National Park. This day includes a half-day whale-watching tour where grey whales are the primary attraction.</li>\r\n<li>Day 3: Tofino - Nanaimo - Duncan - Victoria (321 km) - Depart from Tofino and travel to Duncan to visit the Native Heritage Centre, which provides insight into the Cowichan First Nations. Arrive in Victoria for a two-night stay.</li>\r\n<li>Day 4: Victoria - Explore Victoria&rsquo;s highlights including the Inner Harbour, the Empress Hotel, and the Royal B.C. Museum. You may also participate in a half-day whale-watching tour, where killer whales (orcas) are frequently seen.</li>\r\n<li>Day 5: Victoria - Vancouver (70 km + ferry ride) - Return to the mainland and complete your journey in Vancouver.</li>\r\n</ul>',NULL),
(40,11,0,'Western Canada',NULL),
(40,12,0,'5 days / 4 nights',NULL),
(40,13,0,'900.00',NULL),
(40,14,0,'Vancouver – Nanaimo – Tofino – Pacific Rim National Park – Duncan – Victoria – Vancouver',NULL),
(40,15,0,'Relaxed',NULL),
(40,18,0,'<p>Daily Departures 2026</p>',NULL),
(40,19,0,'<p><strong>Price in CAD per person from / to Vancouver:</strong></p>\r\n<ul>\r\n<li><strong>Standard Version:</strong> Double occupancy 900.00 / Single occupancy 1,600.00</li>\r\n<li><strong>Deluxe Version:</strong> Double occupancy 1,210.00 / Single occupancy 2,210.00</li>\r\n<li>Triple &amp; quad occupancy rates available on request.</li>\r\n</ul>\r\n<p>Price Conditions:</p>\r\n<p><strong>Package includes:</strong></p>\r\n<ul>\r\n<li>4 nights accommodation at standard or deluxe hotels as described (or similar).</li>\r\n<li>Half-day whale-watching tour in Tofino or Victoria (your choice).</li>\r\n<li>Information package including detailed itinerary and road map.</li>\r\n<li>Telephone hot line based in Canada, all applicable taxes.</li>\r\n</ul>\r\n<p><strong>Package excludes:</strong></p>\r\n<ul>\r\n<li>accommodation before and after the tour, meals, national park fees.</li>\r\n<li>rental vehicle, ferry ride to/from Vancouver Island.</li>\r\n<li>tips, optional activities, and baggage handling.</li>\r\n</ul>\r\n<p><strong>Conditions:</strong></p>\r\n<ul>\r\n<li>Additional nights on Salt Spring Island available on request.</li>\r\n<li>The itinerary covers approximately 700 km in total.</li>\r\n</ul>',NULL),
(40,24,0,'Vancouver',NULL),
(40,30,0,'images/packages/tofino beach.jpg',NULL),
(40,33,0,'ideal as add-on',NULL),
(41,4,0,'<p>Trains, planes and no automobiles! Sit back and relax. Enjoy the spectacular scenery from the rugged Canadian Rockies to the laid-back Sunshine Coast of British Columbia. This unique trip features majestic panoramic views only seen by rail and float plane. The trip can also be booked in reverse if preferred.</p>',NULL),
(41,5,0,'<ul>\r\n<li>Experience majestic panoramic views accessible only by rail and floatplane</li>\r\n<li>Indulge in 3 days of luxury GoldLeaf service on the world-famous Rocky Mountaineer</li>\r\n<li>Enjoy all-inclusive gourmet meals and panoramic seating during the train journey</li>\r\n<li>Spectacular coach excursion along the Icefields Parkway between Banff and Jasper</li>\r\n<li>Experience a thrilling floatplane transfer from Vancouver to the Sunshine Coast</li>\r\n<li>Two nights at the cliff-side West Coast Wilderness Lodge in Egmont</li>\r\n<li>Explore world-class destinations: Banff, Jasper, Whistler, and Vancouver</li>\r\n<li>A completely car-free adventure with all major transfers included</li>\r\n</ul>',NULL),
(41,7,0,'RAILADV',NULL),
(41,9,0,'Train Journey',NULL),
(41,10,0,'<ul>\r\n<li>Day 1: Coach transfer: Calgary &ndash; Banff - Welcome to Alberta! Take an airport coach transfer from Calgary to your Banff hotel. Check in to Canalta Lodge for a two-night stay.</li>\r\n<li>Day 2: Banff National Park - Spend the day exploring the mountain town of Banff. Optional activities include a gondola ride up Sulphur Mountain for majestic vistas or a visit to the historic Banff Springs Hotel and Buffalo Nations Luxton Museum.</li>\r\n<li>Day 3: Coach excursion: Banff &ndash; Icefields Parkway &ndash; Jasper - Travel by coach along the spectacular Icefields Parkway to Jasper. Admire the beautiful unspoiled mountain scenery before checking into the Jasper Inn &amp; Suites for two nights.</li>\r\n<li>Day 4: Jasper National Park - Enjoy a day at leisure in Jasper National Park. A highly recommended excursion is Maligne Lake, where you can participate in a cruise to the famous Spirit Island.</li>\r\n<li>Day 5 - 7: Rocky Mountaineer: Jasper &ndash; Quesnel &ndash; Whistler &ndash; Vancouver - Board the Rocky Mountaineer for a three-day spectacular journey in GoldLeaf service. Day 1 travels from Jasper to Quesnel. Day 2 continues to the Olympic town of Whistler for an evening stroll. Day 3 passes through the coastal mountains to the Pacific Ocean, ending in Vancouver. Two nights at the Sutton Place Hotel.</li>\r\n<li>Day 8: Vancouver - Explore Vancouver, one of the most beautiful cities in the world. Shop on Robson Street or join an optional guided city bus tour visiting Stanley Park, Gastown, Chinatown, and Granville Island.</li>\r\n<li>Day 9: Float Plane transfer: Vancouver &ndash; Sechelt &ndash; Egmont - Transfer to the Harbour Air floatplane dock for a scenic flight to the West Coast Wilderness Lodge. Marvel at the unspoiled Pacific Northwest scenery during your two-night stay.</li>\r\n<li>Day 10: West Coast Wilderness Lodge, Egmont - Enjoy a free day at this cliff-side resort on the Sunshine Coast. Experience the crisp salt air and breathtaking views. Included: Breakfast and Dinner. Optional activities include hiking or boat adventures.</li>\r\n<li>Day 11: Float Plane transfer: Egmont &ndash; Sechelt &ndash; Vancouver - Fly back to Vancouver via floatplane. Once back, transfer independently to Vancouver International Airport for your flight home or extend your stay with an optional adventure add-on.</li>\r\n</ul>',NULL),
(41,11,0,'Western Canada',NULL),
(41,12,0,'11 days / 10 nights',NULL),
(41,13,0,'9,020.00',NULL),
(41,14,0,'Calgary – Banff – Icefields Parkway – Jasper – Quesnel – Whistler – Vancouver – Sunshine Coast (Egmont) – Vancouver',NULL),
(41,15,0,'Relaxed',NULL),
(41,18,0,'<p>Every Tuesday from 21.04.2026 &ndash; 29.09.2026</p>',NULL),
(41,19,0,'<p><strong>Rates per person in CAD:</strong></p>\r\n<ul>\r\n<li>double occupancy: 9,020.00</li>\r\n<li>single occupancy: 11,330.00</li>\r\n<li>Surcharge for Ocean View Suite at WCWL (per person): Double 180.00 / Single 360.00</li>\r\n</ul>\r\n<p><strong>Package includes:</strong></p>\r\n<ul>\r\n<li>10 nights accommodation at the hotels described (or similar).</li>\r\n<li>Brewster Airporter coach service from Calgary Airport to Banff.</li>\r\n<li>Coach transfer between Banff and Jasper.</li>\r\n<li>Rocky Mountaineer 3-day GoldLeaf service (Jasper-Quesnel-Whistler-Vancouver) including 3x breakfast and 3x lunch on board.</li>\r\n<li>Harbour Air return floatplane flight (Vancouver-Sechelt-Egmont).</li>\r\n<li>2x breakfast and 2x dinner at West Coast Wilderness Lodge.</li>\r\n<li>Information package with detailed itinerary and telephone hotline based in Canada.</li>\r\n<li>All applicable taxes.</li>\r\n</ul>\r\n<p><strong>Package excludes:</strong></p>\r\n<ul>\r\n<li>meals (except those mentioned above).</li>\r\n<li>independent transfers between hotels and train stations/floatplane docks.</li>\r\n<li>optional activities, tips, and baggage handling.</li>\r\n</ul>\r\n<p><strong>Conditions:</strong></p>\r\n<ul>\r\n<li>Surcharges: Vancouver (07.06 - 08.07.2026 FIFA World Cup).</li>\r\n<li>Itinerary modifications may be required to coincide with flight date arrangements.</li>\r\n<li>The trip can be booked in reverse.</li>\r\n</ul>',NULL),
(41,24,0,'Calgary',NULL),
(41,30,0,'images/packages/train rockies.jpg',NULL),
(41,33,0,'Western Canada by train and floatplane',NULL),
(42,7,0,'Win21',NULL),
(42,9,0,'Winter',NULL),
(42,11,0,'Western Canada',NULL),
(42,15,0,'Relaxed',NULL),
(42,30,0,'images/packages/whistler.jpg',NULL);

--
-- Table structure for table `cmsqy_module_lisepackages_item`
--

CREATE TABLE `cmsqy_module_lisepackages_item` (
  `item_id` int(11) NOT NULL AUTO_INCREMENT,
  `url` varchar(255) DEFAULT NULL,
  `category_id` int(11) DEFAULT NULL,
  `title` varchar(255) DEFAULT NULL,
  `alias` varchar(255) DEFAULT NULL,
  `position` int(11) DEFAULT NULL,
  `active` int(11) DEFAULT NULL,
  `create_time` datetime DEFAULT NULL,
  `modified_time` datetime DEFAULT NULL,
  `start_time` date DEFAULT NULL,
  `end_time` date DEFAULT NULL,
  `key1` varchar(50) DEFAULT NULL,
  `key2` varchar(50) DEFAULT NULL,
  `key3` varchar(50) DEFAULT NULL,
  `owner` int(11) DEFAULT NULL,
  PRIMARY KEY (`item_id`)
) ENGINE=InnoDB AUTO_INCREMENT=43 DEFAULT CHARSET=utf8mb3 COLLATE=utf8mb3_general_ci;

--
-- Dumping data for table `cmsqy_module_lisepackages_item`
--

INSERT INTO `cmsqy_module_lisepackages_item` (`item_id`, `url`, `category_id`, `title`, `alias`, `position`, `active`, `create_time`, `modified_time`, `start_time`, `end_time`, `key1`, `key2`, `key3`, `owner`) VALUES (1,'lisepackages/explore-canadas-west',NULL,'EXPLORE CANADA’S WEST','explore_canadas_west_000001',1,1,'2026-06-12 12:34:49','2026-06-28 12:56:37',NULL,NULL,NULL,NULL,NULL,1),
(2,'lisepackages/wild-horizons-a-hiking-adventure-in-western-canada',NULL,'WILD HORIZONS: A HIKING ADVENTURE IN WESTERN CANADA','wild_horizons_a_hiking_adventure_in_western_canada_000002',2,1,'2026-06-17 18:57:27','2026-06-28 15:56:36',NULL,NULL,NULL,NULL,NULL,1),
(3,'lisepackages/alaska-yukon-highlights',NULL,'ALASKA & YUKON HIGHLIGHTS','alaska_yukon_highlights_000003',3,1,'2026-06-17 18:57:47','2026-06-28 15:36:41',NULL,NULL,NULL,NULL,NULL,1),
(4,'lisepackages/eastern-canada-explorer',NULL,'EASTERN CANADA EXPLORER','eastern_canada_explorer_000004',4,1,'2026-06-17 18:58:13','2026-06-28 15:28:34',NULL,NULL,NULL,NULL,NULL,1),
(9,'packages/bear-watching-/-covered-boat',NULL,'Bear watching / covered boat','bear_watching_covered_boat_000005',5,1,'2026-06-24 22:05:18','2026-06-27 15:25:29',NULL,NULL,NULL,NULL,NULL,1),
(10,'packages/discover-quebec',NULL,'DISCOVER QUEBEC','discover_quebec_000010',6,1,'2026-06-25 12:35:59','2026-06-26 12:27:37',NULL,NULL,NULL,NULL,NULL,1),
(11,'packages/canadian-contrasts',NULL,'CANADIAN CONTRASTS','canadian_contrasts_000011',7,1,'2026-06-25 14:55:23','2026-06-26 13:25:00',NULL,NULL,NULL,NULL,NULL,1),
(12,'packages/alaska-and-yukon-adventure',NULL,'ALASKA AND YUKON ADVENTURE','alaska_and_yukon_adventure_000012',8,1,'2026-06-25 15:09:11','2026-06-26 13:24:23',NULL,NULL,NULL,NULL,NULL,1),
(14,'packages/the-best-of-alaska-0',NULL,'THE BEST OF ALASKA','the_best_of_alaska_000014',9,1,'2026-06-25 18:17:29','2026-06-26 13:30:04',NULL,NULL,NULL,NULL,NULL,1),
(15,'packages/alaska-hotel-tour',NULL,'ALASKA HOTEL TOUR','alaska_hotel_tour_000015',10,1,'2026-06-25 18:21:37','2026-06-28 15:08:33',NULL,NULL,NULL,NULL,NULL,1),
(16,'packages/from-the-rockies-to-the-glaciers-in-alaska',NULL,'FROM THE ROCKIES TO THE GLACIERS IN ALASKA','from_the_rockies_to_the_glaciers_in_alaska_000016',11,1,'2026-06-25 18:25:04','2026-06-26 13:35:45',NULL,NULL,NULL,NULL,NULL,1),
(17,'packages/low-budget-flydrive',NULL,'LOW-BUDGET FLY&DRIVE','low-budget_fly_drive_000017',12,1,'2026-06-25 18:27:47','2026-06-26 13:37:14',NULL,NULL,NULL,NULL,NULL,1),
(18,'packages/western-canada-nature-and-wildlife-adventure',NULL,'WESTERN CANADA NATURE AND WILDLIFE ADVENTURE','western_canada_nature_and_wildlife_adventure_000018',13,1,'2026-06-25 18:30:28','2026-06-26 13:38:06',NULL,NULL,NULL,NULL,NULL,1),
(19,'packages/vancouver-island-and-sunshine-coast-explorer',NULL,'VANCOUVER ISLAND AND SUNSHINE COAST EXPLORER','vancouver_island_and_sunshine_coast_explorer_000019',14,1,'2026-06-25 18:32:42','2026-06-26 13:40:07',NULL,NULL,NULL,NULL,NULL,1),
(20,'packages/the-truly-canadian-log-cabin-tour',NULL,'THE TRULY CANADIAN LOG CABIN TOUR','the_truly_canadian_log_cabin_tour_000020',15,1,'2026-06-25 18:35:06','2026-06-26 22:36:15',NULL,NULL,NULL,NULL,NULL,1),
(21,'packages/hike-the-rockies-includes-hiking-trail-descriptions',NULL,'HIKE THE ROCKIES – includes hiking trail descriptions','hike_the_rockies_–_includes_hiking_trail_descriptions_000021',16,1,'2026-06-25 18:37:34','2026-06-26 22:33:34',NULL,NULL,NULL,NULL,NULL,1),
(22,'packages/hiking-in-the-national-parks-of-the-rocky-mountains',NULL,'HIKING IN THE NATIONAL PARKS OF THE ROCKY MOUNTAINS','hiking_in_the_national_parks_of_the_rocky_mountains_000022',17,1,'2026-06-25 18:42:05','2026-06-29 12:15:30',NULL,NULL,NULL,NULL,NULL,1),
(23,'packages/lodge-adventure-west-coast-style',NULL,'LODGE ADVENTURE – WEST COAST STYLE','lodge_adventure_–_west_coast_style_000023',18,1,'2026-06-25 18:45:37','2026-06-29 12:28:12',NULL,NULL,NULL,NULL,NULL,1),
(24,'packages/explore-western-canada-with-kids',NULL,'EXPLORE WESTERN CANADA WITH KIDS','explore_western_canada_with_kids_000024',19,1,'2026-06-25 18:48:06','2026-06-29 12:18:15',NULL,NULL,NULL,NULL,NULL,1),
(25,'packages/spectacular-national-parks',NULL,'SPECTACULAR NATIONAL PARKS','spectacular_national_parks_000025',20,1,'2026-06-25 20:37:44','2026-06-29 12:20:27',NULL,NULL,NULL,NULL,NULL,1),
(26,'packages/beaches-of-the-west-coast',NULL,'BEACHES OF THE WEST COAST','beaches_of_the_west_coast_000026',21,1,'2026-06-26 10:43:53','2026-06-28 12:25:17',NULL,NULL,NULL,NULL,NULL,1),
(27,'packages/discovery-coast-adventure',NULL,'DISCOVERY COAST ADVENTURE','discovery_coast_adventure_000027',22,1,'2026-06-26 10:46:29','2026-06-30 16:45:20',NULL,NULL,NULL,NULL,NULL,1),
(28,'packages/british-columbia-à-la-carte',NULL,'BRITISH COLUMBIA À LA CARTE','british_columbia_à_la_carte_000028',23,1,'2026-06-26 10:48:53','2026-06-30 16:50:21',NULL,NULL,NULL,NULL,NULL,1),
(29,'packages/-western-bb-and-motel-tour',NULL,' WESTERN B&B AND MOTEL TOUR','western_b_b_and_motel_tour_000029',24,1,'2026-06-26 10:51:25','2026-06-30 22:26:16',NULL,NULL,NULL,NULL,NULL,1),
(30,'packages/western-canada-of-your-choice',NULL,'WESTERN CANADA OF YOUR CHOICE','western_canada_of_your_choice_000030',25,1,'2026-06-26 10:53:42','2026-06-30 22:27:57',NULL,NULL,NULL,NULL,NULL,1),
(31,'packages/western-canada-tesla-tour',NULL,'WESTERN CANADA TESLA TOUR','western_canada_tesla_tour_000031',26,1,'2026-06-26 10:56:22','2026-06-30 22:29:36',NULL,NULL,NULL,NULL,NULL,1),
(32,'packages/from-rain-forests-to-the-rocky-mountains',NULL,'FROM RAIN FORESTS TO THE ROCKY MOUNTAINS','from_rain_forests_to_the_rocky_mountains_000032',27,1,'2026-06-26 10:59:45','2026-06-30 22:32:09',NULL,NULL,NULL,NULL,NULL,1),
(33,'packages/western-canada-explorer',NULL,'WESTERN CANADA EXPLORER','western_canada_explorer_000033',28,1,'2026-06-26 11:02:23','2026-06-30 22:33:52',NULL,NULL,NULL,NULL,NULL,1),
(34,'packages/the-classic-western-canada-flydrive',NULL,'THE CLASSIC WESTERN CANADA FLY&DRIVE','the_classic_western_canada_fly_drive_000034',29,1,'2026-06-26 11:05:48','2026-06-30 22:39:38',NULL,NULL,NULL,NULL,NULL,1),
(35,'packages/from-the-west-coast-to-the-rockies',NULL,'FROM THE WEST COAST TO THE ROCKIES','from_the_west_coast_to_the_rockies_000035',30,1,'2026-06-26 11:09:20','2026-06-30 22:41:57',NULL,NULL,NULL,NULL,NULL,1),
(36,'packages/fabulous-western-canada-golf-spa-package',NULL,'FABULOUS WESTERN CANADA GOLF & SPA PACKAGE','fabulous_western_canada_golf_spa_package_000036',31,1,'2026-06-26 11:13:30','2026-06-30 22:43:16',NULL,NULL,NULL,NULL,NULL,1),
(37,'packages/explore-the-northwest-territories',NULL,'EXPLORE THE NORTHWEST TERRITORIES','explore_the_northwest_territories_000037',32,1,'2026-06-26 11:16:59','2026-06-30 22:44:46',NULL,NULL,NULL,NULL,NULL,1),
(38,'packages/the-canadian-northwest',NULL,'THE CANADIAN NORTHWEST','the_canadian_northwest_000038',33,1,'2026-06-26 11:20:02','2026-06-30 22:46:13',NULL,NULL,NULL,NULL,NULL,1),
(39,'packages/great-national-parks-of-the-west',NULL,'GREAT NATIONAL PARKS OF THE WEST','great_national_parks_of_the_west_000039',34,1,'2026-06-26 11:22:52','2026-06-30 22:48:03',NULL,NULL,NULL,NULL,NULL,1),
(40,'packages/vancouver-island-self-drive',NULL,'VANCOUVER ISLAND SELF-DRIVE','vancouver_island_self-drive_000040',35,1,'2026-06-26 11:25:15','2026-06-30 22:52:41',NULL,NULL,NULL,NULL,NULL,1),
(41,'packages/canadian-rail-lodge-adventure',NULL,'CANADIAN RAIL & LODGE ADVENTURE','canadian_rail_lodge_adventure_000041',36,1,'2026-06-26 11:32:51','2026-06-26 16:51:17',NULL,NULL,NULL,NULL,NULL,1),
(42,'packages/winter-package',NULL,'Winter Package','winter_package_000042',37,1,'2026-06-27 15:32:20','2026-06-30 22:49:06',NULL,NULL,NULL,NULL,NULL,1);

--
-- Table structure for table `cmsqy_module_lisepackages_item_categories`
--

CREATE TABLE `cmsqy_module_lisepackages_item_categories` (
  `item_id` int(11) NOT NULL DEFAULT -1,
  `category_id` int(11) NOT NULL DEFAULT -1,
  PRIMARY KEY (`item_id`,`category_id`)
) ENGINE=InnoDB DEFAULT CHARSET=utf8mb3 COLLATE=utf8mb3_general_ci;

--
-- Dumping data for table `cmsqy_module_lisepackages_item_categories`
--


--
-- Table structure for table `cmsqy_module_lisepages_category`
--

CREATE TABLE `cmsqy_module_lisepages_category` (
  `category_id` int(11) NOT NULL AUTO_INCREMENT,
  `category_name` varchar(255) DEFAULT NULL,
  `category_alias` varchar(255) DEFAULT NULL,
  `category_description` text DEFAULT NULL,
  `parent_id` int(11) DEFAULT NULL,
  `position` int(11) DEFAULT NULL,
  `hierarchy` varchar(255) DEFAULT NULL,
  `hierarchy_path` varchar(255) DEFAULT NULL,
  `id_hierarchy` varchar(255) DEFAULT NULL,
  `active` int(11) DEFAULT NULL,
  `create_date` datetime DEFAULT NULL,
  `modified_date` datetime DEFAULT NULL,
  `key1` varchar(50) DEFAULT NULL,
  `key2` varchar(50) DEFAULT NULL,
  `key3` varchar(50) DEFAULT NULL,
  PRIMARY KEY (`category_id`)
) ENGINE=InnoDB DEFAULT CHARSET=utf8mb3 COLLATE=utf8mb3_general_ci;

--
-- Dumping data for table `cmsqy_module_lisepages_category`
--


--
-- Table structure for table `cmsqy_module_lisepages_fielddef`
--

CREATE TABLE `cmsqy_module_lisepages_fielddef` (
  `fielddef_id` int(11) NOT NULL AUTO_INCREMENT,
  `name` varchar(255) DEFAULT NULL,
  `alias` varchar(255) DEFAULT NULL,
  `help` varchar(255) DEFAULT NULL,
  `type` varchar(50) DEFAULT NULL,
  `position` int(11) DEFAULT NULL,
  `required` int(11) DEFAULT NULL,
  `template` varchar(255) DEFAULT NULL,
  `extra` text DEFAULT NULL,
  PRIMARY KEY (`fielddef_id`)
) ENGINE=InnoDB AUTO_INCREMENT=8 DEFAULT CHARSET=utf8mb3 COLLATE=utf8mb3_general_ci;

--
-- Dumping data for table `cmsqy_module_lisepages_fielddef`
--

INSERT INTO `cmsqy_module_lisepages_fielddef` (`fielddef_id`, `name`, `alias`, `help`, `type`, `position`, `required`, `template`, `extra`) VALUES (1,'Subtitle','subtitle','','TextInput',0,0,'{$fielddef.name}: {$fielddef.value}',NULL),
(2,'Introduction','introduction','','TextArea',1,0,'{$fielddef.name}: {$fielddef.value}',''),
(3,'Body','body','','TextArea',3,0,'{$fielddef.name}: {$fielddef.value}',''),
(5,'Image','image','','CoreFilePicker',5,0,'{$fielddef.name}: <a href=\"{$fielddef->GetImagePath(true)}/{$fielddef.value}\">{$fielddef.value}</a>',NULL),
(6,'Introduction DE','introduction_de','','TextArea',2,0,'{$fielddef.name}: {$fielddef.value}',''),
(7,'Body DE','body_de','','TextArea',4,0,'{$fielddef.name}: {$fielddef.value}',NULL);

--
-- Table structure for table `cmsqy_module_lisepages_fielddef_opts`
--

CREATE TABLE `cmsqy_module_lisepages_fielddef_opts` (
  `fielddef_id` int(11) NOT NULL,
  `name` varchar(255) NOT NULL,
  `value` text DEFAULT NULL,
  PRIMARY KEY (`fielddef_id`,`name`)
) ENGINE=InnoDB DEFAULT CHARSET=utf8mb3 COLLATE=utf8mb3_general_ci;

--
-- Dumping data for table `cmsqy_module_lisepages_fielddef_opts`
--

INSERT INTO `cmsqy_module_lisepages_fielddef_opts` (`fielddef_id`, `name`, `value`) VALUES (1,'max_length','255'),
(1,'search_index','0'),
(1,'size','20'),
(2,'max_length','8000'),
(2,'search_index','0'),
(2,'wysiwyg','1'),
(3,'max_length','12000'),
(3,'search_index','0'),
(3,'wysiwyg','1'),
(5,'profiles',''),
(6,'max_length','8000'),
(6,'search_index','0'),
(6,'wysiwyg','1'),
(7,'max_length','6000'),
(7,'search_index','0'),
(7,'wysiwyg','1');

--
-- Table structure for table `cmsqy_module_lisepages_fieldval`
--

CREATE TABLE `cmsqy_module_lisepages_fieldval` (
  `item_id` int(11) NOT NULL,
  `fielddef_id` int(11) NOT NULL,
  `value_index` int(11) NOT NULL,
  `value` text DEFAULT NULL,
  `data` text DEFAULT NULL,
  PRIMARY KEY (`item_id`,`fielddef_id`,`value_index`)
) ENGINE=InnoDB DEFAULT CHARSET=utf8mb3 COLLATE=utf8mb3_general_ci;

--
-- Dumping data for table `cmsqy_module_lisepages_fieldval`
--

INSERT INTO `cmsqy_module_lisepages_fieldval` (`item_id`, `fielddef_id`, `value_index`, `value`, `data`) VALUES (1,1,0,'The fineprint',NULL),
(1,2,0,'<div style=\"text-align: left; font-family: sans-serif; line-height: 1.5; color: #333;\">\r\n<h4>TERMS AND CONDITIONS</h4>\r\n<p><strong>Canadian Sun &amp; Mountains Travel Corp. (Tariff 2026)</strong></p>\r\n<p><strong>Jump to:</strong> <a href=\"#prices\">Prices</a> | <a href=\"#tax\">GST/HST</a> | <a href=\"#booking\">Booking</a> | <a href=\"#payment\">Payment</a> | <a href=\"#revisions\">Revisions Policy</a> | <a href=\"#cancellation\">Cancellation Policy</a> | <a href=\"#responsibility\">Limitation of Responsibility</a></p>\r\n<h5 id=\"prices\">PRICES</h5>\r\n<p>Unless otherwise stated, all prices are net, non-commissionable and quoted in Canadian dollars (except our Alaska tours, which are quoted in USD.) Add on children&rsquo;s rates are on request. Canadian Sun &amp; Mountains Travel reserves the right to change rates should tax structures change. In case of an increase in the tariff package price by more than 10% the client is entitled to cancel the trip at no cost.</p>\r\n<h5 id=\"tax\">GOODS &amp; SERVICES TAX / HARMONIZED SALES TAX (GST/HST)</h5>\r\n<p>Please note that all our prices are inclusive of all applicable taxes. The tax rate depends on the place of supply of the service in question. Generally, services in Alberta, British Columbia, the Yukon and Qu&eacute;bec are taxed at a rate of 5% GST and services in Ontario at 13% HST. There is no GST/HST charged on services that are not rendered in Canada (e. g. all Alaska product). If a tour package includes services in two or more territories or provinces taxes have been pro-rated accordingly.</p>\r\n<h5 id=\"booking\">BOOKING</h5>\r\n<p>All enquiries and bookings should be sent by fax or e-mail to the following address:<br><strong>Canadian Sun &amp; Mountains Travel Corp.</strong><br>807 Baker Street, Nelson, BC, V1L 4J8<br>Email: <a href=\"mailto:info@csmtravel.com\">info@csmtravel.com</a> | Phone: <a href=\"tel:+12505051111\">(00)1-250-505-1111</a></p>\r\n<p>Once a booking is received by our office, any revision or cancellation will fall under our policy guidelines. Every booking should contain the following information:</p>\r\n<ul>\r\n<li>First and last name and gender of clients, number of participants, tour code and date of tour departure.</li>\r\n<li>Number of rooms required and bed configuration.</li>\r\n<li>Smoking or non-smoking preference.</li>\r\n<li>Flight number including date and time of arrival.</li>\r\n</ul>\r\n<p>Travel documents and vouchers will be sent to the tour operator 45 days prior to tour departure, provided payment has been received.</p>\r\n<h5 id=\"payment\">PAYMENT PROCEDURES</h5>\r\n<p>A 10% deposit is required within 14 days of booking. Full payment must be received no later than 45 days prior to tour departure. Some of our suppliers (e. g. suppliers in Alaska and luxury lodges) may deviate from our standard payment policy. In this case, we might require an additional deposit or full payment at the time of booking. You will be informed about such deviations at the time of booking.</p>\r\n<p><strong>Direct Payment:</strong> Can be made by cheque, drawn on a Canadian bank and issued in Canadian dollars (mailing address: Canadian Sun &amp; Mountains 807 Baker Street, Nelson, BC, V1L 4J8, Canada). For invoices issued in US$, the cheque should be issued in US$.</p>\r\n<p><strong>Wire Transfer Details:</strong></p>\r\n<ul>\r\n<li><strong>Beneficiary Bank:</strong> Bank of Montreal, 298 Baker Street, Nelson, B.C., V1L 4H3</li>\r\n<li><strong>Swift Code:</strong> BOFM CAM2</li>\r\n<li><strong>Branch Transit #:</strong> 07300 (Direct payment routing # CC0001)</li>\r\n<li><strong>Beneficiary Customer:</strong> Canadian Sun &amp; Mountains Travel Corporation</li>\r\n<li><strong>CAD Account:</strong> #07301997467 (for CAD wire payments)</li>\r\n<li><strong>USD Account:</strong> #07304601156 (for USD wire payments)</li>\r\n</ul>\r\n<p><em>Please inform Canadian Sun &amp; Mountains Travel of payment. State client&rsquo;s name, invoice no., exact amount and date of transfer. Charges for bank transfers are to be covered by yourselves.</em></p>\r\n<h5 id=\"revisions\">REVISION POLICY</h5>\r\n<p>Any changes are to be received by Canadian Sun &amp; Mountains in writing. Changes to existing bookings will result in an administration fee plus any cancellation fees incurred from our suppliers. This administration fee will consist of $50 CAD per person, up to a maximum of $100 CAD. Should changes to an existing booking be enough to result in numerous cancellations, please refer to our cancellation policy.</p>\r\n<h5 id=\"cancellation\">CANCELLATION POLICY</h5>\r\n<p>Cancellations must be received in writing. The cancellation takes effect from the time notification is received at our office. There will be an administration fee plus the cancellation fee(s) of our supplier(s). We recommend clients purchase trip cancellation insurance.</p>\r\n<p><strong>Small Group Tours:</strong></p>\r\n<ul>\r\n<li>Up to January 15, 2022: no cancellation charge</li>\r\n<li>Until 90 days prior to departure: 10% of total cost</li>\r\n<li>89 - 60 days prior to departure: 25% of total cost</li>\r\n<li>59 - 30 days prior to departure: 50% of total cost</li>\r\n<li>Within 29 days of departure: 90% of total cost</li>\r\n</ul>\r\n<p><strong>Self-Drive Packages and All Other Products:</strong></p>\r\n<ul>\r\n<li>Until 60 days prior to departure: 10% of total cost</li>\r\n<li>59 &ndash; 30 days prior to departure: 25% of total cost</li>\r\n<li>29 &ndash; 15 days prior to departure: 40% of total cost</li>\r\n<li>14 &ndash; 7 days prior to departure: 75% of total cost</li>\r\n<li>6 &ndash; 1 day prior to departure: 85% of total cost</li>\r\n<li>No show: 100% of total cost</li>\r\n</ul>\r\n<p>For group bookings (20 and more people) and soft adventure packages, cancellation fees might differ and will be sent upon confirmation.</p>\r\n<h5 id=\"responsibility\">LIMITATION OF RESPONSIBILITY</h5>\r\n<p>Canadian Sun &amp; Mountains Travel chooses its suppliers (e.g. hotels, carriers) with great care. These suppliers are, however, independent contractors and Canadian Sun &amp; Mountains Travel cannot be held responsible or liable for their acts or omissions.</p>\r\n<p>For all group tours and activity programmes (river rafting, horseback riding, etc.) clients will have to sign a <strong>&ldquo;waiver of liability&rdquo;</strong>. The non-resident tour operator is under obligation to inform the client of this requirement in a timely manner.</p>\r\n<p>We cannot be held liable for changes in tour itineraries due to weather conditions, acts of God or special conditions beyond our control. All costs resulting from passenger delays at the airport or at the end of the trip are the responsibility of the client. We cannot be held liable for the contents of any brochure prepared by a wholesaler or any misrepresentation therein.</p>\r\n<p>Should clients encounter problems, they are required to contact us immediately. Written accounts of concern must be filed within 4 weeks of completion of the trip. Claims received after that date cannot be considered.</p>\r\n</div>',NULL),
(1,3,0,'<p>test</p>',NULL),
(1,6,0,'<div style=\"text-align: left; font-family: sans-serif; line-height: 1.5; color: #333;\">\r\n<h4>ALLGEMEINE GESCH&Auml;FTSBEDINGUNGEN</h4>\r\n<p><strong>Canadian Sun &amp; Mountains Travel Corp. (Tarif 2026)</strong></p>\r\n<p><strong>Direkt zu:</strong> <a href=\"#preise\">Preise</a> | <a href=\"#steuern\">Steuern (GST/HST)</a> | <a href=\"#buchung\">Buchung</a> | <a href=\"#zahlung\">Zahlung</a> | <a href=\"#aenderungen\">&Auml;nderungen</a> | <a href=\"#storno\">Stornobedingungen</a> | <a href=\"#haftung\">Haftungsausschluss</a></p>\r\n<h5 id=\"preise\">PREISE</h5>\r\n<p>Sofern nicht anders angegeben, verstehen sich alle Preise netto, nicht provisionsf&auml;hig und in kanadischen Dollar (mit Ausnahme unserer Alaska-Touren, die in USD angegeben sind). Aufschl&auml;ge f&uuml;r Kinderpreise auf Anfrage. Canadian Sun &amp; Mountains Travel beh&auml;lt sich das Recht vor, die Raten bei &Auml;nderungen der Steuerstruktur anzupassen. Im Falle einer Erh&ouml;hung des Paketpreises um mehr als 10% ist der Kunde berechtigt, die Reise kostenlos zu stornieren.</p>\r\n<h5 id=\"steuern\">STEUERN (GST / HST)</h5>\r\n<p>Bitte beachten Sie, dass alle unsere Preise die jeweils geltenden Steuern enthalten. Der Steuersatz h&auml;ngt vom Ort der Leistungserbringung ab. Im Allgemeinen werden Leistungen in Alberta, British Columbia, Yukon und Qu&eacute;bec mit 5% GST und Leistungen in Ontario mit 13% HST besteuert. F&uuml;r Leistungen, die nicht in Kanada erbracht werden (z. B. alle Alaska-Produkte), wird keine GST/HST erhoben. Wenn ein Reisepaket Leistungen in zwei oder mehr Provinzen umfasst, wurden die Steuern entsprechend anteilig berechnet.</p>\r\n<h5 id=\"buchung\">BUCHUNG</h5>\r\n<p>Alle Anfragen und Buchungen sollten per Fax oder E-Mail an die folgende Adresse gesendet werden:<br><strong>Canadian Sun &amp; Mountains Travel Corp.</strong><br>807 Baker Street, Nelson, BC, V1L 4J8, Kanada<br>E-Mail: <a href=\"mailto:info@csmtravel.com\">info@csmtravel.com</a> | Tel: <a href=\"tel:+12505051111\">(00)1-250-505-1111</a></p>\r\n<p>Sobald eine Buchung in unserem B&uuml;ro eingeht, unterliegen alle &Auml;nderungen oder Stornierungen unseren Richtlinien. Jede Buchung sollte folgende Informationen enthalten:</p>\r\n<ul>\r\n<li>Vor- und Nachname sowie Geschlecht der Kunden, Anzahl der Teilnehmer, Tourcode und Datum des Reisebeginns.</li>\r\n<li>Anzahl der ben&ouml;tigten Zimmer und Bettenkonfiguration.</li>\r\n<li>Raucher oder Nichtraucher.</li>\r\n<li>Flugnummer inklusive Datum und Ankunftszeit.</li>\r\n</ul>\r\n<p>Reiseunterlagen und Voucher werden 45 Tage vor Reiseantritt an den Reiseveranstalter versandt, sofern die Zahlung eingegangen ist.</p>\r\n<h5 id=\"zahlung\">ZAHLUNGSMODALIT&Auml;TEN</h5>\r\n<p>Eine Anzahlung von 10% ist innerhalb von 14 days nach der Buchung erforderlich. Die Restzahlung muss sp&auml;testens 45 Tage vor Reiseantritt bei uns eingehen. Einige unserer Leistungstr&auml;ger (z. B. Anbieter in Alaska und Luxus-Lodges) k&ouml;nnen von unseren Standard-Zahlungsbedingungen abweichen. In diesem Fall behalten wir uns eine zus&auml;tzliche Anzahlung oder die vollst&auml;ndige Zahlung zum Zeitpunkt der Buchung vor.</p>\r\n<p><strong>Direktzahlung:</strong> Kann per Scheck erfolgen, ausgestellt auf eine kanadische Bank in kanadischen Dollar (Postanschrift: Canadian Sun &amp; Mountains, 807 Baker Street, Nelson, BC, V1L 4J8, Kanada). Bei Rechnungen in US$ sollte der Scheck in US$ ausgestellt werden.</p>\r\n<p><strong>Bankverbindung f&uuml;r &Uuml;berweisungen:</strong></p>\r\n<ul>\r\n<li><strong>Empf&auml;ngerbank:</strong> Bank of Montreal, 298 Baker Street, Nelson, B.C., V1L 4H3</li>\r\n<li><strong>Swift Code:</strong> BOFM CAM2</li>\r\n<li><strong>Branch Transit #:</strong> 07300 (Routing # f&uuml;r Direktzahlungen: CC0001)</li>\r\n<li><strong>Empf&auml;nger:</strong> Canadian Sun &amp; Mountains Travel Corporation</li>\r\n<li><strong>CAD-Konto:</strong> #07301997467 (f&uuml;r &Uuml;berweisungen in CAD)</li>\r\n<li><strong>USD-Konto:</strong> #07304601156 (f&uuml;r &Uuml;berweisungen in USD)</li>\r\n</ul>\r\n<p><em>Bitte informieren Sie uns &uuml;ber die Zahlung unter Angabe des Kundennamens, der Rechnungsnummer sowie des genauen Betrags und Datums. Bankgeb&uuml;hren sind vom Absender zu tragen.</em></p>\r\n<h5 id=\"aenderungen\">&Auml;NDERUNGEN</h5>\r\n<p>&Auml;nderungsw&uuml;nsche m&uuml;ssen Canadian Sun &amp; Mountains schriftlich mitgeteilt werden. Bei &Auml;nderungen bestehender Buchungen f&auml;llt eine Bearbeitungsgeb&uuml;hr sowie etwaige Stornogeb&uuml;hren unserer Leistungstr&auml;ger an. Diese Bearbeitungsgeb&uuml;hr betr&auml;gt 50 CAD pro Person, maximal jedoch 100 CAD pro Buchung.</p>\r\n<h5 id=\"storno\">STORNOBEDINGUNGEN</h5>\r\n<p><strong>Stornierung durch den Kunden:</strong><br>Alle Stornierungen m&uuml;ssen in schriftlicher Form bei Canadian Sun &amp; Mountains Travel eingehen. Ausschlaggebend f&uuml;r die Festsetzung der Stornogeb&uuml;hr ist das Eingangsdatum der Stornierung in unserem Hause. Die Stornobedingungen unserer Leistungstr&auml;ger sind zum Teil sehr unterschiedlich. Im Falle einer Stornierung f&auml;llt sowohl eine Bearbeitungsgeb&uuml;hr als meist auch eine Stornogeb&uuml;hr des Leistungstr&auml;gers an. Wir empfehlen den Abschluss einer Reiser&uuml;cktrittskostenversicherung f&uuml;r Ihre Kunden.</p>\r\n<p><strong>Bei unseren gef&uuml;hrten Kleingruppen-Reisen:</strong></p>\r\n<ul>\r\n<li>Bis einschlie&szlig;lich 15. Januar 2021: keine Stornogeb&uuml;hren</li>\r\n<li>Bis 90 Tage vor Reiseantritt: 10% des Reisepreises</li>\r\n<li>89 bis 60 Tage vor Reiseantritt: 25% des Reisepreises</li>\r\n<li>59 bis 30 Tage vor Reiseantritt: 50% des Reisepreises</li>\r\n<li>Ab 29 Tage vor Reiseantritt: 90% des Reisepreises</li>\r\n</ul>\r\n<p><strong>Bei unseren Self-Drive-Paketen sowie allen anderen Programmen:</strong></p>\r\n<ul>\r\n<li>Bis 60 Tage vor Reiseantritt: 10% des Reisepreises</li>\r\n<li>59 &ndash; 30 Tage vor Reiseantritt: 25% des Reisepreises</li>\r\n<li>29 &ndash; 15 Tage vor Reiseantritt: 40% des Reisepreises</li>\r\n<li>14 &ndash; 7 Tage vor Reiseantritt: 75% des Reisepreises</li>\r\n<li>6 &ndash; 1 Tage vor Reiseantritt: 85% des Reisepreises</li>\r\n<li>No show: 100% des Reisepreises</li>\r\n</ul>\r\n<p>F&uuml;r Gruppenreisen (ab 20 Personen) und f&uuml;r viele Aktivprogramme gelten gesonderte Stornobedingungen, die wir Ihnen bei Buchung zusenden. F&uuml;r Stornierungen von Drittanbietern k&ouml;nnen wir keine Haftung &uuml;bernehmen.</p>\r\n<h5 id=\"haftung\">HAFTUNGSAUSSCHLUSS</h5>\r\n<p>Canadian Sun &amp; Mountains Travel l&auml;sst bei der Auswahl seiner Partner (z. B. Hotels, Transportunternehmen) gr&ouml;&szlig;tm&ouml;gliche Sorgfalt walten. Diese Leistungstr&auml;ger sind jedoch unabh&auml;ngige Anbieter. Canadian Sun &amp; Mountains Travel kann nicht f&uuml;r deren Fehlverhalten oder mangelhaft erbrachte Leistungen haftbar gemacht werden.</p>\r\n<p>Bei allen Gruppenreisen und Aktivprogrammen (River Rafting, Reiten, Kanutouren, Snowcat-Skiing, Heli-Skiing etc.) sind die Teilnehmer verpflichtet, vor Ort einen <strong>&ldquo;waiver of liability&rdquo;</strong> (Haftungsfreistellung) zu unterschreiben. Der Reiseveranstalter ist verpflichtet, den Kunden rechtzeitig vor Antritt der Reise dar&uuml;ber zu unterrichten.</p>\r\n<p>Canadian Sun &amp; Mountains Travel haftet nicht f&uuml;r &Auml;nderungen des Reiseablaufs aufgrund von Wetter, h&ouml;herer Gewalt oder sonstiger Ursachen ohne direkten Einfluss. F&uuml;r Versp&auml;tungen am Flughafen oder bei Beendigung der Reise und daraus resultierende Zusatzkosten ist der Kunde selbst verantwortlich. Wir haften nicht f&uuml;r fehlerhafte Beschreibungen in Katalogen von Drittveranstaltern.</p>\r\n<p>Falls Probleme auftreten, ist der Kunde verpflichtet, uns unverz&uuml;glich zu informieren. Jegliche Anspr&uuml;che m&uuml;ssen sp&auml;testens 4 Wochen nach Ende der Reise schriftlich geltend gemacht werden. F&uuml;r sp&auml;ter eingehende Anspr&uuml;che ist jegliche Haftung ausgeschlossen.</p>\r\n</div>',NULL),
(4,1,0,'Reach out to us',NULL),
(4,2,0,'<p>Communication is Everything in Travel<br />&nbsp;<br />At CSM Travel, we believe that unforgettable journeys aren&rsquo;t built on booking engines&mdash;they are built on connection. In an industry of automated replies and digital algorithms, personal, direct communication remains the absolute foundation of what we do.</p>\r\n<p>Reach Out to Us<br />Ready to start planning your next journey?<br /> Drop us a line, give us a call, or fill out the form below. At CSM Travel, your adventure begins the moment we connect.</p>\r\n<p>Let\'s build your perfect itinerary together.</p>',NULL),
(5,1,0,'Become a CSM Travel partner',NULL),
(5,2,0,'<p>At CSM Travel, we believe great partnerships lead to great adventures. Whether you\'re a travel advisor, organisation, association, or group leader, we\'re here to help you offer unforgettable travel experiences backed by personalised service and years of expertise.</p>\r\n<p>Become a CSM Travel partner and discover how easy group travel can be.</p>',NULL),
(6,2,0,'<p>We view our partners as an extension of our own team. As a Partner CSM, you are on the front lines of delivering exceptional customer experiences.</p>',NULL),
(8,1,0,'We are here for you!',NULL),
(8,2,0,'<table style=\"border-collapse: collapse; width: 100%;\" border=\"1\"><colgroup><col style=\"width: 49.9882%;\"><col style=\"width: 49.9882%;\"></colgroup>\r\n<tbody>\r\n<tr>\r\n<td style=\"vertical-align: top;\">\r\n<h4>Step 1: Read this first</h4>\r\n<p>Follow these steps to ensure the fastest possible assistance while you are traveling.</p>\r\n<h5>Contact us first - not local agents</h5>\r\n<p>For urgent matters, reach out to our Canadian emergency line before contacting partners at your destination. We share your time zone and can coordinate the best solution.</p>\r\n<h5>Message Requirements</h5>\r\n<p>To help us respond faster, please include:</p>\r\n<p><strong>Your CSM reference number</strong></p>\r\n<p><strong>Your name</strong></p>\r\n<p><strong>A brief description of the issue</strong></p>\r\n</td>\r\n<td style=\"vertical-align: top;\">\r\n<h4>Step 2: Reach out</h4>\r\n<h5>Main Line</h5>\r\n<p>604-276-8728 ✓ Free from Canada.<br>(International fees apply abroad)&nbsp;</p>\r\n<h5>WhatsApp</h5>\r\n<p>604-276-8728<br>Free Worldwide Calls &amp; Texts</p>\r\n<h5>Email Support</h5>\r\n<p><a href=\"mailto:info@csmtravel.com\">info@csmtravel.com</a></p>\r\n<h5>International Dialing</h5>\r\n<p>Dial: 001-604-276-8728<br><br>Download WhatsApp (<a href=\"https://www.whatsapp.com/android\">Android </a>/ <a href=\"https://www.whatsapp.com/download/mobile\">iOS</a>) before you travel to avoid roaming charges.</p>\r\n</td>\r\n</tr>\r\n</tbody>\r\n</table>\r\n<p>&nbsp;</p>',NULL);

--
-- Table structure for table `cmsqy_module_lisepages_item`
--

CREATE TABLE `cmsqy_module_lisepages_item` (
  `item_id` int(11) NOT NULL AUTO_INCREMENT,
  `url` varchar(255) DEFAULT NULL,
  `category_id` int(11) DEFAULT NULL,
  `title` varchar(255) DEFAULT NULL,
  `alias` varchar(255) DEFAULT NULL,
  `position` int(11) DEFAULT NULL,
  `active` int(11) DEFAULT NULL,
  `create_time` datetime DEFAULT NULL,
  `modified_time` datetime DEFAULT NULL,
  `start_time` date DEFAULT NULL,
  `end_time` date DEFAULT NULL,
  `key1` varchar(50) DEFAULT NULL,
  `key2` varchar(50) DEFAULT NULL,
  `key3` varchar(50) DEFAULT NULL,
  `owner` int(11) DEFAULT NULL,
  PRIMARY KEY (`item_id`)
) ENGINE=InnoDB AUTO_INCREMENT=9 DEFAULT CHARSET=utf8mb3 COLLATE=utf8mb3_general_ci;

--
-- Dumping data for table `cmsqy_module_lisepages_item`
--

INSERT INTO `cmsqy_module_lisepages_item` (`item_id`, `url`, `category_id`, `title`, `alias`, `position`, `active`, `create_time`, `modified_time`, `start_time`, `end_time`, `key1`, `key2`, `key3`, `owner`) VALUES (1,'terms-conditions',NULL,'Terms & Conditions','terms_conditions_000001',1,1,'2026-06-17 19:04:04','2026-06-27 15:17:29',NULL,NULL,NULL,NULL,NULL,1),
(2,'lisepages/tour-types',NULL,'Tour Types','tour_types_000002',2,1,'2026-06-17 19:04:52','2026-06-17 19:04:52',NULL,NULL,NULL,NULL,NULL,1),
(3,'faq',NULL,'FAQ','faq',3,1,'2026-06-17 19:05:13','2026-06-27 15:04:59',NULL,NULL,NULL,NULL,NULL,1),
(4,'lisepages/contact',NULL,'Contact','contact_000004',4,1,'2026-06-21 18:28:17','2026-06-21 18:28:17',NULL,NULL,NULL,NULL,NULL,1),
(5,'lisepages/partners',NULL,'Partner Login','partners',5,1,'2026-06-22 16:10:37','2026-06-26 16:39:11',NULL,NULL,NULL,NULL,NULL,1),
(6,'partner-information',NULL,'Partner Information','partner_information',6,1,'2026-06-26 16:39:39','2026-06-27 14:19:54',NULL,NULL,NULL,NULL,NULL,1),
(7,'package-types',NULL,'Package Types','package_types_000007',7,1,'2026-06-27 15:19:12','2026-06-27 15:19:12',NULL,NULL,NULL,NULL,NULL,1),
(8,'do-you-need-help',NULL,'Do you need help?','do_you_need_help',8,1,'2026-06-28 19:18:47','2026-06-29 13:14:00',NULL,NULL,NULL,NULL,NULL,1);

--
-- Table structure for table `cmsqy_module_lisepages_item_categories`
--

CREATE TABLE `cmsqy_module_lisepages_item_categories` (
  `item_id` int(11) NOT NULL DEFAULT -1,
  `category_id` int(11) NOT NULL DEFAULT -1,
  PRIMARY KEY (`item_id`,`category_id`)
) ENGINE=InnoDB DEFAULT CHARSET=utf8mb3 COLLATE=utf8mb3_general_ci;

--
-- Dumping data for table `cmsqy_module_lisepages_item_categories`
--


--
-- Table structure for table `cmsqy_module_mams_belongs`
--

CREATE TABLE `cmsqy_module_mams_belongs` (
  `userid` int(11) NOT NULL,
  `groupid` int(11) NOT NULL,
  PRIMARY KEY (`userid`,`groupid`),
  KEY `cmsqy_mams_idx_belongs` (`groupid`),
  CONSTRAINT `cmsqy_module_mams_belongs_ibfk_1` FOREIGN KEY (`userid`) REFERENCES `cmsqy_module_mams_users` (`id`),
  CONSTRAINT `cmsqy_module_mams_belongs_ibfk_2` FOREIGN KEY (`groupid`) REFERENCES `cmsqy_module_mams_groups` (`id`)
) ENGINE=InnoDB DEFAULT CHARSET=utf8mb3 COLLATE=utf8mb3_general_ci;

--
-- Dumping data for table `cmsqy_module_mams_belongs`
--

INSERT INTO `cmsqy_module_mams_belongs` (`userid`, `groupid`) VALUES (3,3),
(4,3),
(5,3);

--
-- Table structure for table `cmsqy_module_mams_dropdowns`
--

CREATE TABLE `cmsqy_module_mams_dropdowns` (
  `order_id` int(11) NOT NULL,
  `option_name` varchar(40) NOT NULL,
  `option_text` varchar(255) NOT NULL,
  `control_name` varchar(40) NOT NULL,
  KEY `control_name` (`control_name`),
  CONSTRAINT `cmsqy_module_mams_dropdowns_ibfk_1` FOREIGN KEY (`control_name`) REFERENCES `cmsqy_module_mams_propdefn` (`name`)
) ENGINE=InnoDB DEFAULT CHARSET=utf8mb3 COLLATE=utf8mb3_general_ci;

--
-- Dumping data for table `cmsqy_module_mams_dropdowns`
--


--
-- Table structure for table `cmsqy_module_mams_grouppropmap`
--

CREATE TABLE `cmsqy_module_mams_grouppropmap` (
  `name` varchar(40) NOT NULL,
  `group_id` int(11) NOT NULL,
  `sort_key` int(11) NOT NULL,
  `required` int(11) NOT NULL,
  `lostunflag` int(11) DEFAULT NULL,
  PRIMARY KEY (`name`,`group_id`),
  KEY `group_id` (`group_id`),
  CONSTRAINT `cmsqy_module_mams_grouppropmap_ibfk_1` FOREIGN KEY (`group_id`) REFERENCES `cmsqy_module_mams_groups` (`id`),
  CONSTRAINT `cmsqy_module_mams_grouppropmap_ibfk_2` FOREIGN KEY (`name`) REFERENCES `cmsqy_module_mams_propdefn` (`name`)
) ENGINE=InnoDB DEFAULT CHARSET=utf8mb3 COLLATE=utf8mb3_general_ci;

--
-- Dumping data for table `cmsqy_module_mams_grouppropmap`
--


--
-- Table structure for table `cmsqy_module_mams_groups`
--

CREATE TABLE `cmsqy_module_mams_groups` (
  `id` int(11) NOT NULL AUTO_INCREMENT,
  `groupname` varchar(32) NOT NULL,
  `groupdesc` varchar(128) DEFAULT NULL,
  PRIMARY KEY (`id`)
) ENGINE=InnoDB AUTO_INCREMENT=4 DEFAULT CHARSET=utf8mb3 COLLATE=utf8mb3_general_ci;

--
-- Dumping data for table `cmsqy_module_mams_groups`
--

INSERT INTO `cmsqy_module_mams_groups` (`id`, `groupname`, `groupdesc`) VALUES (2,'Partners German','Partners German'),
(3,'Partners English','Partners English');

--
-- Table structure for table `cmsqy_module_mams_history`
--

CREATE TABLE `cmsqy_module_mams_history` (
  `userid` int(11) NOT NULL,
  `sessionid` varchar(32) NOT NULL,
  `action` varchar(255) NOT NULL,
  `refdate` datetime DEFAULT NULL,
  `ipaddress` varchar(64) DEFAULT NULL,
  KEY `cmsqy_mams_idx_refdate` (`userid`,`refdate`,`action`),
  CONSTRAINT `cmsqy_module_mams_history_ibfk_1` FOREIGN KEY (`userid`) REFERENCES `cmsqy_module_mams_users` (`id`)
) ENGINE=InnoDB DEFAULT CHARSET=utf8mb3 COLLATE=utf8mb3_general_ci;

--
-- Dumping data for table `cmsqy_module_mams_history`
--

INSERT INTO `cmsqy_module_mams_history` (`userid`, `sessionid`, `action`, `refdate`, `ipaddress`) VALUES (3,'924b40b0d562a05ff0d5fbd491c58047','user enabled','2026-06-24 13:52:06','209.121.229.219'),
(3,'924b40b0d562a05ff0d5fbd491c58047','admin add user','2026-06-24 13:52:06','209.121.229.219'),
(3,'924b40b0d562a05ff0d5fbd491c58047','login','2026-06-24 17:23:30','209.121.229.219'),
(3,'924b40b0d562a05ff0d5fbd491c58047','expire','2026-06-24 18:03:41','209.121.229.219'),
(3,'924b40b0d562a05ff0d5fbd491c58047','expire','2026-06-24 18:03:41','209.121.229.219'),
(3,'924b40b0d562a05ff0d5fbd491c58047','expire','2026-06-24 18:03:41','209.121.229.219'),
(3,'bf15fa4b2dde75f109bf3b3063c53466','login','2026-06-24 18:07:50','209.121.229.219'),
(3,'bf15fa4b2dde75f109bf3b3063c53466','logout','2026-06-24 18:11:04','209.121.229.219'),
(3,'bf15fa4b2dde75f109bf3b3063c53466','login','2026-06-24 18:12:31','209.121.229.219'),
(3,'bf15fa4b2dde75f109bf3b3063c53466','logout','2026-06-24 18:20:25','209.121.229.219'),
(3,'924b40b0d562a05ff0d5fbd491c58047','login','2026-06-24 19:43:00','209.121.229.219'),
(3,'924b40b0d562a05ff0d5fbd491c58047','expire','2026-06-24 20:14:06','209.121.229.219'),
(3,'924b40b0d562a05ff0d5fbd491c58047','expire','2026-06-24 20:14:06','209.121.229.219'),
(3,'924b40b0d562a05ff0d5fbd491c58047','expire','2026-06-24 20:14:06','209.121.229.219'),
(3,'924b40b0d562a05ff0d5fbd491c58047','expire','2026-06-24 20:14:06','209.121.229.219'),
(3,'924b40b0d562a05ff0d5fbd491c58047','login','2026-06-24 22:46:12','209.121.229.219'),
(3,'924b40b0d562a05ff0d5fbd491c58047','logout','2026-06-24 22:59:18','209.121.229.219'),
(3,'924b40b0d562a05ff0d5fbd491c58047','login','2026-06-24 23:00:03','209.121.229.219'),
(3,'924b40b0d562a05ff0d5fbd491c58047','expire','2026-06-25 00:18:22','209.121.229.219'),
(3,'924b40b0d562a05ff0d5fbd491c58047','expire','2026-06-25 00:18:22','209.121.229.219'),
(3,'924b40b0d562a05ff0d5fbd491c58047','expire','2026-06-25 00:18:22','209.121.229.219'),
(3,'924b40b0d562a05ff0d5fbd491c58047','login','2026-06-25 00:18:36','209.121.229.219'),
(3,'924b40b0d562a05ff0d5fbd491c58047','expire','2026-06-25 13:36:15','209.121.229.219'),
(3,'924b40b0d562a05ff0d5fbd491c58047','login','2026-06-25 13:36:32','209.121.229.219'),
(3,'924b40b0d562a05ff0d5fbd491c58047','expire','2026-06-25 15:15:04','209.121.229.219'),
(3,'924b40b0d562a05ff0d5fbd491c58047','expire','2026-06-25 15:15:04','209.121.229.219'),
(3,'924b40b0d562a05ff0d5fbd491c58047','expire','2026-06-25 15:15:04','209.121.229.219'),
(3,'924b40b0d562a05ff0d5fbd491c58047','expire','2026-06-25 15:15:04','209.121.229.219'),
(3,'924b40b0d562a05ff0d5fbd491c58047','login','2026-06-25 15:15:16','209.121.229.219'),
(3,'924b40b0d562a05ff0d5fbd491c58047','expire','2026-06-25 15:55:53','209.121.229.219'),
(3,'924b40b0d562a05ff0d5fbd491c58047','expire','2026-06-25 15:55:53','209.121.229.219'),
(3,'924b40b0d562a05ff0d5fbd491c58047','login','2026-06-25 15:56:01','209.121.229.219'),
(3,'924b40b0d562a05ff0d5fbd491c58047','expire','2026-06-25 18:02:10','209.121.229.219'),
(3,'924b40b0d562a05ff0d5fbd491c58047','expire','2026-06-25 18:02:10','209.121.229.219'),
(3,'924b40b0d562a05ff0d5fbd491c58047','login','2026-06-25 18:02:18','209.121.229.219'),
(3,'924b40b0d562a05ff0d5fbd491c58047','expire','2026-06-25 19:18:42','209.121.229.219'),
(3,'924b40b0d562a05ff0d5fbd491c58047','expire','2026-06-25 19:18:42','209.121.229.219'),
(3,'924b40b0d562a05ff0d5fbd491c58047','expire','2026-06-25 19:18:42','209.121.229.219'),
(3,'924b40b0d562a05ff0d5fbd491c58047','login','2026-06-25 19:18:54','209.121.229.219'),
(3,'924b40b0d562a05ff0d5fbd491c58047','expire','2026-06-25 21:37:51','209.121.229.219'),
(3,'924b40b0d562a05ff0d5fbd491c58047','expire','2026-06-25 22:15:01','209.121.229.219'),
(3,'924b40b0d562a05ff0d5fbd491c58047','expire','2026-06-25 22:18:15','209.121.229.219'),
(3,'924b40b0d562a05ff0d5fbd491c58047','expire','2026-06-25 22:51:19','209.121.229.219'),
(3,'924b40b0d562a05ff0d5fbd491c58047','expire','2026-06-25 22:54:53','209.121.229.219'),
(3,'924b40b0d562a05ff0d5fbd491c58047','expire','2026-06-25 22:57:56','209.121.229.219'),
(3,'924b40b0d562a05ff0d5fbd491c58047','expire','2026-06-25 23:01:38','209.121.229.219'),
(3,'924b40b0d562a05ff0d5fbd491c58047','expire','2026-06-25 23:04:52','209.121.229.219'),
(3,'924b40b0d562a05ff0d5fbd491c58047','expire','2026-06-25 23:08:23','209.121.229.219'),
(3,'924b40b0d562a05ff0d5fbd491c58047','expire','2026-06-25 23:15:14','209.121.229.219'),
(3,'924b40b0d562a05ff0d5fbd491c58047','expire','2026-06-25 23:21:07','209.121.229.219'),
(3,'924b40b0d562a05ff0d5fbd491c58047','expire','2026-06-25 23:38:56','209.121.229.219'),
(3,'d5e66eb676fa5cc1d2e9d8c76db84b6c','expire','2026-06-26 12:41:02','209.121.229.219'),
(3,'d5e66eb676fa5cc1d2e9d8c76db84b6c','expire','2026-06-26 13:08:13','209.121.229.219'),
(3,'d5e66eb676fa5cc1d2e9d8c76db84b6c','expire','2026-06-26 13:18:30','209.121.229.219'),
(3,'d5e66eb676fa5cc1d2e9d8c76db84b6c','expire','2026-06-26 13:22:26','209.121.229.219'),
(3,'d5e66eb676fa5cc1d2e9d8c76db84b6c','expire','2026-06-26 13:32:21','209.121.229.219'),
(3,'d5e66eb676fa5cc1d2e9d8c76db84b6c','expire','2026-06-26 13:35:28','209.121.229.219'),
(3,'d5e66eb676fa5cc1d2e9d8c76db84b6c','expire','2026-06-26 13:50:48','209.121.229.219'),
(3,'d5e66eb676fa5cc1d2e9d8c76db84b6c','expire','2026-06-26 13:54:30','209.121.229.219'),
(3,'d5e66eb676fa5cc1d2e9d8c76db84b6c','expire','2026-06-26 13:58:18','209.121.229.219'),
(3,'d5e66eb676fa5cc1d2e9d8c76db84b6c','expire','2026-06-26 14:08:15','209.121.229.219'),
(3,'d5e66eb676fa5cc1d2e9d8c76db84b6c','expire','2026-06-26 14:29:25','209.121.229.219'),
(3,'d5e66eb676fa5cc1d2e9d8c76db84b6c','expire','2026-06-26 14:37:22','209.121.229.219'),
(3,'d5e66eb676fa5cc1d2e9d8c76db84b6c','expire','2026-06-26 14:45:32','209.121.229.219'),
(3,'d5e66eb676fa5cc1d2e9d8c76db84b6c','expire','2026-06-26 14:51:05','209.121.229.219'),
(3,'d5e66eb676fa5cc1d2e9d8c76db84b6c','expire','2026-06-26 14:54:30','209.121.229.219'),
(3,'d5e66eb676fa5cc1d2e9d8c76db84b6c','expire','2026-06-26 14:57:38','209.121.229.219'),
(3,'d5e66eb676fa5cc1d2e9d8c76db84b6c','expire','2026-06-26 15:01:36','209.121.229.219'),
(3,'d5e66eb676fa5cc1d2e9d8c76db84b6c','expire','2026-06-26 15:05:02','209.121.229.219'),
(3,'d5e66eb676fa5cc1d2e9d8c76db84b6c','expire','2026-06-26 15:08:28','209.121.229.219'),
(3,'d5e66eb676fa5cc1d2e9d8c76db84b6c','logout','2026-06-26 15:08:33','209.121.229.219'),
(3,'d5e66eb676fa5cc1d2e9d8c76db84b6c','login','2026-06-26 15:11:32','209.121.229.219'),
(3,'d5e66eb676fa5cc1d2e9d8c76db84b6c','expire','2026-06-26 16:22:46','209.121.229.219'),
(3,'d5e66eb676fa5cc1d2e9d8c76db84b6c','login','2026-06-26 16:26:02','209.121.229.219'),
(3,'d5e66eb676fa5cc1d2e9d8c76db84b6c','logout','2026-06-26 16:26:02','209.121.229.219'),
(3,'d5e66eb676fa5cc1d2e9d8c76db84b6c','login','2026-06-26 16:32:09','209.121.229.219'),
(3,'d5e66eb676fa5cc1d2e9d8c76db84b6c','logout','2026-06-26 16:32:09','209.121.229.219'),
(3,'d5e66eb676fa5cc1d2e9d8c76db84b6c','login','2026-06-26 16:32:36','209.121.229.219'),
(3,'d5e66eb676fa5cc1d2e9d8c76db84b6c','logout','2026-06-26 16:32:42','209.121.229.219'),
(3,'d5e66eb676fa5cc1d2e9d8c76db84b6c','login','2026-06-26 16:32:58','209.121.229.219'),
(3,'d5e66eb676fa5cc1d2e9d8c76db84b6c','logout','2026-06-26 16:33:47','209.121.229.219'),
(3,'d5e66eb676fa5cc1d2e9d8c76db84b6c','login','2026-06-26 16:36:57','209.121.229.219'),
(3,'d5e66eb676fa5cc1d2e9d8c76db84b6c','logout','2026-06-26 16:36:57','209.121.229.219'),
(3,'d5e66eb676fa5cc1d2e9d8c76db84b6c','login','2026-06-26 16:41:06','209.121.229.219'),
(3,'d5e66eb676fa5cc1d2e9d8c76db84b6c','logout','2026-06-26 16:41:07','209.121.229.219'),
(3,'d5e66eb676fa5cc1d2e9d8c76db84b6c','login','2026-06-26 16:41:19','209.121.229.219'),
(3,'d5e66eb676fa5cc1d2e9d8c76db84b6c','logout','2026-06-26 16:43:18','209.121.229.219'),
(3,'d5e66eb676fa5cc1d2e9d8c76db84b6c','login','2026-06-26 16:43:44','209.121.229.219'),
(3,'d5e66eb676fa5cc1d2e9d8c76db84b6c','logout','2026-06-26 17:03:29','209.121.229.219'),
(3,'d5e66eb676fa5cc1d2e9d8c76db84b6c','login','2026-06-26 17:29:50','209.121.229.219'),
(3,'d5e66eb676fa5cc1d2e9d8c76db84b6c','logout','2026-06-26 17:30:49','209.121.229.219'),
(3,'d5e66eb676fa5cc1d2e9d8c76db84b6c','login','2026-06-26 17:37:00','209.121.229.219'),
(3,'d5e66eb676fa5cc1d2e9d8c76db84b6c','logout','2026-06-26 17:37:41','209.121.229.219'),
(3,'d5e66eb676fa5cc1d2e9d8c76db84b6c','login','2026-06-26 17:45:00','209.121.229.219'),
(3,'d5e66eb676fa5cc1d2e9d8c76db84b6c','expire','2026-06-26 18:19:44','209.121.229.219'),
(3,'d5e66eb676fa5cc1d2e9d8c76db84b6c','expire','2026-06-26 18:19:44','209.121.229.219'),
(3,'d5e66eb676fa5cc1d2e9d8c76db84b6c','expire','2026-06-26 18:19:44','209.121.229.219'),
(3,'d5e66eb676fa5cc1d2e9d8c76db84b6c','expire','2026-06-26 18:19:44','209.121.229.219'),
(3,'d5e66eb676fa5cc1d2e9d8c76db84b6c','expire','2026-06-26 18:19:44','209.121.229.219'),
(3,'d5e66eb676fa5cc1d2e9d8c76db84b6c','expire','2026-06-26 18:19:44','209.121.229.219'),
(3,'d5e66eb676fa5cc1d2e9d8c76db84b6c','expire','2026-06-26 18:19:44','209.121.229.219'),
(3,'d5e66eb676fa5cc1d2e9d8c76db84b6c','expire','2026-06-26 18:19:44','209.121.229.219'),
(3,'d5e66eb676fa5cc1d2e9d8c76db84b6c','expire','2026-06-26 18:19:44','209.121.229.219'),
(3,'d5e66eb676fa5cc1d2e9d8c76db84b6c','expire','2026-06-26 18:23:12','209.121.229.219'),
(3,'d5e66eb676fa5cc1d2e9d8c76db84b6c','expire','2026-06-26 18:24:42','209.121.229.219'),
(3,'d5e66eb676fa5cc1d2e9d8c76db84b6c','expire','2026-06-26 18:31:04','209.121.229.219'),
(3,'d5e66eb676fa5cc1d2e9d8c76db84b6c','expire','2026-06-26 18:34:35','209.121.229.219'),
(3,'d5e66eb676fa5cc1d2e9d8c76db84b6c','expire','2026-06-26 21:27:25','209.121.229.219'),
(3,'d5e66eb676fa5cc1d2e9d8c76db84b6c','expire','2026-06-26 21:30:53','209.121.229.219'),
(3,'d5e66eb676fa5cc1d2e9d8c76db84b6c','expire','2026-06-26 22:22:45','209.121.229.219'),
(3,'d5e66eb676fa5cc1d2e9d8c76db84b6c','expire','2026-06-26 22:43:19','209.121.229.219'),
(3,'d5e66eb676fa5cc1d2e9d8c76db84b6c','expire','2026-06-26 22:46:26','209.121.229.219'),
(3,'d5e66eb676fa5cc1d2e9d8c76db84b6c','expire','2026-06-26 22:49:58','209.121.229.219'),
(3,'d5e66eb676fa5cc1d2e9d8c76db84b6c','expire','2026-06-26 22:53:58','209.121.229.219'),
(3,'5aa9574b4ed8908aa97268de01d2c1c3','expire','2026-06-26 22:58:01','209.121.229.219'),
(3,'d5e66eb676fa5cc1d2e9d8c76db84b6c','expire','2026-06-26 23:02:01','209.121.229.219'),
(3,'d5e66eb676fa5cc1d2e9d8c76db84b6c','expire','2026-06-26 23:06:37','209.121.229.219'),
(3,'d5e66eb676fa5cc1d2e9d8c76db84b6c','expire','2026-06-26 23:10:51','209.121.229.219'),
(3,'d5e66eb676fa5cc1d2e9d8c76db84b6c','expire','2026-06-26 23:15:42','209.121.229.219'),
(3,'d5e66eb676fa5cc1d2e9d8c76db84b6c','expire','2026-06-26 23:19:25','209.121.229.219'),
(3,'d5e66eb676fa5cc1d2e9d8c76db84b6c','expire','2026-06-26 23:22:28','209.121.229.219'),
(3,'d5e66eb676fa5cc1d2e9d8c76db84b6c','expire','2026-06-26 23:27:38','209.121.229.219'),
(3,'d5e66eb676fa5cc1d2e9d8c76db84b6c','expire','2026-06-26 23:36:21','209.121.229.219'),
(3,'d5e66eb676fa5cc1d2e9d8c76db84b6c','expire','2026-06-27 00:02:57','209.121.229.219'),
(3,'96a6a657631abbd99101e8356c2d7c61','expire','2026-06-27 12:12:48','209.121.229.219'),
(4,'96a6a657631abbd99101e8356c2d7c61','user enabled','2026-06-27 12:16:01','209.121.229.219'),
(4,'96a6a657631abbd99101e8356c2d7c61','admin add user','2026-06-27 12:16:01','209.121.229.219'),
(5,'96a6a657631abbd99101e8356c2d7c61','user enabled','2026-06-27 12:16:40','209.121.229.219'),
(5,'96a6a657631abbd99101e8356c2d7c61','admin add user','2026-06-27 12:16:40','209.121.229.219'),
(3,'96a6a657631abbd99101e8356c2d7c61','expire','2026-06-27 12:17:46','209.121.229.219'),
(3,'96a6a657631abbd99101e8356c2d7c61','expire','2026-06-27 12:20:46','209.121.229.219'),
(3,'96a6a657631abbd99101e8356c2d7c61','expire','2026-06-27 12:40:45','209.121.229.219'),
(3,'96a6a657631abbd99101e8356c2d7c61','expire','2026-06-27 13:18:04','209.121.229.219'),
(3,'96a6a657631abbd99101e8356c2d7c61','expire','2026-06-27 13:23:42','209.121.229.219'),
(3,'96a6a657631abbd99101e8356c2d7c61','expire','2026-06-27 13:28:10','209.121.229.219'),
(3,'96a6a657631abbd99101e8356c2d7c61','expire','2026-06-27 13:31:15','209.121.229.219'),
(3,'96a6a657631abbd99101e8356c2d7c61','expire','2026-06-27 13:34:16','209.121.229.219'),
(3,'96a6a657631abbd99101e8356c2d7c61','expire','2026-06-27 13:38:16','209.121.229.219'),
(3,'96a6a657631abbd99101e8356c2d7c61','expire','2026-06-27 13:44:11','209.121.229.219'),
(3,'96a6a657631abbd99101e8356c2d7c61','logout','2026-06-27 13:46:54','209.121.229.219'),
(3,'96a6a657631abbd99101e8356c2d7c61','login','2026-06-27 13:47:19','209.121.229.219'),
(3,'96a6a657631abbd99101e8356c2d7c61','logout','2026-06-27 14:08:55','209.121.229.219'),
(5,'96a6a657631abbd99101e8356c2d7c61','user enabled','2026-06-27 14:10:32','209.121.229.219'),
(5,'96a6a657631abbd99101e8356c2d7c61','admin change settings','2026-06-27 14:10:32','209.121.229.219'),
(5,'96a6a657631abbd99101e8356c2d7c61','login','2026-06-27 14:10:40','209.121.229.219'),
(5,'96a6a657631abbd99101e8356c2d7c61','logout','2026-06-27 14:13:54','209.121.229.219'),
(3,'96a6a657631abbd99101e8356c2d7c61','login','2026-06-27 14:14:00','209.121.229.219'),
(3,'96a6a657631abbd99101e8356c2d7c61','logout','2026-06-27 14:14:15','209.121.229.219'),
(3,'96a6a657631abbd99101e8356c2d7c61','login','2026-06-27 14:14:26','209.121.229.219'),
(5,'55b45f1dc1df75507c24d1559a1d4d1a','login','2026-06-27 14:36:04','209.121.229.246'),
(3,'96a6a657631abbd99101e8356c2d7c61','expire','2026-06-27 15:02:32','209.121.229.219'),
(5,'96a6a657631abbd99101e8356c2d7c61','user enabled','2026-06-27 15:04:04','209.121.229.219'),
(5,'96a6a657631abbd99101e8356c2d7c61','admin change settings','2026-06-27 15:04:04','209.121.229.219'),
(5,'96a6a657631abbd99101e8356c2d7c61','login','2026-06-27 15:05:40','209.121.229.219'),
(5,'96a6a657631abbd99101e8356c2d7c61','logout','2026-06-27 15:08:15','209.121.229.219'),
(5,'96a6a657631abbd99101e8356c2d7c61','login','2026-06-27 15:08:31','209.121.229.219'),
(5,'96a6a657631abbd99101e8356c2d7c61','logout','2026-06-27 15:08:38','209.121.229.219'),
(5,'96a6a657631abbd99101e8356c2d7c61','login','2026-06-27 15:08:53','209.121.229.219'),
(5,'96a6a657631abbd99101e8356c2d7c61','expire','2026-06-27 15:28:39','209.121.229.219'),
(5,'96a6a657631abbd99101e8356c2d7c61','logout','2026-06-27 15:28:45','209.121.229.219'),
(5,'96a6a657631abbd99101e8356c2d7c61','expire','2026-06-27 15:32:35','209.121.229.219'),
(5,'96a6a657631abbd99101e8356c2d7c61','expire','2026-06-27 15:36:40','209.121.229.219'),
(3,'96a6a657631abbd99101e8356c2d7c61','login','2026-06-27 15:36:57','209.121.229.219'),
(3,'96a6a657631abbd99101e8356c2d7c61','logout','2026-06-27 15:37:03','209.121.229.219'),
(3,'96a6a657631abbd99101e8356c2d7c61','login','2026-06-27 15:37:15','209.121.229.219'),
(5,'96a6a657631abbd99101e8356c2d7c61','expire','2026-06-27 15:43:31','209.121.229.219'),
(3,'24ad481bbbdd84e036825d85f6a361eb','expire','2026-06-27 16:14:05','209.121.229.219'),
(3,'24ad481bbbdd84e036825d85f6a361eb','expire','2026-06-27 16:14:05','209.121.229.219'),
(3,'24ad481bbbdd84e036825d85f6a361eb','expire','2026-06-27 16:14:05','209.121.229.219'),
(3,'24ad481bbbdd84e036825d85f6a361eb','expire','2026-06-27 16:14:05','209.121.229.219'),
(3,'24ad481bbbdd84e036825d85f6a361eb','expire','2026-06-27 16:14:05','209.121.229.219'),
(3,'24ad481bbbdd84e036825d85f6a361eb','expire','2026-06-27 16:14:05','209.121.229.219'),
(3,'24ad481bbbdd84e036825d85f6a361eb','expire','2026-06-27 16:14:05','209.121.229.219'),
(3,'96a6a657631abbd99101e8356c2d7c61','expire','2026-06-27 16:17:06','209.121.229.219'),
(3,'96a6a657631abbd99101e8356c2d7c61','login','2026-06-27 16:20:48','209.121.229.219'),
(3,'96a6a657631abbd99101e8356c2d7c61','expire','2026-06-27 16:57:36','209.121.229.219'),
(3,'96a6a657631abbd99101e8356c2d7c61','expire','2026-06-27 16:57:36','209.121.229.219'),
(3,'96a6a657631abbd99101e8356c2d7c61','expire','2026-06-27 16:57:36','209.121.229.219'),
(3,'96a6a657631abbd99101e8356c2d7c61','expire','2026-06-27 16:57:36','209.121.229.219'),
(3,'96a6a657631abbd99101e8356c2d7c61','expire','2026-06-27 16:57:36','209.121.229.219'),
(3,'96a6a657631abbd99101e8356c2d7c61','expire','2026-06-27 16:57:36','209.121.229.219'),
(3,'96a6a657631abbd99101e8356c2d7c61','expire','2026-06-27 16:57:36','209.121.229.219'),
(3,'96a6a657631abbd99101e8356c2d7c61','login','2026-06-27 17:02:03','209.121.229.219'),
(3,'96a6a657631abbd99101e8356c2d7c61','logout','2026-06-27 17:06:47','209.121.229.219'),
(5,'96a6a657631abbd99101e8356c2d7c61','expire','2026-06-27 20:17:40','209.121.229.219'),
(3,'96a6a657631abbd99101e8356c2d7c61','login','2026-06-27 20:54:54','209.121.229.219'),
(3,'96a6a657631abbd99101e8356c2d7c61','expire','2026-06-27 21:25:17','209.121.229.219'),
(3,'96a6a657631abbd99101e8356c2d7c61','expire','2026-06-27 21:25:17','209.121.229.219'),
(3,'96a6a657631abbd99101e8356c2d7c61','expire','2026-06-27 21:25:17','209.121.229.219'),
(3,'96a6a657631abbd99101e8356c2d7c61','expire','2026-06-27 21:25:17','209.121.229.219'),
(3,'96a6a657631abbd99101e8356c2d7c61','expire','2026-06-27 21:25:17','209.121.229.219'),
(3,'96a6a657631abbd99101e8356c2d7c61','expire','2026-06-27 21:25:17','209.121.229.219'),
(3,'96a6a657631abbd99101e8356c2d7c61','expire','2026-06-27 21:25:17','209.121.229.219'),
(3,'96a6a657631abbd99101e8356c2d7c61','expire','2026-06-27 21:25:17','209.121.229.219'),
(3,'96a6a657631abbd99101e8356c2d7c61','login','2026-06-27 21:25:34','209.121.229.219'),
(3,'96a6a657631abbd99101e8356c2d7c61','expire','2026-06-27 23:24:34','209.121.229.219'),
(3,'96a6a657631abbd99101e8356c2d7c61','expire','2026-06-27 23:24:34','209.121.229.219'),
(3,'96a6a657631abbd99101e8356c2d7c61','expire','2026-06-27 23:24:34','209.121.229.219'),
(3,'96a6a657631abbd99101e8356c2d7c61','expire','2026-06-27 23:24:34','209.121.229.219'),
(3,'96a6a657631abbd99101e8356c2d7c61','expire','2026-06-27 23:24:34','209.121.229.219'),
(3,'96a6a657631abbd99101e8356c2d7c61','login','2026-06-27 23:24:53','209.121.229.219'),
(3,'96a6a657631abbd99101e8356c2d7c61','expire','2026-06-27 23:55:11','209.121.229.219'),
(3,'96a6a657631abbd99101e8356c2d7c61','expire','2026-06-27 23:55:11','209.121.229.219'),
(3,'96a6a657631abbd99101e8356c2d7c61','expire','2026-06-27 23:55:11','209.121.229.219'),
(3,'96a6a657631abbd99101e8356c2d7c61','expire','2026-06-27 23:55:11','209.121.229.219'),
(3,'96a6a657631abbd99101e8356c2d7c61','expire','2026-06-27 23:55:11','209.121.229.219'),
(3,'96a6a657631abbd99101e8356c2d7c61','expire','2026-06-27 23:55:11','209.121.229.219'),
(3,'96a6a657631abbd99101e8356c2d7c61','expire','2026-06-27 23:55:11','209.121.229.219'),
(3,'96a6a657631abbd99101e8356c2d7c61','login','2026-06-27 23:55:16','209.121.229.219'),
(3,'96a6a657631abbd99101e8356c2d7c61','expire','2026-06-28 11:34:43','209.121.229.219'),
(3,'96a6a657631abbd99101e8356c2d7c61','expire','2026-06-28 11:34:43','209.121.229.219'),
(3,'96a6a657631abbd99101e8356c2d7c61','expire','2026-06-28 11:34:43','209.121.229.219'),
(3,'96a6a657631abbd99101e8356c2d7c61','login','2026-06-28 11:36:40','209.121.229.219'),
(5,'abe8133e0afd921f8cff8c2501bdf799','login','2026-06-28 11:38:18','186.247.35.77'),
(3,'96a6a657631abbd99101e8356c2d7c61','expire','2026-06-28 12:08:49','209.121.229.219'),
(5,'96a6a657631abbd99101e8356c2d7c61','expire','2026-06-28 12:08:49','209.121.229.219'),
(3,'96a6a657631abbd99101e8356c2d7c61','expire','2026-06-28 12:08:49','209.121.229.219'),
(5,'96a6a657631abbd99101e8356c2d7c61','expire','2026-06-28 12:08:49','209.121.229.219'),
(3,'96a6a657631abbd99101e8356c2d7c61','expire','2026-06-28 12:08:49','209.121.229.219'),
(3,'96a6a657631abbd99101e8356c2d7c61','expire','2026-06-28 12:08:49','209.121.229.219'),
(3,'96a6a657631abbd99101e8356c2d7c61','expire','2026-06-28 12:08:49','209.121.229.219'),
(3,'96a6a657631abbd99101e8356c2d7c61','expire','2026-06-28 12:08:49','209.121.229.219'),
(3,'96a6a657631abbd99101e8356c2d7c61','expire','2026-06-28 12:08:49','209.121.229.219'),
(3,'96a6a657631abbd99101e8356c2d7c61','expire','2026-06-28 12:12:39','209.121.229.219'),
(3,'96a6a657631abbd99101e8356c2d7c61','expire','2026-06-28 12:18:09','209.121.229.219'),
(3,'96a6a657631abbd99101e8356c2d7c61','expire','2026-06-28 12:19:31','209.121.229.219'),
(3,'96a6a657631abbd99101e8356c2d7c61','expire','2026-06-28 12:23:07','209.121.229.219'),
(3,'96a6a657631abbd99101e8356c2d7c61','expire','2026-06-28 12:28:52','209.121.229.219'),
(3,'96a6a657631abbd99101e8356c2d7c61','expire','2026-06-28 12:33:29','209.121.229.219'),
(3,'215eb0de4415a06016b5465a544bf45d','expire','2026-06-28 12:37:15','66.249.84.12'),
(3,'96a6a657631abbd99101e8356c2d7c61','expire','2026-06-28 12:47:22','209.121.229.219'),
(3,'96a6a657631abbd99101e8356c2d7c61','expire','2026-06-28 12:51:19','209.121.229.219'),
(3,'96a6a657631abbd99101e8356c2d7c61','expire','2026-06-28 12:59:49','209.121.229.219'),
(3,'96a6a657631abbd99101e8356c2d7c61','expire','2026-06-28 13:03:28','209.121.229.219'),
(3,'96a6a657631abbd99101e8356c2d7c61','expire','2026-06-28 13:05:49','209.121.229.219'),
(3,'96a6a657631abbd99101e8356c2d7c61','expire','2026-06-28 13:09:02','209.121.229.219'),
(3,'96a6a657631abbd99101e8356c2d7c61','expire','2026-06-28 13:25:36','209.121.229.219'),
(3,'96a6a657631abbd99101e8356c2d7c61','expire','2026-06-28 13:29:59','209.121.229.219'),
(3,'96a6a657631abbd99101e8356c2d7c61','expire','2026-06-28 13:33:48','209.121.229.219'),
(3,'96a6a657631abbd99101e8356c2d7c61','expire','2026-06-28 13:44:22','209.121.229.219'),
(3,'96a6a657631abbd99101e8356c2d7c61','expire','2026-06-28 13:47:51','209.121.229.219'),
(3,'96a6a657631abbd99101e8356c2d7c61','expire','2026-06-28 13:53:32','209.121.229.219'),
(3,'96a6a657631abbd99101e8356c2d7c61','expire','2026-06-28 14:00:15','209.121.229.219'),
(3,'96a6a657631abbd99101e8356c2d7c61','expire','2026-06-28 14:03:36','209.121.229.219'),
(3,'96a6a657631abbd99101e8356c2d7c61','expire','2026-06-28 14:10:33','209.121.229.219'),
(3,'96a6a657631abbd99101e8356c2d7c61','expire','2026-06-28 14:20:17','209.121.229.219'),
(3,'50ba7a7b13b8f48cf0828c575b35844d','expire','2026-06-28 15:05:50','209.121.229.219'),
(3,'50ba7a7b13b8f48cf0828c575b35844d','expire','2026-06-28 15:11:57','209.121.229.219'),
(3,'96a6a657631abbd99101e8356c2d7c61','expire','2026-06-28 16:08:41','209.121.229.219'),
(3,'96a6a657631abbd99101e8356c2d7c61','expire','2026-06-28 16:21:20','209.121.229.219'),
(3,'96a6a657631abbd99101e8356c2d7c61','expire','2026-06-28 16:24:33','209.121.229.219'),
(3,'96a6a657631abbd99101e8356c2d7c61','expire','2026-06-28 16:28:39','209.121.229.219'),
(3,'96a6a657631abbd99101e8356c2d7c61','expire','2026-06-28 16:31:53','209.121.229.219'),
(3,'96a6a657631abbd99101e8356c2d7c61','expire','2026-06-28 16:36:44','209.121.229.219'),
(3,'96a6a657631abbd99101e8356c2d7c61','expire','2026-06-28 16:43:44','209.121.229.219'),
(3,'96a6a657631abbd99101e8356c2d7c61','expire','2026-06-28 16:48:37','209.121.229.219'),
(3,'96a6a657631abbd99101e8356c2d7c61','expire','2026-06-28 16:51:49','209.121.229.219'),
(3,'96a6a657631abbd99101e8356c2d7c61','expire','2026-06-28 16:55:25','209.121.229.219'),
(3,'96a6a657631abbd99101e8356c2d7c61','expire','2026-06-28 17:03:49','209.121.229.219'),
(3,'96a6a657631abbd99101e8356c2d7c61','expire','2026-06-28 17:09:15','209.121.229.219'),
(3,'96a6a657631abbd99101e8356c2d7c61','expire','2026-06-28 17:12:44','209.121.229.219'),
(3,'96a6a657631abbd99101e8356c2d7c61','expire','2026-06-28 17:15:54','209.121.229.219'),
(3,'96a6a657631abbd99101e8356c2d7c61','expire','2026-06-28 17:19:31','209.121.229.219'),
(3,'96a6a657631abbd99101e8356c2d7c61','expire','2026-06-28 19:10:22','209.121.229.219'),
(3,'96a6a657631abbd99101e8356c2d7c61','expire','2026-06-28 19:13:30','209.121.229.219'),
(3,'96a6a657631abbd99101e8356c2d7c61','expire','2026-06-28 19:16:37','209.121.229.219'),
(3,'96a6a657631abbd99101e8356c2d7c61','expire','2026-06-28 19:19:42','209.121.229.219'),
(3,'50ba7a7b13b8f48cf0828c575b35844d','expire','2026-06-28 19:32:49','209.121.229.219'),
(3,'50ba7a7b13b8f48cf0828c575b35844d','login','2026-06-28 19:36:44','209.121.229.219'),
(3,'a5ec163affd62ccec79df5609721a096','expire','2026-06-28 21:11:07','209.121.229.219'),
(3,'a5ec163affd62ccec79df5609721a096','expire','2026-06-28 21:11:07','209.121.229.219'),
(3,'96a6a657631abbd99101e8356c2d7c61','expire','2026-06-28 23:46:18','209.121.229.219'),
(3,'96a6a657631abbd99101e8356c2d7c61','expire','2026-06-28 23:53:36','209.121.229.219'),
(3,'96a6a657631abbd99101e8356c2d7c61','expire','2026-06-29 13:12:58','209.121.229.219'),
(3,'96a6a657631abbd99101e8356c2d7c61','expire','2026-06-29 13:28:34','209.121.229.219'),
(3,'96a6a657631abbd99101e8356c2d7c61','expire','2026-06-29 13:35:15','209.121.229.219'),
(3,'96a6a657631abbd99101e8356c2d7c61','expire','2026-06-29 13:39:20','209.121.229.219'),
(3,'96a6a657631abbd99101e8356c2d7c61','expire','2026-06-29 13:42:34','209.121.229.219'),
(3,'50ba7a7b13b8f48cf0828c575b35844d','expire','2026-06-29 13:49:09','209.121.229.219'),
(3,'96a6a657631abbd99101e8356c2d7c61','expire','2026-06-29 13:53:45','209.121.229.219'),
(3,'96a6a657631abbd99101e8356c2d7c61','expire','2026-06-29 13:53:45','209.121.229.219'),
(3,'96a6a657631abbd99101e8356c2d7c61','expire','2026-06-29 13:57:07','209.121.229.219'),
(3,'96a6a657631abbd99101e8356c2d7c61','expire','2026-06-29 14:00:32','209.121.229.219'),
(3,'96a6a657631abbd99101e8356c2d7c61','expire','2026-06-29 14:09:42','209.121.229.219'),
(3,'96a6a657631abbd99101e8356c2d7c61','expire','2026-06-29 14:14:02','209.121.229.219'),
(3,'96a6a657631abbd99101e8356c2d7c61','expire','2026-06-29 14:17:25','209.121.229.219'),
(3,'96a6a657631abbd99101e8356c2d7c61','expire','2026-06-29 14:25:59','209.121.229.219'),
(3,'96a6a657631abbd99101e8356c2d7c61','expire','2026-06-29 14:30:41','209.121.229.219'),
(3,'96a6a657631abbd99101e8356c2d7c61','expire','2026-06-29 14:34:32','209.121.229.219'),
(3,'96a6a657631abbd99101e8356c2d7c61','expire','2026-06-29 14:37:56','209.121.229.219'),
(3,'50ba7a7b13b8f48cf0828c575b35844d','expire','2026-06-29 14:44:38','209.121.229.219'),
(3,'96a6a657631abbd99101e8356c2d7c61','expire','2026-06-29 15:04:54','209.121.229.219'),
(3,'96a6a657631abbd99101e8356c2d7c61','expire','2026-06-29 15:09:51','209.121.229.219'),
(3,'96a6a657631abbd99101e8356c2d7c61','expire','2026-06-29 15:18:45','209.121.229.219'),
(3,'96a6a657631abbd99101e8356c2d7c61','expire','2026-06-29 15:22:44','209.121.229.219'),
(3,'96a6a657631abbd99101e8356c2d7c61','expire','2026-06-29 15:30:04','209.121.229.219'),
(3,'96a6a657631abbd99101e8356c2d7c61','expire','2026-06-29 15:33:10','209.121.229.219'),
(3,'96a6a657631abbd99101e8356c2d7c61','expire','2026-06-29 15:37:53','209.121.229.219'),
(3,'96a6a657631abbd99101e8356c2d7c61','expire','2026-06-29 15:40:55','209.121.229.219'),
(3,'96a6a657631abbd99101e8356c2d7c61','expire','2026-06-29 15:44:12','209.121.229.219'),
(3,'96a6a657631abbd99101e8356c2d7c61','expire','2026-06-29 15:47:29','209.121.229.219'),
(3,'96a6a657631abbd99101e8356c2d7c61','expire','2026-06-29 15:50:49','209.121.229.219'),
(3,'96a6a657631abbd99101e8356c2d7c61','expire','2026-06-29 15:56:52','209.121.229.219'),
(3,'96a6a657631abbd99101e8356c2d7c61','expire','2026-06-29 16:01:38','209.121.229.219'),
(3,'96a6a657631abbd99101e8356c2d7c61','expire','2026-06-29 16:04:59','209.121.229.219'),
(3,'96a6a657631abbd99101e8356c2d7c61','expire','2026-06-29 16:08:23','209.121.229.219'),
(3,'96a6a657631abbd99101e8356c2d7c61','expire','2026-06-29 16:24:23','209.121.229.219'),
(3,'96a6a657631abbd99101e8356c2d7c61','expire','2026-06-29 16:28:31','209.121.229.219'),
(3,'96a6a657631abbd99101e8356c2d7c61','expire','2026-06-29 17:04:08','209.121.229.219'),
(3,'96a6a657631abbd99101e8356c2d7c61','expire','2026-06-29 17:10:43','209.121.229.219'),
(3,'96a6a657631abbd99101e8356c2d7c61','expire','2026-06-29 19:16:39','209.121.229.219'),
(3,'96a6a657631abbd99101e8356c2d7c61','expire','2026-06-29 19:22:12','209.121.229.219'),
(3,'96a6a657631abbd99101e8356c2d7c61','expire','2026-06-29 19:25:39','209.121.229.219'),
(3,'96a6a657631abbd99101e8356c2d7c61','logout','2026-06-29 19:26:54','209.121.229.219'),
(3,'96a6a657631abbd99101e8356c2d7c61','login','2026-06-29 19:28:11','209.121.229.219'),
(3,'96a6a657631abbd99101e8356c2d7c61','logout','2026-06-29 19:35:18','209.121.229.219'),
(3,'96a6a657631abbd99101e8356c2d7c61','login','2026-06-29 19:46:49','209.121.229.219'),
(3,'96a6a657631abbd99101e8356c2d7c61','logout','2026-06-29 19:48:02','209.121.229.219'),
(3,'96a6a657631abbd99101e8356c2d7c61','login','2026-06-29 19:52:48','209.121.229.219'),
(3,'96a6a657631abbd99101e8356c2d7c61','logout','2026-06-29 19:59:17','209.121.229.219'),
(3,'96a6a657631abbd99101e8356c2d7c61','login','2026-06-29 19:59:35','209.121.229.219'),
(3,'96a6a657631abbd99101e8356c2d7c61','logout','2026-06-29 20:01:24','209.121.229.219'),
(3,'96a6a657631abbd99101e8356c2d7c61','login','2026-06-29 20:01:32','209.121.229.219'),
(3,'96a6a657631abbd99101e8356c2d7c61','login','2026-06-29 20:02:21','209.121.229.219'),
(3,'96a6a657631abbd99101e8356c2d7c61','logout','2026-06-29 20:04:48','209.121.229.219'),
(5,'55b45f1dc1df75507c24d1559a1d4d1a','expire','2026-06-29 20:09:30','24.67.188.49'),
(3,'96a6a657631abbd99101e8356c2d7c61','login','2026-06-29 20:11:39','209.121.229.219'),
(3,'96a6a657631abbd99101e8356c2d7c61','expire','2026-06-29 20:44:07','209.121.229.219'),
(3,'96a6a657631abbd99101e8356c2d7c61','expire','2026-06-29 20:44:07','209.121.229.219'),
(3,'96a6a657631abbd99101e8356c2d7c61','expire','2026-06-29 20:44:07','209.121.229.219'),
(3,'96a6a657631abbd99101e8356c2d7c61','login','2026-06-29 20:44:30','209.121.229.219'),
(3,'96a6a657631abbd99101e8356c2d7c61','logout','2026-06-29 20:44:40','209.121.229.219'),
(3,'96a6a657631abbd99101e8356c2d7c61','login','2026-06-29 20:44:45','209.121.229.219'),
(3,'96a6a657631abbd99101e8356c2d7c61','logout','2026-06-29 20:45:49','209.121.229.219'),
(3,'96a6a657631abbd99101e8356c2d7c61','login','2026-06-29 20:46:27','209.121.229.219'),
(3,'96a6a657631abbd99101e8356c2d7c61','logout','2026-06-29 20:47:34','209.121.229.219'),
(3,'96a6a657631abbd99101e8356c2d7c61','login','2026-06-29 20:47:39','209.121.229.219'),
(5,'96a6a657631abbd99101e8356c2d7c61','expire','2026-06-29 21:09:09','209.121.229.219'),
(3,'96a6a657631abbd99101e8356c2d7c61','logout','2026-06-29 21:15:25','209.121.229.219'),
(3,'96a6a657631abbd99101e8356c2d7c61','login','2026-06-29 21:16:39','209.121.229.219'),
(3,'96a6a657631abbd99101e8356c2d7c61','logout','2026-06-29 21:40:02','209.121.229.219'),
(3,'96a6a657631abbd99101e8356c2d7c61','login','2026-06-29 21:45:23','209.121.229.219'),
(3,'96a6a657631abbd99101e8356c2d7c61','logout','2026-06-29 22:14:39','209.121.229.219'),
(3,'96a6a657631abbd99101e8356c2d7c61','login','2026-06-29 22:15:28','209.121.229.219'),
(3,'96a6a657631abbd99101e8356c2d7c61','expire','2026-06-29 22:45:51','209.121.229.219'),
(3,'96a6a657631abbd99101e8356c2d7c61','expire','2026-06-29 22:45:51','209.121.229.219'),
(3,'96a6a657631abbd99101e8356c2d7c61','expire','2026-06-29 22:45:51','209.121.229.219'),
(3,'96a6a657631abbd99101e8356c2d7c61','expire','2026-06-29 22:45:51','209.121.229.219'),
(3,'96a6a657631abbd99101e8356c2d7c61','expire','2026-06-29 22:45:51','209.121.229.219'),
(3,'96a6a657631abbd99101e8356c2d7c61','expire','2026-06-29 22:45:51','209.121.229.219'),
(3,'96a6a657631abbd99101e8356c2d7c61','expire','2026-06-29 22:48:54','209.121.229.219'),
(3,'96a6a657631abbd99101e8356c2d7c61','expire','2026-06-29 22:53:24','209.121.229.219'),
(3,'96a6a657631abbd99101e8356c2d7c61','expire','2026-06-29 22:54:35','209.121.229.219'),
(3,'96a6a657631abbd99101e8356c2d7c61','expire','2026-06-29 23:06:57','209.121.229.219'),
(3,'96a6a657631abbd99101e8356c2d7c61','expire','2026-06-29 23:10:04','209.121.229.219'),
(3,'96a6a657631abbd99101e8356c2d7c61','expire','2026-06-29 23:14:47','209.121.229.219'),
(3,'96a6a657631abbd99101e8356c2d7c61','logout','2026-06-29 23:15:25','209.121.229.219'),
(3,'96a6a657631abbd99101e8356c2d7c61','login','2026-06-29 23:15:34','209.121.229.219'),
(3,'96a6a657631abbd99101e8356c2d7c61','expire','2026-06-29 23:50:07','209.121.229.219'),
(3,'96a6a657631abbd99101e8356c2d7c61','expire','2026-06-29 23:50:07','209.121.229.219'),
(3,'96a6a657631abbd99101e8356c2d7c61','expire','2026-06-29 23:50:07','209.121.229.219'),
(3,'96a6a657631abbd99101e8356c2d7c61','expire','2026-06-29 23:50:07','209.121.229.219'),
(3,'96a6a657631abbd99101e8356c2d7c61','expire','2026-06-29 23:54:04','209.121.229.219'),
(3,'55b45f1dc1df75507c24d1559a1d4d1a','expire','2026-06-30 00:18:39','209.121.229.246'),
(5,'55b45f1dc1df75507c24d1559a1d4d1a','expire','2026-06-30 00:22:09','209.121.229.246'),
(5,'55b45f1dc1df75507c24d1559a1d4d1a','expire','2026-06-30 09:43:07','209.121.229.246'),
(5,'96a6a657631abbd99101e8356c2d7c61','expire','2026-06-30 10:27:33','209.121.229.219'),
(3,'96a6a657631abbd99101e8356c2d7c61','expire','2026-06-30 11:27:02','209.121.229.219'),
(3,'96a6a657631abbd99101e8356c2d7c61','expire','2026-06-30 11:30:09','209.121.229.219'),
(3,'96a6a657631abbd99101e8356c2d7c61','expire','2026-06-30 11:33:11','209.121.229.219'),
(3,'27e9cfb690194dacf81ac8854ea392ee','expire','2026-06-30 12:27:52','209.121.229.219'),
(3,'27e9cfb690194dacf81ac8854ea392ee','expire','2026-06-30 12:31:14','209.121.229.219'),
(5,'27e9cfb690194dacf81ac8854ea392ee','expire','2026-06-30 12:31:14','209.121.229.219'),
(3,'27e9cfb690194dacf81ac8854ea392ee','expire','2026-06-30 12:34:14','209.121.229.219'),
(5,'27e9cfb690194dacf81ac8854ea392ee','expire','2026-06-30 12:34:14','209.121.229.219'),
(3,'27e9cfb690194dacf81ac8854ea392ee','expire','2026-06-30 12:37:14','209.121.229.219'),
(5,'27e9cfb690194dacf81ac8854ea392ee','expire','2026-06-30 12:37:14','209.121.229.219'),
(3,'27e9cfb690194dacf81ac8854ea392ee','expire','2026-06-30 12:40:14','209.121.229.219'),
(3,'27e9cfb690194dacf81ac8854ea392ee','expire','2026-06-30 12:43:15','209.121.229.219'),
(3,'27e9cfb690194dacf81ac8854ea392ee','expire','2026-06-30 12:46:15','209.121.229.219'),
(3,'27e9cfb690194dacf81ac8854ea392ee','expire','2026-06-30 12:49:15','209.121.229.219'),
(3,'27e9cfb690194dacf81ac8854ea392ee','expire','2026-06-30 12:52:15','209.121.229.219'),
(3,'27e9cfb690194dacf81ac8854ea392ee','expire','2026-06-30 12:55:38','209.121.229.219'),
(3,'27e9cfb690194dacf81ac8854ea392ee','logout','2026-06-30 12:57:29','209.121.229.219'),
(3,'27e9cfb690194dacf81ac8854ea392ee','login','2026-06-30 13:22:03','209.121.229.219'),
(3,'27e9cfb690194dacf81ac8854ea392ee','expire','2026-06-30 13:53:45','209.121.229.219'),
(3,'27e9cfb690194dacf81ac8854ea392ee','expire','2026-06-30 13:53:45','209.121.229.219'),
(3,'27e9cfb690194dacf81ac8854ea392ee','expire','2026-06-30 13:53:45','209.121.229.219'),
(3,'27e9cfb690194dacf81ac8854ea392ee','expire','2026-06-30 13:53:45','209.121.229.219'),
(3,'27e9cfb690194dacf81ac8854ea392ee','expire','2026-06-30 13:53:45','209.121.229.219'),
(3,'27e9cfb690194dacf81ac8854ea392ee','expire','2026-06-30 13:53:45','209.121.229.219'),
(3,'27e9cfb690194dacf81ac8854ea392ee','expire','2026-06-30 13:53:45','209.121.229.219'),
(3,'27e9cfb690194dacf81ac8854ea392ee','expire','2026-06-30 13:53:45','209.121.229.219'),
(3,'27e9cfb690194dacf81ac8854ea392ee','expire','2026-06-30 14:00:33','209.121.229.219'),
(3,'27e9cfb690194dacf81ac8854ea392ee','expire','2026-06-30 14:04:04','209.121.229.219'),
(3,'27e9cfb690194dacf81ac8854ea392ee','expire','2026-06-30 14:07:28','209.121.229.219'),
(3,'27e9cfb690194dacf81ac8854ea392ee','expire','2026-06-30 14:10:56','209.121.229.219'),
(3,'27e9cfb690194dacf81ac8854ea392ee','expire','2026-06-30 14:25:42','209.121.229.219'),
(3,'27e9cfb690194dacf81ac8854ea392ee','expire','2026-06-30 14:34:20','209.121.229.219'),
(3,'27e9cfb690194dacf81ac8854ea392ee','expire','2026-06-30 14:37:30','209.121.229.219'),
(3,'27e9cfb690194dacf81ac8854ea392ee','expire','2026-06-30 14:37:45','209.121.229.219'),
(3,'27e9cfb690194dacf81ac8854ea392ee','expire','2026-06-30 14:45:35','209.121.229.219'),
(3,'27e9cfb690194dacf81ac8854ea392ee','expire','2026-06-30 14:55:50','209.121.229.219'),
(3,'27e9cfb690194dacf81ac8854ea392ee','expire','2026-06-30 14:56:15','209.121.229.219'),
(3,'27e9cfb690194dacf81ac8854ea392ee','expire','2026-06-30 15:02:48','209.121.229.219'),
(3,'27e9cfb690194dacf81ac8854ea392ee','expire','2026-06-30 15:06:06','209.121.229.219'),
(3,'27e9cfb690194dacf81ac8854ea392ee','expire','2026-06-30 15:10:45','209.121.229.219'),
(3,'27e9cfb690194dacf81ac8854ea392ee','expire','2026-06-30 15:12:17','209.121.229.219'),
(5,'27e9cfb690194dacf81ac8854ea392ee','expire','2026-06-30 15:12:17','209.121.229.219'),
(3,'27e9cfb690194dacf81ac8854ea392ee','expire','2026-06-30 15:15:20','209.121.229.219'),
(3,'27e9cfb690194dacf81ac8854ea392ee','expire','2026-06-30 15:18:21','209.121.229.219'),
(3,'27e9cfb690194dacf81ac8854ea392ee','expire','2026-06-30 15:28:02','209.121.229.219'),
(3,'27e9cfb690194dacf81ac8854ea392ee','expire','2026-06-30 15:32:25','209.121.229.219'),
(3,'27e9cfb690194dacf81ac8854ea392ee','expire','2026-06-30 15:38:40','209.121.229.219'),
(3,'27e9cfb690194dacf81ac8854ea392ee','expire','2026-06-30 15:41:51','209.121.229.219'),
(3,'27e9cfb690194dacf81ac8854ea392ee','expire','2026-06-30 15:45:20','209.121.229.219'),
(3,'27e9cfb690194dacf81ac8854ea392ee','expire','2026-06-30 15:45:54','209.121.229.219'),
(3,'27e9cfb690194dacf81ac8854ea392ee','expire','2026-06-30 15:48:59','209.121.229.219'),
(3,'27e9cfb690194dacf81ac8854ea392ee','expire','2026-06-30 15:52:03','209.121.229.219'),
(3,'27e9cfb690194dacf81ac8854ea392ee','expire','2026-06-30 15:55:05','209.121.229.219'),
(3,'27e9cfb690194dacf81ac8854ea392ee','expire','2026-06-30 15:58:18','209.121.229.219'),
(3,'27e9cfb690194dacf81ac8854ea392ee','expire','2026-06-30 16:01:25','209.121.229.219'),
(3,'27e9cfb690194dacf81ac8854ea392ee','expire','2026-06-30 16:04:25','209.121.229.219'),
(3,'27e9cfb690194dacf81ac8854ea392ee','expire','2026-06-30 16:07:25','209.121.229.219'),
(3,'27e9cfb690194dacf81ac8854ea392ee','expire','2026-06-30 16:10:25','209.121.229.219'),
(3,'27e9cfb690194dacf81ac8854ea392ee','expire','2026-06-30 16:13:25','209.121.229.219'),
(3,'27e9cfb690194dacf81ac8854ea392ee','expire','2026-06-30 16:16:27','209.121.229.219'),
(3,'27e9cfb690194dacf81ac8854ea392ee','expire','2026-06-30 16:19:54','209.121.229.219'),
(3,'27e9cfb690194dacf81ac8854ea392ee','expire','2026-06-30 16:22:57','209.121.229.219'),
(3,'27e9cfb690194dacf81ac8854ea392ee','expire','2026-06-30 16:26:39','209.121.229.219'),
(3,'27e9cfb690194dacf81ac8854ea392ee','expire','2026-06-30 16:30:14','209.121.229.219'),
(3,'27e9cfb690194dacf81ac8854ea392ee','expire','2026-06-30 16:34:23','209.121.229.219'),
(3,'27e9cfb690194dacf81ac8854ea392ee','expire','2026-06-30 16:38:07','209.121.229.219'),
(3,'27e9cfb690194dacf81ac8854ea392ee','expire','2026-06-30 16:41:17','209.121.229.219'),
(3,'27e9cfb690194dacf81ac8854ea392ee','logout','2026-06-30 16:44:54','209.121.229.219'),
(3,'27e9cfb690194dacf81ac8854ea392ee','login','2026-06-30 16:52:52','209.121.229.219'),
(3,'27e9cfb690194dacf81ac8854ea392ee','expire','2026-06-30 17:31:09','209.121.229.219'),
(3,'27e9cfb690194dacf81ac8854ea392ee','expire','2026-06-30 17:31:09','209.121.229.219'),
(3,'27e9cfb690194dacf81ac8854ea392ee','expire','2026-06-30 17:31:09','209.121.229.219'),
(3,'27e9cfb690194dacf81ac8854ea392ee','expire','2026-06-30 17:34:16','209.121.229.219'),
(3,'27e9cfb690194dacf81ac8854ea392ee','expire','2026-06-30 17:50:49','209.121.229.219'),
(3,'27e9cfb690194dacf81ac8854ea392ee','expire','2026-06-30 17:57:21','209.121.229.219'),
(3,'27e9cfb690194dacf81ac8854ea392ee','logout','2026-06-30 17:58:31','209.121.229.219'),
(3,'27e9cfb690194dacf81ac8854ea392ee','login','2026-06-30 18:17:43','209.121.229.219'),
(3,'27e9cfb690194dacf81ac8854ea392ee','expire','2026-06-30 18:50:03','209.121.229.219'),
(3,'27e9cfb690194dacf81ac8854ea392ee','expire','2026-06-30 18:50:03','209.121.229.219'),
(3,'27e9cfb690194dacf81ac8854ea392ee','expire','2026-06-30 18:50:03','209.121.229.219'),
(3,'27e9cfb690194dacf81ac8854ea392ee','expire','2026-06-30 18:50:03','209.121.229.219'),
(3,'27e9cfb690194dacf81ac8854ea392ee','expire','2026-06-30 18:50:03','209.121.229.219'),
(3,'27e9cfb690194dacf81ac8854ea392ee','expire','2026-06-30 18:50:03','209.121.229.219'),
(3,'27e9cfb690194dacf81ac8854ea392ee','expire','2026-06-30 18:50:03','209.121.229.219'),
(3,'27e9cfb690194dacf81ac8854ea392ee','expire','2026-06-30 18:50:03','209.121.229.219'),
(3,'27e9cfb690194dacf81ac8854ea392ee','expire','2026-06-30 18:50:03','209.121.229.219'),
(3,'27e9cfb690194dacf81ac8854ea392ee','expire','2026-06-30 18:50:03','209.121.229.219'),
(3,'27e9cfb690194dacf81ac8854ea392ee','expire','2026-06-30 18:53:04','209.121.229.219'),
(3,'27e9cfb690194dacf81ac8854ea392ee','expire','2026-06-30 18:56:28','209.121.229.219'),
(3,'27e9cfb690194dacf81ac8854ea392ee','expire','2026-06-30 18:59:41','209.121.229.219'),
(3,'27e9cfb690194dacf81ac8854ea392ee','expire','2026-06-30 19:02:57','209.121.229.219'),
(3,'27e9cfb690194dacf81ac8854ea392ee','expire','2026-06-30 19:05:36','209.121.229.219'),
(3,'27e9cfb690194dacf81ac8854ea392ee','expire','2026-06-30 19:08:50','209.121.229.219'),
(3,'27e9cfb690194dacf81ac8854ea392ee','expire','2026-06-30 19:11:57','209.121.229.219'),
(3,'27e9cfb690194dacf81ac8854ea392ee','expire','2026-06-30 19:15:09','209.121.229.219'),
(3,'27e9cfb690194dacf81ac8854ea392ee','expire','2026-06-30 19:18:20','209.121.229.219'),
(3,'27e9cfb690194dacf81ac8854ea392ee','expire','2026-06-30 19:21:33','209.121.229.219'),
(3,'27e9cfb690194dacf81ac8854ea392ee','expire','2026-06-30 19:24:40','209.121.229.219'),
(3,'27e9cfb690194dacf81ac8854ea392ee','expire','2026-06-30 19:27:57','209.121.229.219'),
(3,'27e9cfb690194dacf81ac8854ea392ee','expire','2026-06-30 19:30:59','209.121.229.219'),
(3,'27e9cfb690194dacf81ac8854ea392ee','expire','2026-06-30 19:34:00','209.121.229.219'),
(3,'27e9cfb690194dacf81ac8854ea392ee','expire','2026-06-30 19:37:15','209.121.229.219'),
(3,'27e9cfb690194dacf81ac8854ea392ee','expire','2026-06-30 19:40:25','209.121.229.219'),
(3,'27e9cfb690194dacf81ac8854ea392ee','expire','2026-06-30 19:43:37','209.121.229.219'),
(3,'27e9cfb690194dacf81ac8854ea392ee','expire','2026-06-30 19:46:40','209.121.229.219'),
(3,'27e9cfb690194dacf81ac8854ea392ee','expire','2026-06-30 19:49:40','209.121.229.219'),
(3,'27e9cfb690194dacf81ac8854ea392ee','expire','2026-06-30 19:52:57','209.121.229.219'),
(3,'27e9cfb690194dacf81ac8854ea392ee','expire','2026-06-30 19:56:08','209.121.229.219'),
(3,'27e9cfb690194dacf81ac8854ea392ee','expire','2026-06-30 19:59:15','209.121.229.219'),
(3,'55b45f1dc1df75507c24d1559a1d4d1a','expire','2026-06-30 21:19:22','24.67.188.49'),
(5,'c0ec4df16292af546dd68fc63e6be451','expire','2026-06-30 23:23:17','209.121.229.219'),
(3,'c0ec4df16292af546dd68fc63e6be451','expire','2026-06-30 23:23:17','209.121.229.219'),
(3,'c0ec4df16292af546dd68fc63e6be451','expire','2026-06-30 23:26:35','209.121.229.219'),
(3,'c0ec4df16292af546dd68fc63e6be451','expire','2026-06-30 23:29:36','209.121.229.219'),
(3,'c0ec4df16292af546dd68fc63e6be451','expire','2026-06-30 23:33:55','209.121.229.219'),
(3,'c0ec4df16292af546dd68fc63e6be451','expire','2026-06-30 23:39:42','209.121.229.219'),
(3,'c0ec4df16292af546dd68fc63e6be451','expire','2026-06-30 23:46:17','209.121.229.219'),
(3,'c0ec4df16292af546dd68fc63e6be451','expire','2026-06-30 23:49:43','209.121.229.219'),
(3,'c0ec4df16292af546dd68fc63e6be451','expire','2026-06-30 23:52:44','209.121.229.219'),
(3,'c0ec4df16292af546dd68fc63e6be451','expire','2026-07-01 12:11:50','209.121.229.219'),
(3,'c0ec4df16292af546dd68fc63e6be451','expire','2026-07-01 12:21:02','209.121.229.219'),
(3,'c0ec4df16292af546dd68fc63e6be451','expire','2026-07-01 12:24:25','209.121.229.219'),
(3,'55b45f1dc1df75507c24d1559a1d4d1a','expire','2026-07-01 12:27:47','24.67.188.49'),
(5,'c0ec4df16292af546dd68fc63e6be451','expire','2026-07-01 12:31:25','209.121.229.219'),
(3,'c0ec4df16292af546dd68fc63e6be451','expire','2026-07-01 12:31:25','209.121.229.219'),
(3,'c0ec4df16292af546dd68fc63e6be451','expire','2026-07-01 12:34:48','209.121.229.219'),
(3,'c0ec4df16292af546dd68fc63e6be451','expire','2026-07-01 12:38:00','209.121.229.219'),
(3,'c0ec4df16292af546dd68fc63e6be451','expire','2026-07-01 12:41:40','209.121.229.219'),
(3,'bc959be43d682620ac511edf34f52334','expire','2026-07-01 12:46:36','209.121.229.219'),
(3,'bc959be43d682620ac511edf34f52334','expire','2026-07-01 12:51:16','209.121.229.219'),
(3,'bc959be43d682620ac511edf34f52334','expire','2026-07-01 12:56:21','209.121.229.219'),
(3,'bc959be43d682620ac511edf34f52334','expire','2026-07-01 12:56:21','209.121.229.219'),
(3,'bc959be43d682620ac511edf34f52334','expire','2026-07-01 13:00:01','209.121.229.219'),
(3,'bc959be43d682620ac511edf34f52334','expire','2026-07-01 13:03:36','209.121.229.219'),
(3,'bc959be43d682620ac511edf34f52334','expire','2026-07-01 13:07:20','209.121.229.219'),
(3,'bc959be43d682620ac511edf34f52334','expire','2026-07-01 13:10:48','209.121.229.219'),
(3,'c0ec4df16292af546dd68fc63e6be451','expire','2026-07-01 13:16:24','209.121.229.219'),
(3,'c0ec4df16292af546dd68fc63e6be451','expire','2026-07-01 13:16:24','209.121.229.219'),
(3,'c0ec4df16292af546dd68fc63e6be451','expire','2026-07-01 13:22:05','209.121.229.219'),
(3,'c0ec4df16292af546dd68fc63e6be451','expire','2026-07-01 13:31:20','209.121.229.219'),
(3,'bc959be43d682620ac511edf34f52334','expire','2026-07-01 13:34:32','209.121.229.219'),
(3,'bc959be43d682620ac511edf34f52334','expire','2026-07-01 13:34:32','209.121.229.219'),
(3,'c0ec4df16292af546dd68fc63e6be451','expire','2026-07-01 13:41:17','209.121.229.219'),
(3,'bc959be43d682620ac511edf34f52334','expire','2026-07-01 13:45:42','209.121.229.219'),
(3,'c0ec4df16292af546dd68fc63e6be451','expire','2026-07-01 13:53:18','209.121.229.219'),
(3,'c0ec4df16292af546dd68fc63e6be451','expire','2026-07-01 13:57:58','209.121.229.219'),
(3,'c0ec4df16292af546dd68fc63e6be451','expire','2026-07-01 13:57:58','209.121.229.219'),
(3,'bc959be43d682620ac511edf34f52334','expire','2026-07-01 14:01:47','209.121.229.219'),
(3,'c0ec4df16292af546dd68fc63e6be451','expire','2026-07-01 14:06:56','209.121.229.219'),
(3,'c0ec4df16292af546dd68fc63e6be451','expire','2026-07-01 14:06:56','209.121.229.219'),
(3,'c0ec4df16292af546dd68fc63e6be451','expire','2026-07-01 14:11:38','209.121.229.219'),
(3,'c0ec4df16292af546dd68fc63e6be451','expire','2026-07-01 14:16:28','209.121.229.219'),
(3,'c0ec4df16292af546dd68fc63e6be451','expire','2026-07-01 14:19:38','209.121.229.219'),
(3,'c0ec4df16292af546dd68fc63e6be451','expire','2026-07-01 14:21:52','209.121.229.219'),
(3,'c0ec4df16292af546dd68fc63e6be451','expire','2026-07-01 14:21:52','209.121.229.219'),
(3,'c0ec4df16292af546dd68fc63e6be451','expire','2026-07-01 14:44:23','209.121.229.219'),
(3,'c0ec4df16292af546dd68fc63e6be451','expire','2026-07-01 14:49:13','209.121.229.219'),
(3,'c0ec4df16292af546dd68fc63e6be451','expire','2026-07-01 14:52:45','209.121.229.219'),
(3,'c0ec4df16292af546dd68fc63e6be451','expire','2026-07-01 15:06:19','209.121.229.219'),
(3,'c0ec4df16292af546dd68fc63e6be451','expire','2026-07-01 15:10:11','209.121.229.219'),
(3,'c0ec4df16292af546dd68fc63e6be451','expire','2026-07-01 15:13:30','209.121.229.219'),
(3,'c0ec4df16292af546dd68fc63e6be451','expire','2026-07-01 15:17:02','209.121.229.219'),
(3,'c0ec4df16292af546dd68fc63e6be451','expire','2026-07-01 15:20:17','209.121.229.219'),
(3,'c0ec4df16292af546dd68fc63e6be451','expire','2026-07-01 15:23:00','209.121.229.219'),
(3,'c0ec4df16292af546dd68fc63e6be451','expire','2026-07-01 15:26:08','209.121.229.219'),
(3,'c0ec4df16292af546dd68fc63e6be451','expire','2026-07-01 15:29:37','209.121.229.219'),
(3,'c0ec4df16292af546dd68fc63e6be451','expire','2026-07-01 15:35:26','209.121.229.219'),
(3,'c0ec4df16292af546dd68fc63e6be451','expire','2026-07-01 15:40:10','209.121.229.219'),
(3,'c0ec4df16292af546dd68fc63e6be451','expire','2026-07-01 15:43:49','209.121.229.219'),
(3,'c0ec4df16292af546dd68fc63e6be451','expire','2026-07-01 15:47:29','209.121.229.219'),
(3,'c0ec4df16292af546dd68fc63e6be451','expire','2026-07-01 16:04:51','209.121.229.219');

--
-- Table structure for table `cmsqy_module_mams_loggedin`
--

CREATE TABLE `cmsqy_module_mams_loggedin` (
  `sessionid` varchar(255) NOT NULL,
  `lastused` int(11) DEFAULT NULL,
  `userid` int(11) NOT NULL,
  KEY `userid` (`userid`),
  CONSTRAINT `cmsqy_module_mams_loggedin_ibfk_1` FOREIGN KEY (`userid`) REFERENCES `cmsqy_module_mams_users` (`id`)
) ENGINE=InnoDB DEFAULT CHARSET=utf8mb3 COLLATE=utf8mb3_general_ci;

--
-- Dumping data for table `cmsqy_module_mams_loggedin`
--

INSERT INTO `cmsqy_module_mams_loggedin` (`sessionid`, `lastused`, `userid`) VALUES ('27e9cfb690194dacf81ac8854ea392ee',1782857863,3);

--
-- Table structure for table `cmsqy_module_mams_propdefn`
--

CREATE TABLE `cmsqy_module_mams_propdefn` (
  `name` varchar(40) NOT NULL,
  `prompt` varchar(255) NOT NULL,
  `type` varchar(20) NOT NULL,
  `length` int(11) DEFAULT NULL,
  `maxlength` int(11) DEFAULT NULL,
  `attribs` varchar(255) DEFAULT NULL,
  `force_unique` tinyint(4) DEFAULT NULL,
  `encrypt` tinyint(4) DEFAULT NULL,
  `extra` text DEFAULT NULL,
  PRIMARY KEY (`name`)
) ENGINE=InnoDB DEFAULT CHARSET=utf8mb3 COLLATE=utf8mb3_general_ci;

--
-- Dumping data for table `cmsqy_module_mams_propdefn`
--


--
-- Table structure for table `cmsqy_module_mams_properties`
--

CREATE TABLE `cmsqy_module_mams_properties` (
  `id` int(11) NOT NULL AUTO_INCREMENT,
  `userid` int(11) NOT NULL,
  `title` varchar(100) NOT NULL,
  `data` longtext DEFAULT NULL,
  PRIMARY KEY (`id`),
  KEY `cmsqy_mams_idx_propusertitle` (`userid`,`title`),
  KEY `cmsqy_mams_idx_proptitle` (`title`),
  CONSTRAINT `cmsqy_module_mams_properties_ibfk_1` FOREIGN KEY (`userid`) REFERENCES `cmsqy_module_mams_users` (`id`),
  CONSTRAINT `cmsqy_module_mams_properties_ibfk_2` FOREIGN KEY (`title`) REFERENCES `cmsqy_module_mams_propdefn` (`name`)
) ENGINE=InnoDB DEFAULT CHARSET=utf8mb3 COLLATE=utf8mb3_general_ci;

--
-- Dumping data for table `cmsqy_module_mams_properties`
--


--
-- Table structure for table `cmsqy_module_mams_tempcode`
--

CREATE TABLE `cmsqy_module_mams_tempcode` (
  `userid` int(11) NOT NULL,
  `code` varchar(25) NOT NULL,
  `created` datetime DEFAULT NULL,
  PRIMARY KEY (`userid`),
  CONSTRAINT `cmsqy_module_mams_tempcode_ibfk_1` FOREIGN KEY (`userid`) REFERENCES `cmsqy_module_mams_users` (`id`)
) ENGINE=InnoDB DEFAULT CHARSET=utf8mb3 COLLATE=utf8mb3_general_ci;

--
-- Dumping data for table `cmsqy_module_mams_tempcode`
--


--
-- Table structure for table `cmsqy_module_mams_users`
--

CREATE TABLE `cmsqy_module_mams_users` (
  `id` int(11) NOT NULL AUTO_INCREMENT,
  `username` varchar(128) NOT NULL,
  `password` varchar(128) NOT NULL,
  `createdate` datetime DEFAULT NULL,
  `expires` datetime DEFAULT NULL,
  `nonstd` tinyint(4) DEFAULT NULL,
  `disabled` tinyint(4) DEFAULT NULL,
  `salt` varchar(64) DEFAULT NULL,
  `force_newpw` tinyint(4) DEFAULT NULL,
  `force_chsettings` tinyint(4) DEFAULT NULL,
  `must_validate` tinyint(4) DEFAULT NULL,
  PRIMARY KEY (`id`),
  KEY `cmsqy_mams_idx_username` (`username`),
  KEY `cmsqy_mams_idx_expires` (`expires`)
) ENGINE=InnoDB AUTO_INCREMENT=6 DEFAULT CHARSET=utf8mb3 COLLATE=utf8mb3_general_ci;

--
-- Dumping data for table `cmsqy_module_mams_users`
--

INSERT INTO `cmsqy_module_mams_users` (`id`, `username`, `password`, `createdate`, `expires`, `nonstd`, `disabled`, `salt`, `force_newpw`, `force_chsettings`, `must_validate`) VALUES (3,'oyoptime@gmail.com','$2y$10$HK5NqauINKqP.Yf1SVdt9OngOu2ikLx9sSdCEdujCQor4DlSbLVeu','2026-06-24 13:52:06','2069-10-24 00:00:00',0,0,NULL,0,0,0),
(4,'german@csmtravel.com','$2y$10$FTLeOoTZFaSscH9pd8hNU.SJebydBX4IxRsyoHO9u8zOe4sIEz6aO','2026-06-27 12:16:01','2069-10-27 00:00:00',0,0,NULL,0,0,0),
(5,'english@csmtravel.com','$2y$10$jwIiFHkV2y3CaTfeToxcM.G30wluJUfJGkAYwL4EWuL6xYTBZvkf.','2026-06-27 12:16:40','2069-10-27 00:00:00',0,0,NULL,0,0,0);

--
-- Table structure for table `cmsqy_module_search_index`
--

CREATE TABLE `cmsqy_module_search_index` (
  `item_id` int(11) DEFAULT NULL,
  `word` varchar(255) DEFAULT NULL,
  `count` int(11) DEFAULT NULL,
  KEY `cmsqy_index_search_count` (`count`),
  KEY `cmsqy_index_search_index` (`word`)
) ENGINE=MyISAM DEFAULT CHARSET=utf8mb3 COLLATE=utf8mb3_general_ci;

--
-- Dumping data for table `cmsqy_module_search_index`
--

INSERT INTO `cmsqy_module_search_index` (`item_id`, `word`, `count`) VALUES (384,'homepage',4),
(523,'b&b',1),
(523,'western',1),
(522,'reslynx',4),
(508,'reslynx',4),
(387,'contact',4),
(387,'page',2),
(388,'inspiration',4),
(389,'inspiration',2),
(389,'detail',4),
(389,'inspiroation',2),
(390,'pages',4),
(390,'detail',4),
(390,'test',1),
(391,'package',4),
(391,'search',4),
(391,'results',4),
(437,'history',1),
(437,'exciting',1),
(437,'western',1),
(437,'appreciate',1),
(437,'come',1),
(437,'furthermore',1),
(437,'island',1),
(437,'vancouver',1),
(437,'passage',1),
(437,'inside',1),
(437,'famous',1),
(437,'mountains',1),
(437,'rocky',1),
(437,'lakes',1),
(437,'alpine',1),
(437,'beautiful',1),
(437,'peaks',1),
(437,'interior',1),
(437,'vineyards',1),
(437,'offer',1),
(437,'alberta',1),
(437,'columbia',1),
(437,'british',1),
(437,'sights',1),
(437,'great',1),
(437,'clients',2),
(437,'take',1),
(437,'will',3),
(437,'tour',1),
(437,'hotel',1),
(437,'guided',1),
(437,'speaks',1),
(437,'itinerary',1),
(437,'west',1),
(437,'canada’s',2),
(437,'explore',1),
(449,'group',2),
(449,'rest',1),
(449,'habitat',1),
(449,'natural',1),
(449,'animals',1),
(449,'observe',1),
(449,'able',1),
(449,'will',3),
(449,'luck',1),
(449,'eagles',1),
(449,'bald',1),
(449,'moose',1),
(449,'bears',1),
(449,'grizzly',1),
(449,'black',1),
(449,'home',1),
(449,'country',1),
(449,'island',1),
(449,'vancouver',1),
(449,'west',1),
(449,'range',1),
(449,'coast',2),
(449,'park',1),
(449,'gray',1),
(449,'wells',1),
(449,'parks',1),
(449,'national',1),
(449,'mountain',2),
(449,'rocky',1),
(449,'spectacular',1),
(449,'leads',1),
(449,'route',1),
(449,'guide',1),
(449,'experienced',1),
(449,'adventurists',1),
(447,'cascading',1),
(447,'ranges',1),
(447,'mountain',1),
(447,'spectacular',1),
(447,'array',1),
(447,'experience',1),
(447,'will',1),
(447,'participants',1),
(447,'landscapes',1),
(447,'pristine',1),
(447,'impressive',1),
(447,'america’s',1),
(447,'north',1),
(447,'travels',1),
(447,'roundtrip',1),
(447,'classic',1),
(447,'city',1),
(447,'largest',1),
(447,'alaska’s',1),
(447,'anchorage',1),
(447,'departing',1),
(447,'canada’s',1),
(447,'best',1),
(447,'offers',1),
(447,'tour',2),
(447,'land',1),
(447,'great',1),
(447,'welcome',1),
(447,'highlights',1),
(447,'yukon',2),
(447,'alaska',2),
(441,'offer',1),
(441,'percé',1),
(441,'tadoussac',1),
(441,'tremblant',1),
(441,'mont',1),
(441,'towns',1),
(441,'“québecois”',1),
(441,'typically',1),
(441,'small',1),
(441,'agenda',1),
(441,'city',1),
(441,'quebec',1),
(441,'montreal',1),
(441,'falls',1),
(441,'niagara',1),
(441,'toronto',1),
(441,'names',1),
(441,'famous',1),
(441,'area',1),
(441,'explore',1),
(441,'time',1),
(441,'enough',1),
(441,'place',1),
(441,'nights',1),
(441,'two',1),
(441,'stay',1),
(441,'mostly',1),
(441,'travellers',1),
(441,'rooms',1),
(441,'double',1),
(441,'single',1),
(441,'private',1),
(441,'chosen',1),
(441,'accommodations',1),
(441,'hotel',1),
(441,'class',1),
(441,'moderate',1),
(441,'explorer',1),
(441,'canada',1),
(441,'eastern',1),
(396,'bear',1),
(396,'watching',1),
(396,'covered',1),
(396,'boat',1),
(396,'travel',2),
(396,'stunning',1),
(396,'scenery',1),
(396,'head',1),
(396,'towards',1),
(396,'browning',1),
(396,'pass',1),
(396,'rocky',1),
(396,'coastline',1),
(396,'fortune',1),
(396,'channel',1),
(396,'bears',4),
(396,'scramble',1),
(396,'waters',1),
(396,'edge',1),
(396,'rainforest',1),
(396,'seek',2),
(396,'forage',1),
(396,'bounties',1),
(396,'food',1),
(396,'ocean',1),
(396,'provided',1),
(396,'black',2),
(396,'abundant',1),
(396,'clayoquot',1),
(396,'sound',1),
(396,'often',1),
(396,'seen',1),
(396,'adorable',1),
(396,'cubs',1),
(396,'can',1),
(396,'viewed',1),
(396,'rock',1),
(396,'crabs',1),
(396,'clams',1),
(396,'seafood',1),
(396,'delicacies',1),
(396,'exposed',1),
(396,'falling',1),
(396,'tide',1),
(396,'enjoyable',1),
(396,'experience',1),
(396,'also',1),
(396,'offers',1),
(396,'chance',1),
(396,'view',1),
(396,'wildlife',1),
(396,'herons',1),
(396,'eagles',1),
(396,'seals',1),
(396,'porpoises',1),
(396,'remote',1),
(396,'passages',1),
(396,'informative',1),
(396,'energetic',1),
(396,'tour',1),
(396,'local',1),
(396,'guides',1),
(396,'will',1),
(396,'give',1),
(396,'many',1),
(396,'fun',1),
(396,'facts',1),
(396,'resident',1),
(396,'tofino',1),
(396,'well',1),
(396,'animals',1),
(396,'call',1),
(396,'magical',1),
(396,'place',1),
(396,'home',1),
(397,'discover',1),
(397,'quebec',2),
(397,'moderate',1),
(397,'class',1),
(397,'hotel',1),
(397,'accommodations',1),
(397,'chosen',1),
(397,'private',1),
(397,'single',1),
(397,'double',1),
(397,'rooms',1),
(397,'travellers',1),
(397,'mostly',1),
(397,'stay',1),
(397,'two',1),
(397,'nights',1),
(397,'place',1),
(397,'enough',1),
(397,'time',1),
(397,'explore',1),
(397,'area',1),
(397,'famous',1),
(397,'names',1),
(397,'toronto',1),
(397,'niagara',1),
(397,'falls',1),
(397,'montreal',1),
(397,'city',1),
(397,'agenda',1),
(397,'small',1),
(397,'typically',1),
(397,'“québecois”',1),
(397,'towns',1),
(397,'mont',1),
(397,'tremblant',1),
(397,'tadoussac',1),
(397,'percé',1),
(397,'offer',1),
(397,'whale',1),
(397,'watching',1),
(397,'mountain',1),
(397,'biking',1),
(397,'hiking',1),
(397,'boat',1),
(397,'excursions',1),
(397,'complement',1),
(397,'tour',2),
(397,'great',2),
(397,'price',1),
(398,'canadian',1),
(398,'contrasts',1),
(398,'trip',3),
(398,'features',1),
(398,'four',1),
(398,'canada’s',2),
(398,'provinces',2),
(398,'quite',1),
(398,'different',1),
(398,'first',1),
(398,'ontario',1),
(398,'largest',1),
(398,'city',3),
(398,'toronto',1),
(398,'world',1),
(398,'famous',1),
(398,'niagara',1),
(398,'falls',1),
(398,'continue',2),
(398,'province',1),
(398,'québec',2),
(398,'heart',1),
(398,'french',1),
(398,'canada',3),
(398,'visit',1),
(398,'montréal',1),
(398,'true',1),
(398,'lingual',1),
(398,'completes',1),
(398,'eastern',1),
(398,'part',1),
(398,'country',1),
(398,'upon',1),
(398,'arrival',1),
(398,'calgary',1),
(398,'explore',1),
(398,'alberta',1),
(398,'british',1),
(398,'columbia',1),
(398,'rocky',1),
(398,'mountains',1),
(398,'will',1),
(398,'get',1),
(398,'feel',1),
(398,'huge',1),
(398,'open',1),
(398,'spaces',1),
(398,'beautiful',1),
(398,'wilderness',1),
(398,'offer',1),
(398,'keep',1),
(398,'driving',1),
(398,'distances',1),
(398,'leave',1),
(398,'enough',1),
(398,'time',1),
(398,'sightseeing',1),
(398,'activities',1),
(398,'two',1),
(398,'nights',1),
(398,'included',1),
(398,'places',1),
(399,'alaska',2),
(399,'yukon',2),
(399,'adventure',1),
(399,'great',1),
(399,'tour',1),
(399,'clients',2),
(399,'visit',1),
(399,'many',1),
(399,'scenic',1),
(399,'highlights',1),
(399,'region',1),
(399,'plenty',1),
(399,'opportunity',1),
(399,'variety',1),
(399,'outdoor',1),
(399,'activities',1),
(399,'hiking',1),
(399,'national',1),
(399,'parks',1),
(399,'wildlife',1),
(399,'watching',1),
(399,'river',1),
(399,'rafting',1),
(399,'gold',1),
(399,'panning',1),
(399,'will',1),
(399,'stay',1),
(399,'moderate',1),
(399,'class',1),
(399,'hotels',1),
(399,'offer',1),
(399,'amenities',1),
(399,'customary',1),
(399,'north',1),
(399,'america',1),
(400,'best',1),
(400,'alaska',3),
(400,'tour',2),
(400,'will',2),
(400,'take',1),
(400,'highlights',1),
(400,'stay',1),
(400,'moderate',1),
(400,'class',1),
(400,'hotels',1),
(400,'also',1),
(400,'two',1),
(400,'full',1),
(400,'day',1),
(400,'wildlife',1),
(400,'tours',1),
(400,'already',1),
(400,'included',1),
(400,'package',1),
(400,'trip',1),
(400,'denali',1),
(400,'national',2),
(400,'park',2),
(400,'interior',1),
(400,'boat',1),
(400,'kenai',1),
(400,'fjords',1),
(439,'national',2),
(439,'denali',1),
(439,'trip',1),
(439,'package',1),
(439,'included',1),
(439,'already',1),
(439,'tours',1),
(439,'wildlife',1),
(439,'day',1),
(439,'full',1),
(439,'two',1),
(439,'also',1),
(439,'hotels',1),
(439,'class',1),
(439,'moderate',1),
(439,'stay',1),
(439,'highlights',1),
(439,'take',1),
(439,'will',2),
(439,'tour',3),
(439,'hotel',1),
(439,'alaska',3),
(402,'rockies',1),
(402,'glaciers',1),
(402,'alaska',3),
(402,'tour',1),
(402,'combines',1),
(402,'best',1),
(402,'western',1),
(402,'canada',1),
(402,'highlights',1),
(402,'first',1),
(402,'part',2),
(402,'trip',1),
(402,'includes',2),
(402,'must',1),
(402,'see',1),
(402,'areas',1),
(402,'rocky',1),
(402,'mountain',1),
(402,'national',5),
(402,'parks',2),
(402,'alberta',1),
(402,'popular',1),
(402,'wells',1),
(402,'gray',1),
(402,'park',4),
(402,'metropolis',1),
(402,'vancouver',1),
(402,'british',1),
(402,'columbia',1),
(402,'second',1),
(402,'features',1),
(402,'famous',1),
(402,'alaskan',1),
(402,'glacier',1),
(402,'bay',1),
(402,'kenai',1),
(402,'fjords',1),
(402,'denali',1),
(402,'itinerary',1),
(402,'also',1),
(402,'cruise',1),
(402,'marine',1),
(402,'highway',1),
(402,'ferry',1),
(402,'bellingham',1),
(402,'juneau',2),
(402,'flight',1),
(402,'included',1),
(402,'anchorage',1),
(402,'keeps',1),
(402,'total',1),
(402,'driving',1),
(402,'distance',1),
(402,'remarkably',1),
(402,'low',1),
(403,'low',1),
(403,'budget',1),
(403,'fly&drive',1),
(403,'tour',2),
(403,'hit',1),
(403,'need',1),
(403,'luxury',1),
(403,'experience',1),
(403,'great',1),
(403,'canadian',1),
(403,'outdoors',1),
(403,'except',1),
(403,'clean',1),
(403,'cozy',1),
(403,'bed',1),
(403,'night',1),
(403,'accommodations',1),
(403,'chosen',1),
(403,'affordable',1),
(403,'hostels',1),
(403,'b&bs',1),
(403,'motels',1),
(403,'mostly',1),
(403,'shared',2),
(403,'facilities',1),
(403,'private',2),
(403,'single',1),
(403,'double',1),
(403,'rooms',1),
(403,'kitchen',1),
(403,'lounge',1),
(403,'guests',1),
(403,'alternatively',1),
(403,'now',1),
(403,'offer',1),
(403,'also',1),
(403,'hotel',1),
(403,'version',1),
(403,'baths',1),
(404,'western',2),
(404,'canada',1),
(404,'nature',2),
(404,'wildlife',2),
(404,'adventure',1),
(404,'programme',1),
(404,'focuses',1),
(404,'canada’s',1),
(404,'abundant',1),
(404,'two',1),
(404,'whale',1),
(404,'watching',3),
(404,'tours',1),
(404,'clients',2),
(404,'observe',1),
(404,'giant',1),
(404,'grey',1),
(404,'whales',1),
(404,'west',2),
(404,'coast',3),
(404,'vancouver',3),
(404,'island',2),
(404,'well',1),
(404,'fascinating',1),
(404,'orcas',1),
(404,'waters',1),
(404,'around',1),
(404,'southern',1),
(404,'clayoquot',1),
(404,'sound',1),
(404,'near',1),
(404,'tofino',1),
(404,'black',1),
(404,'bear',2),
(404,'agenda',1),
(404,'knight',1),
(404,'inlet',1),
(404,'lodge',1),
(404,'grizzly',1),
(404,'main',1),
(404,'activity',1),
(404,'will',1),
(404,'impressed',1),
(404,'rough',1),
(404,'beauty',1),
(404,'picturesque',1),
(404,'islands',1),
(404,'fjords',1),
(404,'sunshine',1),
(404,'british',1),
(404,'columbia’s',1),
(404,'capital',1),
(404,'victoria',1),
(404,'cosmopolitan',1),
(404,'city',1),
(404,'round',1),
(404,'trip',1),
(404,'beautifully',1),
(405,'vancouver',2),
(405,'island',2),
(405,'sunshine',2),
(405,'coast',4),
(405,'explorer',1),
(405,'itinerary',1),
(405,'tour',3),
(405,'will',1),
(405,'appeal',1),
(405,'travellers',1),
(405,'looking',1),
(405,'something',1),
(405,'unique',1),
(405,'different',1),
(405,'east',1),
(405,'well',1),
(405,'known',1),
(405,'picturesque',1),
(405,'little',1),
(405,'seaside',1),
(405,'towns',1),
(405,'long',1),
(405,'sandy',1),
(405,'beaches',1),
(405,'sunny',1),
(405,'summer',1),
(405,'weather',1),
(405,'trip',1),
(405,'west',1),
(405,'rainforests',1),
(405,'gray',1),
(405,'whales',1),
(405,'makes',1),
(405,'complete',1),
(405,'many',1),
(405,'activities',1),
(405,'bear',1),
(405,'whale',1),
(405,'watching',1),
(405,'fishing',1),
(405,'kayaking',1),
(405,'sailing',1),
(405,'just',1),
(405,'steps',1),
(405,'away',1),
(405,'accommodation',1),
(405,'due',1),
(405,'mild',1),
(405,'climate',1),
(405,'area',1),
(405,'also',1),
(405,'perfect',1),
(405,'early',1),
(405,'late',1),
(405,'season',1),
(405,'travel',1),
(406,'truly',1),
(406,'canadian',2),
(406,'log',2),
(406,'cabin',1),
(406,'tour',2),
(406,'route',1),
(406,'accommodations',2),
(406,'will',2),
(406,'appeal',1),
(406,'canada',1),
(406,'enthusiast',1),
(406,'itinerary',1),
(406,'starts',1),
(406,'modern',1),
(406,'city',2),
(406,'calgary',1),
(406,'continues',1),
(406,'majestic',1),
(406,'rocky',1),
(406,'mountains',1),
(406,'legendary',1),
(406,'cariboos',1),
(406,'idyllic',1),
(406,'sunshine',1),
(406,'coast',1),
(406,'two',1),
(406,'nights',2),
(406,'cosmopolitan',1),
(406,'vancouver',1),
(406,'complete',1),
(406,'trip',1),
(406,'included',1),
(406,'typically',1),
(406,'cabins',1),
(406,'comfortable',1),
(406,'cozy',1),
(406,'practical',1),
(406,'featuring',1),
(406,'living',1),
(406,'room',1),
(406,'bedroom',1),
(406,'full',1),
(406,'kitchen',1),
(406,'three',1),
(406,'spent',1),
(406,'locations',1),
(406,'make',1),
(406,'sure',1),
(406,'plenty',1),
(406,'time',1),
(406,'explore',1),
(406,'participate',1),
(406,'activities',1),
(406,'hiking',1),
(406,'horseback',1),
(406,'riding',1),
(406,'canoeing',1),
(406,'kayaking',1),
(407,'hike',1),
(407,'rockies',1),
(407,'–',1),
(407,'includes',2),
(407,'hiking',4),
(407,'trail',2),
(407,'descriptions',2),
(407,'tour',2),
(407,'travellers',1),
(407,'experience',1),
(407,'natural',1),
(407,'sights',1),
(407,'western',1),
(407,'canada',1),
(407,'rocky',1),
(407,'mountain',1),
(407,'national',2),
(407,'parks',1),
(407,'wells',1),
(407,'gray',1),
(407,'provincial',1),
(407,'park',2),
(407,'coast',1),
(407,'mountains',1),
(407,'pacific',1),
(407,'rim',1),
(407,'vancouver',1),
(407,'island',1),
(407,'much',1),
(407,'window',1),
(407,'car',1),
(407,'close',1),
(407,'rewarding',1),
(407,'trails',1),
(407,'outings',1),
(407,'recommended',1),
(407,'easy',1),
(407,'moderate',1),
(407,'hikes',1),
(407,'will',1),
(407,'enjoyed',1),
(407,'everybody',1),
(407,'love',1),
(407,'outdoors',1),
(407,'enjoys',1),
(407,'particular',1),
(407,'csm',1),
(407,'information',1),
(407,'package',1),
(407,'also',1),
(407,'detailed',1),
(407,'maps',1),
(407,'guests',1),
(407,'well',1),
(407,'prepared',1),
(407,'day’s',1),
(407,'adventure',1),
(453,'gray',1),
(453,'wells',1),
(453,'revelstoke',1),
(453,'mount',1),
(453,'glacier',1),
(453,'mountain',1),
(453,'focuses',1),
(453,'route',1),
(453,'enjoys',1),
(453,'outdoors',1),
(453,'love',1),
(453,'everybody',1),
(453,'enjoyed',1),
(453,'will',1),
(453,'hikes',1),
(453,'moderate',1),
(453,'easy',1),
(453,'recommended',1),
(453,'outings',1),
(453,'adventure',1),
(453,'day’s',1),
(453,'prepared',1),
(453,'guests',1),
(453,'maps',1),
(453,'descriptions',1),
(453,'trail',1),
(453,'detailed',1),
(453,'includes',1),
(453,'package',1),
(453,'information',1),
(453,'csm',1),
(453,'well',3),
(453,'tour',1),
(453,'particular',1),
(453,'mountains',1),
(453,'rocky',2),
(453,'parks',3),
(453,'national',3),
(453,'hiking',4),
(459,'quadra',1),
(459,'remote',1),
(459,'sunshine',1),
(459,'idyllic',1),
(459,'island',2),
(459,'vancouver',1),
(459,'parks',1),
(459,'national',1),
(459,'mountain',1),
(459,'rocky',1),
(459,'like',1),
(459,'areas',1),
(459,'exploring',1),
(459,'tour',2),
(459,'features',1),
(459,'main',1),
(459,'gems',1),
(459,'hidden',1),
(459,'highlights',1),
(459,'known',1),
(459,'well',3),
(459,'incorporates',1),
(459,'route',1),
(459,'interesting',1),
(459,'locations',1),
(459,'stunning',1),
(459,'accommodations',1),
(459,'upscale',1),
(459,'comfortable',1),
(459,'style',1),
(459,'coast',3),
(459,'west',2),
(459,'–',1),
(459,'adventure',1),
(459,'lodge',1),
(455,'bedroom',1),
(455,'one',1),
(455,'mostly',1),
(455,'chosen',1),
(455,'accommodations',1),
(455,'families',1),
(455,'towards',1),
(455,'geared',1),
(455,'especially',1),
(455,'activities',1),
(455,'offer',1),
(455,'locations',1),
(455,'accommodation',1),
(455,'per',1),
(455,'days',1),
(455,'two',1),
(455,'stays',1),
(455,'200km',1),
(455,'often',1),
(455,'distances',1),
(455,'driving',1),
(455,'sights',1),
(455,'known',1),
(455,'well',1),
(455,'canada’s',1),
(455,'many',2),
(455,'includes',1),
(455,'itinerary',1),
(455,'children',2),
(455,'travelling',1),
(455,'tailored',1),
(455,'tour',2),
(455,'discovery',1),
(455,'kids',1),
(455,'canada',2),
(455,'western',3),
(455,'explore',1),
(457,'animals',1),
(457,'observe',1),
(457,'able',1),
(457,'luck',1),
(457,'–',1),
(457,'eagles',1),
(457,'bald',1),
(457,'moose',1),
(457,'bears',1),
(457,'grizzly',1),
(457,'black',1),
(457,'home',1),
(457,'country',1),
(457,'program',1),
(457,'part',1),
(457,'island',1),
(457,'vancouver',1),
(457,'rim',1),
(457,'pacific',1),
(457,'valley',1),
(457,'okanagan',1),
(457,'kootenays',1),
(457,'park',2),
(457,'gray',1),
(457,'wells',1),
(457,'mountains',1),
(457,'rocky',1),
(457,'canada',1),
(457,'western',1),
(457,'provincial',1),
(457,'beautiful',1),
(457,'lead',1),
(457,'will',2),
(457,'trip',1),
(457,'parks',5),
(457,'national',5),
(457,'spectacular',1),
(412,'beaches',3),
(412,'west',3),
(412,'coast',3),
(412,'itinerary',1),
(412,'beach',1),
(412,'adventure',1),
(412,'seeker',1),
(412,'locations',1),
(412,'include',1),
(412,'access',1),
(412,'scenic',1),
(412,'parks',1),
(412,'along',3),
(412,'sand',2),
(412,'surf',1),
(412,'will',1),
(412,'give',1),
(412,'taste',1),
(412,'beauty',1),
(412,'true',1),
(412,'ruggedness',1),
(412,'plan',1),
(412,'relax',1),
(412,'one',1),
(412,'day',1),
(412,'beachcomb',1),
(412,'build',1),
(412,'castles',1),
(412,'next',1),
(412,'activities',1),
(412,'bear',1),
(412,'watching',2),
(412,'whale',2),
(412,'surfing',1),
(412,'paddle',1),
(412,'boarding',1),
(412,'fishing',1),
(412,'kayaking',1),
(412,'sailing',1),
(412,'beachcombing',1),
(412,'star',1),
(412,'gazing',1),
(412,'possible',1),
(412,'way',1),
(412,'spring',1),
(412,'fall',1),
(412,'look',1),
(412,'magnificent',1),
(412,'grey',1),
(412,'offshore',1),
(412,'travels',1),
(412,'migratory',1),
(412,'route',1),
(517,'bella',2),
(517,'town',1),
(517,'small',1),
(517,'settlements',1),
(517,'indigenous',1),
(517,'lake',1),
(517,'williams',1),
(517,'connection',1),
(517,'highway”',1),
(517,'“freedom',1),
(517,'highlights',1),
(517,'one',1),
(517,'paved',1),
(517,'still',1),
(517,'highway',1),
(517,'stretches',1),
(517,'especially',1),
(517,'drive',1),
(517,'wheel',1),
(517,'reliable',1),
(517,'fun',1),
(517,'driving',1),
(517,'activities',1),
(517,'outdoor',1),
(517,'various',1),
(517,'time',1),
(517,'plenty',1),
(517,'will',3),
(517,'lodges',1),
(517,'wilderness',1),
(517,'luxurious',1),
(517,'stay',1),
(517,'track',1),
(517,'tourist',1),
(517,'canada',1),
(517,'western',1),
(517,'experience',1),
(517,'region',2),
(517,'chilcotin',2),
(517,'remote',1),
(517,'travelled',1),
(517,'less',1),
(517,'also',1),
(517,'mountains',1),
(517,'rocky',1),
(517,'parks',1),
(517,'national',2),
(517,'famous',1),
(517,'world',1),
(517,'explore',1),
(517,'tour',2),
(517,'adventure',1),
(517,'coast',3),
(517,'discovery',2),
(519,'daily',1),
(519,'carte',1),
(519,'columbia',1),
(519,'british',1),
(524,'mountains',1),
(524,'rocky',1),
(524,'island',1),
(524,'vancouver',2),
(524,'includes',1),
(524,'itinerary',1),
(524,'well',2),
(524,'included',1),
(524,'breakfast',1),
(524,'b&bs',1),
(524,'baths',1),
(524,'private',1),
(524,'rooms',1),
(524,'clean',1),
(524,'features',1),
(524,'main',1),
(524,'route',1),
(524,'attractive',1),
(524,'accommodations',2),
(524,'affordable',1),
(524,'cozy',2),
(524,'tour',2),
(524,'motel',1),
(524,'b&b',1),
(524,'western',1),
(526,'package',2),
(526,'standard',1),
(526,'book',1),
(526,'like',1),
(526,'would',1),
(526,'category',1),
(526,'hotel',1),
(526,'choose',1),
(526,'can',1),
(526,'place',1),
(526,'nights',1),
(526,'two',1),
(526,'spend',1),
(526,'mostly',1),
(526,'lakes',1),
(526,'coloured',1),
(526,'emerald',1),
(526,'mountains',1),
(526,'rocky',1),
(526,'fascinating',1),
(526,'well',1),
(526,'forests',1),
(526,'rain',1),
(526,'growth',1),
(526,'old',1),
(526,'island',1),
(526,'vancouver',1),
(526,'maritime',1),
(526,'visit',1),
(526,'varied',1),
(526,'show',1),
(526,'will',2),
(526,'route',1),
(526,'way',1),
(526,'one',1),
(526,'choice',1),
(526,'canada',2),
(526,'western',2),
(528,'minimal',1),
(528,'highlights',1),
(528,'reaching',1),
(528,'back',1),
(528,'rockies',1),
(528,'pacific',1),
(528,'car',1),
(528,'electric',1),
(528,'cost',1),
(528,'charging',1),
(528,'low',1),
(528,'emissions',1),
(528,'zero',1),
(528,'drive',1),
(528,'highlight',1),
(528,'vancouver',1),
(528,'city',1),
(528,'great',1),
(528,'course',1),
(528,'mountains',1),
(528,'rocky',1),
(528,'lakes',1),
(528,'alpine',1),
(528,'beautiful',1),
(528,'peaks',1),
(528,'interior',1),
(528,'vineyards',1),
(528,'visit',1),
(528,'want',1),
(528,'will',1),
(528,'everything',1),
(528,'includes',1),
(528,'alberta',1),
(528,'columbia',1),
(528,'british',1),
(528,'route',1),
(528,'classical',1),
(528,'tour',5),
(528,'tesla',2),
(528,'canada',2),
(528,'western',2),
(530,'interesting',1),
(530,'valley',1),
(530,'okanagan',1),
(530,'fertile',1),
(530,'bc’s',1),
(530,'vineyards',1),
(530,'island',1),
(530,'vancouver',1),
(530,'coast',1),
(530,'west',1),
(530,'beaches',1),
(530,'beautiful',1),
(530,'experience',1),
(530,'days',1),
(530,'contrasts',1),
(530,'full',1),
(530,'journey',1),
(530,'mountains',2),
(530,'rocky',2),
(530,'forests',2),
(530,'rain',2),
(532,'choose',1),
(532,'may',1),
(532,'clients',1),
(532,'itinerary',1),
(532,'exciting',1),
(532,'part',1),
(532,'alaska',1),
(532,'hyder',1),
(532,'even',1),
(532,'hardy',1),
(532,'port',1),
(532,'rupert',1),
(532,'prince',1),
(532,'passage',1),
(532,'inside',1),
(532,'famous',1),
(532,'valley',1),
(532,'okanagan',1),
(532,'island',1),
(532,'vancouver',1),
(532,'mountains',1),
(532,'rocky',1),
(532,'parks',1),
(532,'national',1),
(532,'alberta',1),
(532,'columbia',1),
(532,'british',1),
(532,'visit',1),
(532,'want',1),
(532,'will',1),
(532,'everything',1),
(532,'includes',1),
(532,'tour',1),
(532,'explorer',1),
(532,'canada',1),
(532,'western',1),
(534,'canada',1),
(534,'western',1),
(534,'classic',1),
(536,'calgary',1),
(536,'ends',1),
(536,'starts',1),
(536,'way',1),
(536,'one',1),
(536,'designed',1),
(536,'tour',1),
(536,'mountains',1),
(536,'rocky',1),
(536,'parks',1),
(536,'ferries',1),
(536,'passage',1),
(536,'inside',1),
(536,'park',1),
(536,'national',2),
(536,'rim',1),
(536,'pacific',1),
(536,'victoria',1),
(536,'vancouver',2),
(536,'highlights',1),
(536,'main',1),
(536,'canada’s',1),
(536,'western',1),
(536,'many',1),
(536,'includes',1),
(536,'itinerary',1),
(536,'new',1),
(536,'exciting',1),
(536,'rockies',1),
(536,'coast',1),
(536,'west',1),
(538,'mainland',1),
(538,'lower',1),
(538,'valley',1),
(538,'okanagan',1),
(538,'rockies',1),
(538,'canadian',1),
(538,'scenery',1),
(538,'spectacular',1),
(538,'travel',1),
(538,'energy',1),
(538,'balance',1),
(538,'restore',1),
(538,'will',1),
(538,'accommodations',1),
(538,'luxurious',1),
(538,'spas',1),
(538,'peaceful',1),
(538,'courses',1),
(538,'challenging',1),
(538,'mix',1),
(538,'resorts',1),
(538,'fantastic',1),
(538,'canada’s',1),
(538,'experience',1),
(538,'package',1),
(538,'spa',3),
(538,'golf',4),
(538,'canada',1),
(538,'western',2),
(538,'fabulous',1),
(540,'plenty',1),
(540,'travellers',1),
(540,'welcome',1),
(540,'towns',1),
(540,'cosmopolitan',1),
(540,'well',1),
(540,'nations’',1),
(540,'first',1),
(540,'little',1),
(540,'quiet',1),
(540,'life',1),
(540,'way',1),
(540,'special',1),
(540,'introduce',1),
(540,'will',1),
(540,'communities',2),
(540,'visiting',1),
(540,'highway',1),
(540,'mountains',1),
(540,'spectacular',1),
(540,'route',1),
(540,'along',2),
(540,'waterfalls',2),
(540,'roaring',1),
(540,'peace',1),
(540,'valleys',2),
(540,'river',3),
(540,'beautiful',1),
(540,'include',1),
(540,'highlights',1),
(540,'scenic',1),
(540,'wilderness',1),
(540,'true',1),
(540,'roads',1),
(540,'gravel',1),
(540,'sometimes',1),
(540,'uncrowded',1),
(540,'columbia',1),
(540,'british',1),
(540,'alberta',1),
(540,'northern',3),
(540,'highways',2),
(540,'alaska',2),
(540,'liard',1),
(540,'mackenzie',2),
(540,'links',1),
(540,'tour',1),
(540,'territories',2),
(540,'northwest',2),
(540,'explore',1),
(542,'site',1),
(542,'whistler',1),
(542,'visit',1),
(542,'watching',1),
(542,'bear',1),
(542,'opportunities',1),
(542,'good',1),
(542,'stewart',1),
(542,'town',1),
(542,'little',1),
(542,'doubt',1),
(542,'will',2),
(542,'highlights',1),
(542,'one',2),
(542,'explore',1),
(542,'enjoy',1),
(542,'time',1),
(542,'plenty',1),
(542,'spots',1),
(542,'rewarding',1),
(542,'spent',1),
(542,'nights',1),
(542,'two',1),
(542,'tourism',1),
(542,'touched',1),
(542,'hardly',1),
(542,'wilderness',1),
(542,'untouched',1),
(542,'scenery',1),
(542,'spectacular',1),
(542,'boast',1),
(542,'cassiar',2),
(542,'well',1),
(542,'highway',3),
(542,'alaska',1),
(542,'regions',1),
(542,'remote',1),
(542,'also',1),
(542,'parks',1),
(542,'national',1),
(542,'mountain',1),
(542,'rocky',1),
(542,'destinations',1),
(542,'popular',1),
(542,'famous',1),
(542,'includes',1),
(542,'tour',1),
(542,'northwest',2),
(542,'canadian',1),
(544,'outdoor',1),
(544,'participate',1),
(544,'hiking',1),
(544,'opportunity',1),
(544,'often',2),
(544,'especially',1),
(544,'united',1),
(544,'yellowstone',1),
(544,'glacier',1),
(544,'canada',1),
(544,'park',2),
(544,'jasper',1),
(544,'banff',1),
(544,'famous',1),
(544,'world',1),
(544,'visit',1),
(544,'nine',1),
(544,'among',1),
(544,'alberta',1),
(544,'columbia',1),
(544,'british',1),
(544,'provinces',1),
(544,'canadian',1),
(544,'washington',1),
(544,'oregon',1),
(544,'idaho',1),
(544,'wyoming',1),
(544,'montana',1),
(544,'states',2),
(544,'american',1),
(544,'take',1),
(544,'will',1),
(544,'tour',1),
(544,'west',1),
(544,'parks',4),
(544,'national',4),
(544,'great',1),
(548,'package',1),
(548,'included',1),
(548,'already',1),
(548,'trip',1),
(548,'highlight',1),
(548,'tour',1),
(548,'watching',1),
(548,'whale',1),
(548,'history',1),
(548,'interesting',1),
(548,'wildlife',1),
(548,'varied',1),
(548,'forests',1),
(548,'rain',1),
(548,'growth',1),
(548,'old',1),
(548,'experience',1),
(548,'will',1),
(548,'canada',2),
(548,'western',2),
(548,'holiday',1),
(548,'add',1),
(548,'ideal',1),
(548,'drive',2),
(548,'self',2),
(548,'island',3),
(548,'vancouver',3),
(427,'canadian',2),
(427,'rail',2),
(427,'lodge',1),
(427,'adventure',1),
(427,'trains',1),
(427,'planes',1),
(427,'automobiles',1),
(427,'sit',1),
(427,'back',2),
(427,'relax',1),
(427,'enjoy',1),
(427,'spectacular',1),
(427,'scenery',1),
(427,'rugged',1),
(427,'rockies',1),
(427,'laid',1),
(427,'sunshine',1),
(427,'coast',1),
(427,'british',1),
(427,'columbia',1),
(427,'unique',1),
(427,'trip',2),
(427,'features',1),
(427,'majestic',1),
(427,'panoramic',1),
(427,'views',1),
(427,'seen',1),
(427,'float',1),
(427,'plane',1),
(427,'can',1),
(427,'also',1),
(427,'booked',1),
(427,'reverse',1),
(427,'preferred',1),
(546,'package',1),
(546,'winter',1),
(429,'terms',1),
(429,'conditions',1),
(430,'tour',1),
(430,'types',1),
(431,'faq',1),
(432,'contact',1),
(433,'partner',1),
(433,'login',1),
(434,'partner',1),
(434,'information',1),
(435,'package',1),
(435,'types',1),
(436,'explore',1),
(436,'canada’s',1),
(436,'west',1),
(437,'traveling',1),
(437,'small',1),
(437,'group',1),
(437,'people',1),
(437,'make',1),
(437,'journey',1),
(437,'especially',1),
(437,'enjoyable',1),
(437,'memorable',1),
(437,'one',1),
(438,'alaska',1),
(438,'hotel',1),
(438,'tour',1),
(439,'park',2),
(439,'interior',1),
(439,'boat',1),
(439,'kenai',1),
(439,'fjords',1),
(440,'eastern',1),
(440,'canada',1),
(440,'explorer',1),
(441,'whale',1),
(441,'watching',1),
(441,'mountain',1),
(441,'biking',1),
(441,'hiking',1),
(441,'boat',1),
(441,'excursions',1),
(441,'complement',1),
(441,'tour',2),
(441,'great',2),
(441,'price',1),
(448,'adventure',1),
(448,'hiking',1),
(448,'horizons',1),
(449,'fellow',1),
(449,'small',1),
(449,'trails',1),
(449,'beautiful',1),
(449,'landscapes',1),
(449,'amazing',1),
(449,'canada’s',1),
(448,'western',1),
(448,'wild',1),
(449,'experience',1),
(449,'canada',1),
(449,'western',2),
(449,'adventure',2),
(449,'hiking',2),
(449,'horizons',1),
(449,'wild',1),
(446,'alaska',1),
(446,'yukon',1),
(446,'highlights',1),
(447,'glaciers',1),
(447,'native',1),
(447,'american',1),
(447,'culture',1),
(447,'unique',1),
(447,'gold',1),
(447,'rush',1),
(447,'history',1),
(448,'canada',1),
(449,'comfortable',1),
(449,'accommodations',1),
(449,'morning',1),
(449,'wake',1),
(449,'refreshed',1),
(449,'ready',1),
(449,'another',1),
(476,'help',1),
(476,'need',1),
(477,'help',1),
(477,'need',1),
(452,'hiking',1),
(452,'national',1),
(452,'parks',1),
(452,'rocky',1),
(452,'mountains',1),
(453,'provincial',1),
(453,'park',1),
(453,'driving',1),
(453,'distances',1),
(453,'kept',1),
(453,'minimum',1),
(453,'lots',1),
(453,'time',1),
(453,'rewarding',1),
(453,'trails',1),
(454,'explore',1),
(454,'western',1),
(454,'canada',1),
(454,'kids',1),
(455,'suites',1),
(455,'cabins',1),
(455,'pool',1),
(455,'lake',1),
(455,'right',1),
(455,'ocean',1),
(455,'promises',1),
(455,'adventure',1),
(455,'whole',1),
(455,'family',1),
(456,'spectacular',1),
(456,'national',1),
(456,'parks',1),
(457,'natural',1),
(457,'habitat',1),
(457,'accommodations',1),
(457,'booked',1),
(457,'comfortable',1),
(457,'lodges',1),
(457,'ideal',1),
(457,'visiting',1),
(458,'lodge',1),
(458,'adventure',1),
(458,'–',1),
(458,'west',1),
(458,'coast',1),
(458,'style',1),
(459,'will',1),
(459,'give',1),
(459,'clients',1),
(459,'true',1),
(459,'taste',1),
(459,'variety',1),
(459,'vastness',1),
(459,'country',1),
(459,'amazing',1),
(459,'combining',1),
(459,'wilderness',1),
(459,'luxury',1),
(522,'detail',4),
(508,'packages',4),
(522,'package',4),
(520,'package',2),
(520,'csm',2),
(520,'packages',2),
(516,'discovery',1),
(516,'coast',1),
(516,'adventure',1),
(517,'coola',2),
(517,'pacific',2),
(517,'spectacular',1),
(517,'passage',1),
(517,'port',1),
(517,'hardy',1),
(517,'vancouver',1),
(517,'island',2),
(517,'quadra',1),
(517,'rim',1),
(517,'park',1),
(517,'make',1),
(517,'complete',1),
(518,'british',1),
(518,'columbia',1),
(518,'carte',1),
(519,'departures',1),
(519,'2026',1),
(520,'detail',2),
(523,'motel',1),
(523,'tour',1),
(524,'legendary',1),
(524,'cariboos',1),
(524,'sunny',1),
(524,'okanagan',1),
(524,'valley',1),
(525,'western',1),
(525,'canada',1),
(525,'choice',1),
(526,'includes',1),
(526,'selected',1),
(526,'moderate',1),
(526,'class',2),
(526,'hotels',2),
(526,'deluxe',1),
(526,'features',1),
(526,'comfortable',1),
(526,'first',1),
(527,'western',1),
(527,'canada',1),
(527,'tesla',1),
(527,'tour',1),
(528,'carbon',1),
(528,'footprint',1),
(528,'offer',1),
(528,'two',1),
(528,'hotel',1),
(528,'categories',1),
(528,'standard',1),
(528,'moderate',2),
(528,'class',3),
(528,'hotels',2),
(528,'deluxe',1),
(528,'featuring',1),
(528,'first',2),
(529,'rain',1),
(529,'forests',1),
(529,'rocky',1),
(529,'mountains',1),
(530,'little',1),
(530,'towns',1),
(530,'interior',1),
(530,'awe',1),
(530,'inspiring',1),
(530,'around',1),
(530,'banff',1),
(530,'jasp',1),
(531,'western',1),
(531,'canada',1),
(531,'explorer',1),
(532,'two',1),
(532,'hotel',1),
(532,'categories',1),
(532,'moderate',2),
(532,'class',3),
(532,'hotels',2),
(532,'standard',1),
(532,'first',2),
(532,'deluxe',1),
(533,'classic',1),
(533,'western',1),
(533,'canada',1),
(533,'fly&drive',1),
(534,'fly&drive',1),
(535,'west',1),
(535,'coast',1),
(535,'rockies',1),
(536,'total',1),
(536,'driving',1),
(536,'distance',1),
(536,'reasonable',1),
(536,'enough',1),
(536,'time',1),
(536,'spend',1),
(536,'two',1),
(536,'nights',1),
(536,'rewarding',1),
(536,'locations',1),
(537,'fabulous',1),
(537,'western',1),
(537,'canada',1),
(537,'golf',1),
(537,'spa',1),
(537,'package',1),
(538,'vancouver',1),
(538,'island',1),
(538,'additional',1),
(538,'rounds',1),
(538,'treatments',1),
(538,'day',1),
(538,'adventures',1),
(538,'can',1),
(538,'also',1),
(538,'arranged',1),
(539,'explore',1),
(539,'northwest',1),
(539,'territories',1),
(540,'opportunities',1),
(540,'wildlife',1),
(540,'watching',1),
(540,'free',1),
(540,'roaming',1),
(540,'bison',1),
(540,'moose',1),
(540,'black',1),
(540,'bears',1),
(540,'just',1),
(540,'wild',1),
(540,'animals',1),
(540,'can',1),
(540,'often',1),
(540,'seen',1),
(541,'canadian',1),
(541,'northwest',1),
(542,'olympic',1),
(542,'winter',1),
(542,'games',1),
(542,'2010',1),
(542,'vancouver',1),
(542,'known',1),
(542,'beautiful',1),
(542,'cities',1),
(542,'world',1),
(542,'make',1),
(542,'trip',1),
(542,'complete',1),
(543,'great',1),
(543,'national',1),
(543,'parks',1),
(543,'west',1),
(544,'activities',1),
(544,'wildlife',1),
(544,'moose',1),
(544,'mountain',1),
(544,'goat',1),
(544,'elk',1),
(544,'even',1),
(544,'black',1),
(544,'bear',1),
(544,'can',1),
(544,'viewed',1),
(545,'winter',1),
(545,'package',1),
(547,'vancouver',1),
(547,'island',1),
(547,'self',1),
(547,'drive',1),
(548,'due',1),
(548,'coast’s',1),
(548,'mild',1),
(548,'climate',1),
(548,'programme',1),
(548,'worthwhile',1),
(548,'season',1);

--
-- Table structure for table `cmsqy_module_search_items`
--

CREATE TABLE `cmsqy_module_search_items` (
  `id` int(11) NOT NULL,
  `module_name` varchar(100) DEFAULT NULL,
  `content_id` int(11) DEFAULT NULL,
  `extra_attr` varchar(100) DEFAULT NULL,
  `expires` datetime DEFAULT NULL,
  PRIMARY KEY (`id`),
  KEY `module_name` (`module_name`),
  KEY `content_id` (`content_id`),
  KEY `extra_attr` (`extra_attr`),
  KEY `cmsqy_index_search_items` (`module_name`,`content_id`)
) ENGINE=MyISAM DEFAULT CHARSET=utf8mb3 COLLATE=utf8mb3_general_ci;

--
-- Dumping data for table `cmsqy_module_search_items`
--

INSERT INTO `cmsqy_module_search_items` (`id`, `module_name`, `content_id`, `extra_attr`, `expires`) VALUES (384,'Search',39,'content',NULL),
(523,'LISEPackages',29,'title',NULL),
(508,'Search',50,'content',NULL),
(387,'Search',40,'content',NULL),
(388,'Search',41,'content',NULL),
(389,'Search',43,'content',NULL),
(390,'Search',45,'content',NULL),
(391,'Search',47,'content',NULL),
(437,'LISEPackages',1,'Item',NULL),
(449,'LISEPackages',2,'Item',NULL),
(447,'LISEPackages',3,'Item',NULL),
(441,'LISEPackages',4,'Item',NULL),
(396,'LISEPackages',9,'Item',NULL),
(397,'LISEPackages',10,'Item',NULL),
(398,'LISEPackages',11,'Item',NULL),
(399,'LISEPackages',12,'Item',NULL),
(400,'LISEPackages',14,'Item',NULL),
(439,'LISEPackages',15,'Item',NULL),
(402,'LISEPackages',16,'Item',NULL),
(403,'LISEPackages',17,'Item',NULL),
(404,'LISEPackages',18,'Item',NULL),
(405,'LISEPackages',19,'Item',NULL),
(406,'LISEPackages',20,'Item',NULL),
(407,'LISEPackages',21,'Item',NULL),
(453,'LISEPackages',22,'Item',NULL),
(459,'LISEPackages',23,'Item',NULL),
(455,'LISEPackages',24,'Item',NULL),
(457,'LISEPackages',25,'Item',NULL),
(412,'LISEPackages',26,'Item',NULL),
(517,'LISEPackages',27,'Item',NULL),
(519,'LISEPackages',28,'Item',NULL),
(524,'LISEPackages',29,'Item',NULL),
(526,'LISEPackages',30,'Item',NULL),
(528,'LISEPackages',31,'Item',NULL),
(530,'LISEPackages',32,'Item',NULL),
(532,'LISEPackages',33,'Item',NULL),
(534,'LISEPackages',34,'Item',NULL),
(536,'LISEPackages',35,'Item',NULL),
(538,'LISEPackages',36,'Item',NULL),
(540,'LISEPackages',37,'Item',NULL),
(542,'LISEPackages',38,'Item',NULL),
(544,'LISEPackages',39,'Item',NULL),
(548,'LISEPackages',40,'Item',NULL),
(427,'LISEPackages',41,'Item',NULL),
(546,'LISEPackages',42,'Item',NULL),
(429,'LISEPages',1,'Item',NULL),
(430,'LISEPages',2,'Item',NULL),
(431,'LISEPages',3,'Item',NULL),
(432,'LISEPages',4,'Item',NULL),
(433,'LISEPages',5,'Item',NULL),
(434,'LISEPages',6,'Item',NULL),
(435,'LISEPages',7,'Item',NULL),
(436,'LISEPackages',1,'title',NULL),
(438,'LISEPackages',15,'title',NULL),
(440,'LISEPackages',4,'title',NULL),
(448,'LISEPackages',2,'title',NULL),
(446,'LISEPackages',3,'title',NULL),
(476,'LISEPages',8,'title',NULL),
(477,'LISEPages',8,'Item',NULL),
(452,'LISEPackages',22,'title',NULL),
(454,'LISEPackages',24,'title',NULL),
(456,'LISEPackages',25,'title',NULL),
(458,'LISEPackages',23,'title',NULL),
(522,'Search',52,'content',NULL),
(520,'Search',38,'content',NULL),
(516,'LISEPackages',27,'title',NULL),
(518,'LISEPackages',28,'title',NULL),
(525,'LISEPackages',30,'title',NULL),
(527,'LISEPackages',31,'title',NULL),
(529,'LISEPackages',32,'title',NULL),
(531,'LISEPackages',33,'title',NULL),
(533,'LISEPackages',34,'title',NULL),
(535,'LISEPackages',35,'title',NULL),
(537,'LISEPackages',36,'title',NULL),
(539,'LISEPackages',37,'title',NULL),
(541,'LISEPackages',38,'title',NULL),
(543,'LISEPackages',39,'title',NULL),
(545,'LISEPackages',42,'title',NULL),
(547,'LISEPackages',40,'title',NULL);

--
-- Table structure for table `cmsqy_module_search_items_seq`
--

CREATE TABLE `cmsqy_module_search_items_seq` (
  `id` int(11) NOT NULL
) ENGINE=MyISAM DEFAULT CHARSET=utf8mb3 COLLATE=utf8mb3_general_ci;

--
-- Dumping data for table `cmsqy_module_search_items_seq`
--

INSERT INTO `cmsqy_module_search_items_seq` (`id`) VALUES (548);

--
-- Table structure for table `cmsqy_module_search_words`
--

CREATE TABLE `cmsqy_module_search_words` (
  `word` varchar(255) NOT NULL,
  `count` int(11) DEFAULT NULL,
  PRIMARY KEY (`word`)
) ENGINE=MyISAM DEFAULT CHARSET=utf8mb3 COLLATE=utf8mb3_general_ci;

--
-- Dumping data for table `cmsqy_module_search_words`
--


--
-- Table structure for table `cmsqy_module_smarty_plugins`
--

CREATE TABLE `cmsqy_module_smarty_plugins` (
  `sig` varchar(80) NOT NULL,
  `name` varchar(80) NOT NULL,
  `module` varchar(160) NOT NULL,
  `type` varchar(40) NOT NULL,
  `callback` varchar(255) NOT NULL,
  `available` int(11) DEFAULT NULL,
  `cachable` tinyint(4) DEFAULT NULL,
  PRIMARY KEY (`sig`),
  KEY `cmsqy_idx_smp_module` (`module`)
) ENGINE=MyISAM DEFAULT CHARSET=utf8mb3 COLLATE=utf8mb3_general_ci;

--
-- Dumping data for table `cmsqy_module_smarty_plugins`
--

INSERT INTO `cmsqy_module_smarty_plugins` (`sig`, `name`, `module`, `type`, `callback`, `available`, `cachable`) VALUES ('1067553f16c8b101d638109a3192c66b','FileManager','FileManager','function','s:15:\"function_plugin\";',1,0),
('daa88677038259b5f481642854cdcee1','LISELoader','LISE','function','a:2:{i:0;s:10:\"LISELoader\";i:1;s:6:\"loader\";}',1,1),
('89db15907b095c8b667635db366ce281','Navigator','Navigator','function','s:15:\"function_plugin\";',1,0),
('6e48542c3a68893ddba764b6f7b87f4b','nav_breadcrumbs','Navigator','function','s:15:\"nav_breadcrumbs\";',1,1),
('10cf00fc6ca5b59a961044ef0ea9c061','Search','Search','function','s:15:\"function_plugin\";',1,0),
('ef6c9a9d4dab6989b5da62e2f9a68cf6','search','Search','function','s:15:\"function_plugin\";',1,1);

--
-- Table structure for table `cmsqy_module_templates`
--

CREATE TABLE `cmsqy_module_templates` (
  `module_name` varchar(160) DEFAULT NULL,
  `template_name` varchar(160) DEFAULT NULL,
  `content` text DEFAULT NULL,
  `create_date` datetime DEFAULT NULL,
  `modified_date` datetime DEFAULT NULL,
  KEY `cmsqy_idx_module_templates_by_module_and_tpl_name` (`module_name`,`template_name`)
) ENGINE=MyISAM DEFAULT CHARSET=utf8mb3 COLLATE=utf8mb3_general_ci;

--
-- Dumping data for table `cmsqy_module_templates`
--

INSERT INTO `cmsqy_module_templates` (`module_name`, `template_name`, `content`, `create_date`, `modified_date`) VALUES ('LISEPackages','summary_default','{if $items|@count > 0}\n\n	{if $pagecount > 1}\n	<!-- pagination -->\n	<p>\n		{if $pagenumber > 1}\n			{$firstpage}&nbsp;{$prevpage}&nbsp;\n		{/if}\n			{foreach from=$pagelinks item=page}\n				{$page->link}\n			{/foreach}\n		{if $pagenumber < $pagecount}\n			&nbsp;{$nextpage}&nbsp;{$lastpage}\n		{/if}\n	</p>\n	<!-- pagination //-->\n	{/if}\n	\n	<!-- items -->\n	{foreach from=$items item=item}\n	<!-- item -->\n	<div class=\"item\">\n	\n		<h2 class=\"item-title\">{$item->title}</h2>\n	\n		{if !empty($item->fielddefs)}\n		<!-- field definitions -->\n		<div class=\"item-properties\">\n			{foreach from=$item->fielddefs item=fielddef}\n	\n			{*\n				Categories were moved to field definitions.\n				If you need Categories, create new Field definition with alias \"category\"\n				and Categories will be available again.\n			*}\n	\n			{if $fielddef.type == \'Categories\' && ($fielddef.value != \'\')}\n	\n			{* use LISELoader plugin if you need Category information in default module action templates *}\n			{LISELoader item=\'category\' force_array=1 value=$fielddef.value assign=\'cats\'}\n	\n			<!-- categories -->\n			<div class=\"item-category\">\n				Category: {implode(\',\', $cats)}\n			</div>\n			<!-- categories //-->\n			{/if}\n	\n			{if $fielddef.value && $fielddef.type != \'Categories\'}\n				{if $fielddef.type == \'SelectFile\' || $fielddef.type == \'FileUpload\'}\n					{$fielddef.name}: <a href=\"{$fielddef->GetImagePath(true)}/{$fielddef.value}\">{$fielddef.value}</a><br />\n				{elseif $fielddef.type == \'SelectDateTime\'}\n					{$fielddef.name}: {$fielddef.value|cms_date_format}<br />\n				{else}\n					{$fielddef.name}: {$fielddef.value}<br />\n				{/if}\n			{/if}\n	\n			{/foreach}\n		</div>\n		<!-- field definitions //-->\n		{/if}\n	\n		<a href=\"{$item->url}\">more</a>\n	</div>\n	<!-- item //-->\n	{/foreach}\n	<!-- items //-->\n\n{/if}','2026-06-11 13:42:43','2026-06-11 13:42:43'),
('LISEPackages','summary_searchresults','{include file=\'cms_template:package-search-results\'}','2026-06-28 13:12:17','2026-06-28 13:12:17'),
('LISEPackages','detail_default','<!-- item -->\n<div class=\"item\">\n	<h2 class=\"item-title\">{$item->title|cms_escape}</h2>\n\n	{if !empty($item->fielddefs)}\n\n	<div class=\"item-properties\">\n		{foreach from=$item->fielddefs item=fielddef}\n\n		{*\n			Categories were moved to field definitions.\n			If you need Categories, create new Field definition with alias \"category\"\n			and Categories will be available again.\n		*}\n\n		{if $fielddef.type == \'Categories\' && ($fielddef.value != \'\')}\n\n			{* use LISELoader plugin if you need Category information in default module action templates *}\n			{LISELoader item=\'category\' force_array=1 value=$fielddef.value assign=\'cats\'}\n	\n			<!-- categories -->\n			<div class=\"item-category\">\n				Category: {implode(\',\', $cats)}\n			</div>\n			<!-- categories //-->\n			\n		{/if}\n\n		{if $fielddef.value && $fielddef.type != \'Categories\'}\n			{if $fielddef.type == \'SelectFile\' || $fielddef.type == \'FileUpload\'}\n				{$fielddef.name}: <a href=\"{$fielddef->GetImagePath(true)}/{$fielddef.value}\">{$fielddef.value}</a><br />\n		{elseif $fielddef.type == \'SelectDateTime\'}\n					{$fielddef.name}: {$fielddef.value|cms_date_format}<br />\n		{else}\n			{$fielddef.name}: {$fielddef.value}<br />\n			{/if}\n		{/if}\n\n		{/foreach}\n	</div>\n\n	{/if}\n	\n	<a href=\"{$return_url}\" class=\"return-link\">return</a>\n	{* or use {$return_link} to create link tag *}\n	\n</div>\n<!-- item //-->','2026-06-11 13:42:43','2026-06-11 13:42:43'),
('LISEPackages','search_default','{$formstart}\r\n\r\n<!-- Your filter inputs or search fields go here -->\r\n<input type=\"text\" name=\"{$actionid}search\" value=\"\" />\r\n\r\n<div class=\"submit\">\r\n    <input type=\"submit\" name=\"{$actionid}submit\" value=\"Search\" />\r\n</div>\r\n\r\n{$formend}','2026-06-28 13:49:05','2026-06-28 13:49:05'),
('LISEPackages','search_filter','<div id=\"{$modulealias}_filter\">\n\n	<h3>{$filterprompt}</h3>\n\n	{$formstart}\n\n		{foreach from=$fielddefs item=fielddef}\n		<div class=\"form-row\">\n			\n		{if $fielddef.type != \'Categories\'}\n			<label for=\"filter_{$fielddef->alias}\">{$fielddef->name}</label>\n			\n			{if $fielddef.type == \'Checkbox\'}\n				<input type=\"checkbox\" name=\"{$actionid}search_{$fielddef->alias}\" id=\"filter_{$fielddef->alias}\" value=\"{$fielddef->value}\" />\n			{else}\n			\n			<select name=\"{$actionid}search_{$fielddef->alias}\" id=\"filter_{$fielddef->alias}\">\n				<option value=\'\'>{$mod->ModLang(\'all\')}</option>\n				{foreach from=$fielddef->values item=value}\n				<option>{$value}</option>\n				{/foreach}\n			</select>\n			{/if}\n			\n		{/if}\n			\n		</div>\n		{/foreach}\n	\n		<input class=\"search-button\" name=\"submit\" value=\"{$mod->ModLang(\'search\')}\" type=\"submit\" />\n\n	{$formend}\n\n</div>','2026-06-11 13:42:43','2026-06-11 13:42:43'),
('LISEPackages','search_multiselect','<div id=\"{$modulealias}_filter\">\n\n	<h3>{$filterprompt}</h3>\n\n	{$formstart}\n\n		{foreach from=$fielddefs item=fielddef}\n		<div class=\"filter form-row\">\n\n		{if $fielddef.type != \'Categories\'}\n		\n			<label>{$fielddef->name}</label><br />\n			{if $fielddef.type == \'Checkbox\'}\n				\n				<input type=\"checkbox\" name=\"{$actionid}search_{$fielddef->alias}\" id=\"filter_{$fielddef->alias}\" value=\"{$fielddef->value}\" />\n			{else}\n				\n				<select name=\"{$actionid}search_{$fielddef->alias}[]\" size=\"5\" multiple=\"multiple\">\n					{foreach from=$fielddef->values item=\'value\'}\n					<option value=\"{$value}\">{$value}</option>\n					{/foreach}\n				</select>\n			{/if}\n		{/if}\n		</div>\n		{/foreach}\n\n		<input class=\"search-button\" name=\"submit\" value=\"{$mod->ModLang(\'filter\')}\" type=\"submit\" />\n\n	{$formend}\n</div>','2026-06-11 13:42:43','2026-06-11 13:42:43'),
('LISEPackages','category_default','<!-- categories -->\n<ul>\n{foreach from=$categories item=category}\n	<li class=\"category-{$category->alias}\">\n		<a class=\"category-name\" href=\"{$category->url}\">{$category->name} ({$category->items|count})</a>\n			{if !empty($category->description)}\n			<div class=\"category-description\">\n				{eval var=$category->description}\n			</div>\n			{/if}\n	</li>\n{/foreach}\n<ul>\n<!-- categories //-->','2026-06-11 13:42:43','2026-06-11 13:42:43'),
('LISEPackages','category_hierarchy','<!-- categories hierarchy -->\n<ul class=\"categories\">\n{foreach from=$categories item=category}\n\n{if $category->depth > $category->prevdepth}\n	{repeat string=\"<ul>\" times=$category->depth-$category->prevdepth}\n{elseif $category->depth < $category->prevdepth}\n	{repeat string=\"</li></ul>\" times=$category->prevdepth-$category->depth}\n	</li>\n{elseif $category->index > 0}\n	</li>\n{/if}\n\n{if $category->current}\n<li class=\"category-{$category->alias} current{if $category->parent == true || $category->children|@count > 0} parent{/if}\">\n	<a href=\"{$category->url}\">{$category->menutext}</a>\n{else}\n<li class=\"category-{$category->alias}{if $category->parent == true || $category->children|@count > 0} parent{/if}\">\n	<a href=\"{$category->url}\">{$category->menutext}</a>\n{/if}\n\n{/foreach}\n\n	{repeat string=\"</li></ul>\" times=$category->depth-1}\n	</li>\n</ul>\n<!-- categories hierarchy //-->','2026-06-11 13:42:43','2026-06-11 13:42:43'),
('LISEPackages','archive_default','{if $archives|@count > 0}\n\n    <!-- archives -->\n    <ul>\n        {foreach from=$archives item=\'archive\'}\n            <li><a href=\"{$archive->url}\">{$archive->month}/{$archive->year} ({$archive->count})</a> [{$archive->timestamp|cms_date_format:\'%B %Y\'}]</li>    \n        {/foreach}\n    </ul>\n    <!-- archives //-->\n    \n{/if}','2026-06-11 13:42:43','2026-06-11 13:42:43'),
('LISEInspiration','search_filter','<div id=\"{$modulealias}_filter\">\n\n	<h3>{$filterprompt}</h3>\n\n	{$formstart}\n\n		{foreach from=$fielddefs item=fielddef}\n		<div class=\"form-row\">\n			\n		{if $fielddef.type != \'Categories\'}\n			<label for=\"filter_{$fielddef->alias}\">{$fielddef->name}</label>\n			\n			{if $fielddef.type == \'Checkbox\'}\n				<input type=\"checkbox\" name=\"{$actionid}search_{$fielddef->alias}\" id=\"filter_{$fielddef->alias}\" value=\"{$fielddef->value}\" />\n			{else}\n			\n			<select name=\"{$actionid}search_{$fielddef->alias}\" id=\"filter_{$fielddef->alias}\">\n				<option value=\'\'>{$mod->ModLang(\'all\')}</option>\n				{foreach from=$fielddef->values item=value}\n				<option>{$value}</option>\n				{/foreach}\n			</select>\n			{/if}\n			\n		{/if}\n			\n		</div>\n		{/foreach}\n	\n		<input class=\"search-button\" name=\"submit\" value=\"{$mod->ModLang(\'search\')}\" type=\"submit\" />\n\n	{$formend}\n\n</div>','2026-06-17 16:07:39','2026-06-17 16:07:39'),
('LISEInspiration','search_multiselect','<div id=\"{$modulealias}_filter\">\n\n	<h3>{$filterprompt}</h3>\n\n	{$formstart}\n\n		{foreach from=$fielddefs item=fielddef}\n		<div class=\"filter form-row\">\n\n		{if $fielddef.type != \'Categories\'}\n		\n			<label>{$fielddef->name}</label><br />\n			{if $fielddef.type == \'Checkbox\'}\n				\n				<input type=\"checkbox\" name=\"{$actionid}search_{$fielddef->alias}\" id=\"filter_{$fielddef->alias}\" value=\"{$fielddef->value}\" />\n			{else}\n				\n				<select name=\"{$actionid}search_{$fielddef->alias}[]\" size=\"5\" multiple=\"multiple\">\n					{foreach from=$fielddef->values item=\'value\'}\n					<option value=\"{$value}\">{$value}</option>\n					{/foreach}\n				</select>\n			{/if}\n		{/if}\n		</div>\n		{/foreach}\n\n		<input class=\"search-button\" name=\"submit\" value=\"{$mod->ModLang(\'filter\')}\" type=\"submit\" />\n\n	{$formend}\n</div>','2026-06-17 16:07:39','2026-06-17 16:07:39'),
('LISEInspiration','category_default','<!-- categories -->\n<ul>\n{foreach from=$categories item=category}\n	<li class=\"category-{$category->alias}\">\n		<a class=\"category-name\" href=\"{$category->url}\">{$category->name} ({$category->items|count})</a>\n			{if !empty($category->description)}\n			<div class=\"category-description\">\n				{eval var=$category->description}\n			</div>\n			{/if}\n	</li>\n{/foreach}\n<ul>\n<!-- categories //-->','2026-06-17 16:07:39','2026-06-17 16:07:39'),
('LISEInspiration','category_hierarchy','<!-- categories hierarchy -->\n<ul class=\"categories\">\n{foreach from=$categories item=category}\n\n{if $category->depth > $category->prevdepth}\n	{repeat string=\"<ul>\" times=$category->depth-$category->prevdepth}\n{elseif $category->depth < $category->prevdepth}\n	{repeat string=\"</li></ul>\" times=$category->prevdepth-$category->depth}\n	</li>\n{elseif $category->index > 0}\n	</li>\n{/if}\n\n{if $category->current}\n<li class=\"category-{$category->alias} current{if $category->parent == true || $category->children|@count > 0} parent{/if}\">\n	<a href=\"{$category->url}\">{$category->menutext}</a>\n{else}\n<li class=\"category-{$category->alias}{if $category->parent == true || $category->children|@count > 0} parent{/if}\">\n	<a href=\"{$category->url}\">{$category->menutext}</a>\n{/if}\n\n{/foreach}\n\n	{repeat string=\"</li></ul>\" times=$category->depth-1}\n	</li>\n</ul>\n<!-- categories hierarchy //-->','2026-06-17 16:07:39','2026-06-17 16:07:39'),
('LISEInspiration','archive_default','{if $archives|@count > 0}\n\n    <!-- archives -->\n    <ul>\n        {foreach from=$archives item=\'archive\'}\n            <li><a href=\"{$archive->url}\">{$archive->month}/{$archive->year} ({$archive->count})</a> [{$archive->timestamp|cms_date_format:\'%B %Y\'}]</li>    \n        {/foreach}\n    </ul>\n    <!-- archives //-->\n    \n{/if}','2026-06-17 16:07:39','2026-06-17 16:07:39'),
('LISEPages','summary_default','{if $items|@count > 0}\n\n	{if $pagecount > 1}\n	<!-- pagination -->\n	<p>\n		{if $pagenumber > 1}\n			{$firstpage}&nbsp;{$prevpage}&nbsp;\n		{/if}\n			{foreach from=$pagelinks item=page}\n				{$page->link}\n			{/foreach}\n		{if $pagenumber < $pagecount}\n			&nbsp;{$nextpage}&nbsp;{$lastpage}\n		{/if}\n	</p>\n	<!-- pagination //-->\n	{/if}\n	\n	<!-- items -->\n	{foreach from=$items item=item}\n	<!-- item -->\n	<div class=\"item\">\n	\n		<h2 class=\"item-title\">{$item->title}</h2>\n	\n		{if !empty($item->fielddefs)}\n		<!-- field definitions -->\n		<div class=\"item-properties\">\n			{foreach from=$item->fielddefs item=fielddef}\n	\n			{*\n				Categories were moved to field definitions.\n				If you need Categories, create new Field definition with alias \"category\"\n				and Categories will be available again.\n			*}\n	\n			{if $fielddef.type == \'Categories\' && ($fielddef.value != \'\')}\n	\n			{* use LISELoader plugin if you need Category information in default module action templates *}\n			{LISELoader item=\'category\' force_array=1 value=$fielddef.value assign=\'cats\'}\n	\n			<!-- categories -->\n			<div class=\"item-category\">\n				Category: {implode(\',\', $cats)}\n			</div>\n			<!-- categories //-->\n			{/if}\n	\n			{if $fielddef.value && $fielddef.type != \'Categories\'}\n				{if $fielddef.type == \'SelectFile\' || $fielddef.type == \'FileUpload\'}\n					{$fielddef.name}: <a href=\"{$fielddef->GetImagePath(true)}/{$fielddef.value}\">{$fielddef.value}</a><br />\n				{elseif $fielddef.type == \'SelectDateTime\'}\n					{$fielddef.name}: {$fielddef.value|cms_date_format}<br />\n				{else}\n					{$fielddef.name}: {$fielddef.value}<br />\n				{/if}\n			{/if}\n	\n			{/foreach}\n		</div>\n		<!-- field definitions //-->\n		{/if}\n	\n		<a href=\"{$item->url}\">more</a>\n	</div>\n	<!-- item //-->\n	{/foreach}\n	<!-- items //-->\n\n{/if}','2026-06-17 16:08:27','2026-06-17 16:08:27'),
('LISEInspiration','search_default','<div id=\"{$modulealias}_search\">\n	{$formstart}\n		<label for=\"{$modulealias}searchinput\">{$mod->ModLang(\'searchfor\')}:</label>&nbsp;\n		<input type=\"text\" id=\"{$modulealias}searchinput\" name=\"{$actionid}search\" size=\"20\" maxlength=\"50\" value=\"\" />\n		<input class=\"search-button\" name=\"submit\" value=\"{$mod->ModLang(\'search\')}\" type=\"submit\" />\n	{$formend}\n</div>','2026-06-17 16:07:39','2026-06-17 16:07:39'),
('LISEInspiration','summary_searchresults','{if $items|@count > 0}\n\n{if $pagecount > 1}\n<!-- pagination -->\n<p>\n{if $pagenumber > 1}\n    {$firstpage}&nbsp;{$prevpage}\n{/if}\n{foreach from=$pagelinks item=page}\n    {$page->link}\n{/foreach}\n{if $pagenumber < $pagecount}\n    &nbsp;{$nextpage}&nbsp;{$lastpage}\n{/if}\n</p>\n<!-- pagination //-->\n{/if}\n\n{if !empty($actionparams.search)}\n    <h2>{$mod->ModLang(\'searchresultsfor\')} &quot;{$actionparams.search}&quot;</h2>\n{/if}\n\n<ul>\n{foreach from=$items item=item}\n    <li class=\"item searchresult\">\n        <a href=\"{$item->url}\">{$item->title}</a>\n    </li>\n{/foreach}\n</ul>\n\n{/if}','2026-06-17 16:07:39','2026-06-17 16:07:39'),
('LISEInspiration','detail_default','<!-- item -->\n<div class=\"item\">\n	<h2 class=\"item-title\">{$item->title|cms_escape}</h2>\n\n	{if !empty($item->fielddefs)}\n\n	<div class=\"item-properties\">\n		{foreach from=$item->fielddefs item=fielddef}\n\n		{*\n			Categories were moved to field definitions.\n			If you need Categories, create new Field definition with alias \"category\"\n			and Categories will be available again.\n		*}\n\n		{if $fielddef.type == \'Categories\' && ($fielddef.value != \'\')}\n\n			{* use LISELoader plugin if you need Category information in default module action templates *}\n			{LISELoader item=\'category\' force_array=1 value=$fielddef.value assign=\'cats\'}\n	\n			<!-- categories -->\n			<div class=\"item-category\">\n				Category: {implode(\',\', $cats)}\n			</div>\n			<!-- categories //-->\n			\n		{/if}\n\n		{if $fielddef.value && $fielddef.type != \'Categories\'}\n			{if $fielddef.type == \'SelectFile\' || $fielddef.type == \'FileUpload\'}\n				{$fielddef.name}: <a href=\"{$fielddef->GetImagePath(true)}/{$fielddef.value}\">{$fielddef.value}</a><br />\n		{elseif $fielddef.type == \'SelectDateTime\'}\n					{$fielddef.name}: {$fielddef.value|cms_date_format}<br />\n		{else}\n			{$fielddef.name}: {$fielddef.value}<br />\n			{/if}\n		{/if}\n\n		{/foreach}\n	</div>\n\n	{/if}\n	\n	<a href=\"{$return_url}\" class=\"return-link\">return</a>\n	{* or use {$return_link} to create link tag *}\n	\n</div>\n<!-- item //-->','2026-06-17 16:07:39','2026-06-17 16:07:39'),
('LISEPackages','detail_ftp_detail','{include file=\'file:assets/templates/header.tpl\'}\r\n{include file=\'file:assets/templates/home.tpl\'}\r\n{include file=\'file:assets/templates/footer.tpl\'}','2026-06-15 14:29:14','2026-06-15 14:29:14'),
('LISEPackages','summary_featured_package_slider','{include file=\'cms_template:featured_package_slider\'}','2026-06-18 11:10:16','2026-06-18 11:10:16'),
('LISEPackages','detail_Package Detail','{strip}\r\n    {cms_module module=\'MAMS\' assign=\'mams_load\'}\r\n    {assign var=\'is_logged_in\' value=false}\r\n    {if isset($ccUser) && $ccUser->loggedin()}\r\n        {assign var=\'is_logged_in\' value=true}\r\n    {/if}\r\n    {assign var=\'is_reslynx\' value=false}\r\n    {if $smarty.get.layout == \'reslynx\' || $smarty.get.cntnt01layout == \'reslynx\'}\r\n        {assign var=\'is_reslynx\' value=true}\r\n    {/if}\r\n{/strip}\r\n\r\n{if $is_reslynx}\r\n    {* This design template must exist in Design Manager or LISE *}\r\n    {include file=\'cms_template:package_detail_reslynx\'}\r\n\r\n{elseif $is_logged_in}\r\n    {* This matches ID 31 in your screenshot *}\r\n    {include file=\'cms_template:csm package detail\'}\r\n\r\n{else}\r\n    <div style=\"padding:50px; text-align:center;\">\r\n        <h3>Agent Access Required</h3>\r\n        <p><a href=\"https://www.csmtravel.com/cmss/lisepages/partners\">Click here to Login</a></p>\r\n    </div>\r\n{/if}','2026-06-29 22:44:00','2026-06-29 22:44:00'),
('LISEInspiration','summary_default','{if $items|@count > 0}\n\n	{if $pagecount > 1}\n	<!-- pagination -->\n	<p>\n		{if $pagenumber > 1}\n			{$firstpage}&nbsp;{$prevpage}&nbsp;\n		{/if}\n			{foreach from=$pagelinks item=page}\n				{$page->link}\n			{/foreach}\n		{if $pagenumber < $pagecount}\n			&nbsp;{$nextpage}&nbsp;{$lastpage}\n		{/if}\n	</p>\n	<!-- pagination //-->\n	{/if}\n	\n	<!-- items -->\n	{foreach from=$items item=item}\n	<!-- item -->\n	<div class=\"item\">\n	\n		<h2 class=\"item-title\">{$item->title}</h2>\n	\n		{if !empty($item->fielddefs)}\n		<!-- field definitions -->\n		<div class=\"item-properties\">\n			{foreach from=$item->fielddefs item=fielddef}\n	\n			{*\n				Categories were moved to field definitions.\n				If you need Categories, create new Field definition with alias \"category\"\n				and Categories will be available again.\n			*}\n	\n			{if $fielddef.type == \'Categories\' && ($fielddef.value != \'\')}\n	\n			{* use LISELoader plugin if you need Category information in default module action templates *}\n			{LISELoader item=\'category\' force_array=1 value=$fielddef.value assign=\'cats\'}\n	\n			<!-- categories -->\n			<div class=\"item-category\">\n				Category: {implode(\',\', $cats)}\n			</div>\n			<!-- categories //-->\n			{/if}\n	\n			{if $fielddef.value && $fielddef.type != \'Categories\'}\n				{if $fielddef.type == \'SelectFile\' || $fielddef.type == \'FileUpload\'}\n					{$fielddef.name}: <a href=\"{$fielddef->GetImagePath(true)}/{$fielddef.value}\">{$fielddef.value}</a><br />\n				{elseif $fielddef.type == \'SelectDateTime\'}\n					{$fielddef.name}: {$fielddef.value|cms_date_format}<br />\n				{else}\n					{$fielddef.name}: {$fielddef.value}<br />\n				{/if}\n			{/if}\n	\n			{/foreach}\n		</div>\n		<!-- field definitions //-->\n		{/if}\n	\n		<a href=\"{$item->url}\">more</a>\n	</div>\n	<!-- item //-->\n	{/foreach}\n	<!-- items //-->\n\n{/if}','2026-06-17 16:07:39','2026-06-17 16:07:39'),
('LISEPages','summary_searchresults','{if $items|@count > 0}\n\n{if $pagecount > 1}\n<!-- pagination -->\n<p>\n{if $pagenumber > 1}\n    {$firstpage}&nbsp;{$prevpage}\n{/if}\n{foreach from=$pagelinks item=page}\n    {$page->link}\n{/foreach}\n{if $pagenumber < $pagecount}\n    &nbsp;{$nextpage}&nbsp;{$lastpage}\n{/if}\n</p>\n<!-- pagination //-->\n{/if}\n\n{if !empty($actionparams.search)}\n    <h2>{$mod->ModLang(\'searchresultsfor\')} &quot;{$actionparams.search}&quot;</h2>\n{/if}\n\n<ul>\n{foreach from=$items item=item}\n    <li class=\"item searchresult\">\n        <a href=\"{$item->url}\">{$item->title}</a>\n    </li>\n{/foreach}\n</ul>\n\n{/if}','2026-06-17 16:08:27','2026-06-17 16:08:27'),
('LISEPages','detail_default','<!-- item -->\r\n<div class=\"item\">\r\n	<h2 class=\"item-title\">{$item->title|cms_escape}</h2>\r\ntest\r\n	{if !empty($item->fielddefs)}\r\n\r\n	<div class=\"item-properties\">\r\n		{foreach from=$item->fielddefs item=fielddef}\r\n\r\n		{*\r\n			Categories were moved to field definitions.\r\n			If you need Categories, create new Field definition with alias \"category\"\r\n			and Categories will be available again.\r\n		*}\r\n\r\n		{if $fielddef.type == \'Categories\' && ($fielddef.value != \'\')}\r\n\r\n			{* use LISELoader plugin if you need Category information in default module action templates *}\r\n			{LISELoader item=\'category\' force_array=1 value=$fielddef.value assign=\'cats\'}\r\n	\r\n			<!-- categories -->\r\n			<div class=\"item-category\">\r\n				Category: {implode(\',\', $cats)}\r\n			</div>\r\n			<!-- categories //-->\r\n			\r\n		{/if}\r\n\r\n		{if $fielddef.value && $fielddef.type != \'Categories\'}\r\n			{if $fielddef.type == \'SelectFile\' || $fielddef.type == \'FileUpload\'}\r\n				{$fielddef.name}: <a href=\"{$fielddef->GetImagePath(true)}/{$fielddef.value}\">{$fielddef.value}</a><br />\r\n		{elseif $fielddef.type == \'SelectDateTime\'}\r\n					{$fielddef.name}: {$fielddef.value|cms_date_format}<br />\r\n		{else}\r\n			{$fielddef.name}: {$fielddef.value}<br />\r\n			{/if}\r\n		{/if}\r\n\r\n		{/foreach}\r\n	</div>\r\n\r\n	{/if}\r\n	\r\n	<a href=\"{$return_url}\" class=\"return-link\">return</a>\r\n	{* or use {$return_link} to create link tag *}\r\n	\r\n</div>\r\n<!-- item //-->','2026-06-22 14:59:56','2026-06-22 14:59:56'),
('LISEPages','search_default','<div id=\"{$modulealias}_search\">\n	{$formstart}\n		<label for=\"{$modulealias}searchinput\">{$mod->ModLang(\'searchfor\')}:</label>&nbsp;\n		<input type=\"text\" id=\"{$modulealias}searchinput\" name=\"{$actionid}search\" size=\"20\" maxlength=\"50\" value=\"\" />\n		<input class=\"search-button\" name=\"submit\" value=\"{$mod->ModLang(\'search\')}\" type=\"submit\" />\n	{$formend}\n</div>','2026-06-17 16:08:27','2026-06-17 16:08:27'),
('LISEPages','search_filter','<div id=\"{$modulealias}_filter\">\n\n	<h3>{$filterprompt}</h3>\n\n	{$formstart}\n\n		{foreach from=$fielddefs item=fielddef}\n		<div class=\"form-row\">\n			\n		{if $fielddef.type != \'Categories\'}\n			<label for=\"filter_{$fielddef->alias}\">{$fielddef->name}</label>\n			\n			{if $fielddef.type == \'Checkbox\'}\n				<input type=\"checkbox\" name=\"{$actionid}search_{$fielddef->alias}\" id=\"filter_{$fielddef->alias}\" value=\"{$fielddef->value}\" />\n			{else}\n			\n			<select name=\"{$actionid}search_{$fielddef->alias}\" id=\"filter_{$fielddef->alias}\">\n				<option value=\'\'>{$mod->ModLang(\'all\')}</option>\n				{foreach from=$fielddef->values item=value}\n				<option>{$value}</option>\n				{/foreach}\n			</select>\n			{/if}\n			\n		{/if}\n			\n		</div>\n		{/foreach}\n	\n		<input class=\"search-button\" name=\"submit\" value=\"{$mod->ModLang(\'search\')}\" type=\"submit\" />\n\n	{$formend}\n\n</div>','2026-06-17 16:08:27','2026-06-17 16:08:27'),
('LISEPages','search_multiselect','<div id=\"{$modulealias}_filter\">\n\n	<h3>{$filterprompt}</h3>\n\n	{$formstart}\n\n		{foreach from=$fielddefs item=fielddef}\n		<div class=\"filter form-row\">\n\n		{if $fielddef.type != \'Categories\'}\n		\n			<label>{$fielddef->name}</label><br />\n			{if $fielddef.type == \'Checkbox\'}\n				\n				<input type=\"checkbox\" name=\"{$actionid}search_{$fielddef->alias}\" id=\"filter_{$fielddef->alias}\" value=\"{$fielddef->value}\" />\n			{else}\n				\n				<select name=\"{$actionid}search_{$fielddef->alias}[]\" size=\"5\" multiple=\"multiple\">\n					{foreach from=$fielddef->values item=\'value\'}\n					<option value=\"{$value}\">{$value}</option>\n					{/foreach}\n				</select>\n			{/if}\n		{/if}\n		</div>\n		{/foreach}\n\n		<input class=\"search-button\" name=\"submit\" value=\"{$mod->ModLang(\'filter\')}\" type=\"submit\" />\n\n	{$formend}\n</div>','2026-06-17 16:08:27','2026-06-17 16:08:27'),
('LISEPages','category_default','<!-- categories -->\n<ul>\n{foreach from=$categories item=category}\n	<li class=\"category-{$category->alias}\">\n		<a class=\"category-name\" href=\"{$category->url}\">{$category->name} ({$category->items|count})</a>\n			{if !empty($category->description)}\n			<div class=\"category-description\">\n				{eval var=$category->description}\n			</div>\n			{/if}\n	</li>\n{/foreach}\n<ul>\n<!-- categories //-->','2026-06-17 16:08:27','2026-06-17 16:08:27'),
('LISEPages','category_hierarchy','<!-- categories hierarchy -->\n<ul class=\"categories\">\n{foreach from=$categories item=category}\n\n{if $category->depth > $category->prevdepth}\n	{repeat string=\"<ul>\" times=$category->depth-$category->prevdepth}\n{elseif $category->depth < $category->prevdepth}\n	{repeat string=\"</li></ul>\" times=$category->prevdepth-$category->depth}\n	</li>\n{elseif $category->index > 0}\n	</li>\n{/if}\n\n{if $category->current}\n<li class=\"category-{$category->alias} current{if $category->parent == true || $category->children|@count > 0} parent{/if}\">\n	<a href=\"{$category->url}\">{$category->menutext}</a>\n{else}\n<li class=\"category-{$category->alias}{if $category->parent == true || $category->children|@count > 0} parent{/if}\">\n	<a href=\"{$category->url}\">{$category->menutext}</a>\n{/if}\n\n{/foreach}\n\n	{repeat string=\"</li></ul>\" times=$category->depth-1}\n	</li>\n</ul>\n<!-- categories hierarchy //-->','2026-06-17 16:08:27','2026-06-17 16:08:27'),
('LISEPages','archive_default','{if $archives|@count > 0}\n\n    <!-- archives -->\n    <ul>\n        {foreach from=$archives item=\'archive\'}\n            <li><a href=\"{$archive->url}\">{$archive->month}/{$archive->year} ({$archive->count})</a> [{$archive->timestamp|cms_date_format:\'%B %Y\'}]</li>    \n        {/foreach}\n    </ul>\n    <!-- archives //-->\n    \n{/if}','2026-06-17 16:08:27','2026-06-17 16:08:27'),
('LISEInspiration','summary_inspiration','{include file=\'cms_template:csm inspiration summary\'}','2026-06-18 11:33:26','2026-06-18 11:33:26'),
('LISEInspiration','detail_Inspiration detail','{include file=\'cms_template:inspiration_detail\'} ','2026-06-19 11:33:08','2026-06-19 11:33:08'),
('LISEInspiration','summary_featured_package_slider','{include file=\'cms_template:featured_inspiration_slider\'}','2026-06-19 13:20:44','2026-06-19 13:20:44'),
('LISEPackages','summary_package_summary_1','{include file=\'cms_template:package_summary_1\'}','2026-06-20 12:42:28','2026-06-20 12:42:28'),
('LISEPackages','summary_package_summary_2','{include file=\'cms_template:package_summary_2\'}','2026-06-20 12:42:54','2026-06-20 12:42:57'),
('LISEInspiration','summary_inspiration_summary','{include file=\'cms_template:inspiration_summary\'}','2026-06-20 12:55:38','2026-06-20 12:55:38'),
('LISEPages','detail_pages_detail','{extends file=\'cms_template:csm master\'}\r\n\r\n{block name=\'content\'}\r\n\r\n\r\n\r\n    <!-- breadcrumb area start -->\r\n    <!-- rts breadcrumb area start -->\r\n<div class=\"rts-breadcrumb-area one\" data-bg-src=\"{uploads_url}/{$item->image|replace:\' \':\'%20\'}\">\r\n    <div class=\"container h-100\">\r\n        <div class=\"breadcrumb-area-wrapper\">\r\n            <div class=\"nav-bread-crumb\">\r\n                <a href=\"index.html\">Home</a>\r\n                <span><i class=\"fa-regular fa-chevron-right\"></i></span>\r\n                <a href=\"#\" class=\"current\">Inspiration</a>\r\n            </div>\r\n            <h1 class=\"title\">{$item->title}</h1>\r\n        </div>\r\n    </div>\r\n</div>\r\n    <!-- rts breadcrumb area end -->\r\n    <!-- breadcrumb area end -->\r\n\r\n    \r\n\r\n    <div class=\"rts-tour-details-area pt--60 rts-section-gapBottom bg-white\">\r\n        <div class=\"container\">\r\n            <div class=\"bottom-content-area g-5 mt--50\">\r\n                <div class=\"left\">\r\n                    <div class=\"tour-details-wrapper content-box radius-10 border overflow-hidden\">\r\n                        <div class=\"tour-content\">\r\n                            <div class=\"left-content\" style=\"max-width: 650px;\" >\r\n                                <h4 class=\"title\">{$item->subtitle}</h4>\r\n                                <ul class=\"meta-area\">\r\n                                    <li><i class=\"fa-regular fa-location-dot\"></i> {$item->destination}</li>\r\n                                    <li><i class=\"fa-solid fa-hashtag\"></i> {$item->trip_types}</li>\r\n                                    <li><i class=\"fa-solid fa-hashtag\"></i> {$item->package_code}</li>\r\n\r\n                                </ul>\r\n\r\n                            </div>\r\n                            <div class=\"right-content\">\r\n                                <div class=\"day-left\">\r\n                                    <h4>{$item->duration|regex_replace:\'/^(\\d+).*/\':\'$1\'}</h4>\r\n                                    <p>days</p>\r\n                                </div>\r\n                            </div>\r\n                        </div>\r\n                        <ul class=\"feature-list-area\">\r\n                            <li>\r\n                                <div class=\"icon\"><img src=\"{uploads_url}/csm/assets/images/trip/icon/03.svg\" alt=\"\"></div>\r\n                                <div class=\"text\">\r\n                                    <p>Activity Level</p>\r\n                                    <h6>{$item->activity_level}</h6>\r\n                                </div>\r\n                            </li>\r\n                            <li>\r\n                                <div class=\"icon\"><img src=\"{uploads_url}/csm/assets/images/trip/icon/04.svg\" alt=\"\"></div>\r\n                                <div class=\"text\">\r\n                                    <p>Accommodation</p>\r\n                                    <h6>Budget</h6>\r\n                                </div>\r\n                            </li>\r\n                            <li>\r\n                                <div class=\"icon\"><img src=\"{uploads_url}/csm/assets/images/trip/icon/06.svg\" alt=\"\"></div>\r\n                                <div class=\"text\">\r\n                                    <p>Starts from</p>\r\n                                    <h6>{$item->start}</h6>\r\n                                </div>\r\n                            </li>\r\n\r\n                            </li>\r\n                        </ul>\r\n                    </div>\r\n\r\n                    <div class=\"content-box tour-details-tab-area radius-10 border overflow-hidden\">\r\n                        <ul class=\"nav nav-tabs border-bottom\" id=\"myTab\" role=\"tablist\">\r\n                            <li class=\"nav-item\" role=\"presentation\">\r\n                                <button class=\"nav-link active\" id=\"overview-tab\" data-bs-toggle=\"tab\"\r\n                                    data-bs-target=\"#overview\" type=\"button\" role=\"tab\" aria-controls=\"overview\"\r\n                                    aria-selected=\"true\">Overview</button>\r\n                            </li>\r\n                            <li class=\"nav-item\" role=\"presentation\">\r\n                                <button class=\"nav-link\" id=\"itinerary-tab\" data-bs-toggle=\"tab\" data-bs-target=\"#itinerary\"\r\n                                    type=\"button\" role=\"tab\" aria-controls=\"itinerary\"\r\n                                    aria-selected=\"false\">Itinerary</button>\r\n                            </li>\r\n\r\n                            <li class=\"nav-item\" role=\"presentation\">\r\n                                <button class=\"nav-link\" id=\"location-tab\" data-bs-toggle=\"tab\" data-bs-target=\"#location\"\r\n                                    type=\"button\" role=\"tab\" aria-controls=\"location\"\r\n                                    aria-selected=\"false\">Location</button>\r\n                            </li>\r\n                            <li class=\"nav-item\" role=\"presentation\">\r\n                                <button class=\"nav-link\" id=\"gallery-tab\" data-bs-toggle=\"tab\" data-bs-target=\"#gallery\"\r\n                                    type=\"button\" role=\"tab\" aria-controls=\"gallery\" aria-selected=\"false\">Gallery</button>\r\n                            </li>\r\n                        </ul>\r\n\r\n                        <div class=\"tour-details-tab-content\" id=\"myTabContent\">\r\n                            <div class=\"tab-pane fade show active\" id=\"overview\" role=\"tabpanel\"\r\n                                aria-labelledby=\"overview-tab\">\r\n                                <div class=\"tab-content-inner\">\r\n                                    <div class=\"overview-area mb--60\">\r\n                                        <h5 class=\"title mb--15\">Overview</h5>\r\n                                        <p class=\"desc\">{$item->route}</p>\r\n                                        <p class=\"desc\">{$item->introduction}</p>\r\n                                    </div>\r\n                                    <div class=\"highlight-area\">\r\n                                        <h5 class=\"title\">Highlights:</h5>\r\n\r\n                                        <style>\r\n                                            .tour-inclusions ul {\r\n                                                list-style: none;\r\n                                                padding: 0;\r\n                                                margin: 0;\r\n                                            }\r\n\r\n                                            .tour-inclusions li {\r\n                                                position: relative;\r\n\r\n                                                margin-bottom: 10px;\r\n                                            }\r\n                                        </style>\r\n\r\n                                        <div class=\"tour-inclusions\">\r\n                                            {$item->body|replace:\'<li>\':\'<li><i class=\"fa-regular fa-check\">&nbsp;&nbsp;  </i>  \'}\r\n                                        </div>\r\n\r\n\r\n                                    </div>\r\n                                </div>\r\n                            </div>\r\n\r\n                            <div class=\"tab-pane fade\" id=\"itinerary\" role=\"tabpanel\" aria-labelledby=\"itinerary-tab\">\r\n                                <div class=\"tab-content-inner\">\r\n                                    <div class=\"itinerary-area\">\r\n                                        <div class=\"itinerary-header\">\r\n                                            <h2>Itinerary</h2>\r\n                                            {$item->route}\r\n                                        </div>\r\n                                        <div class=\"itinerary-list\">\r\n                                            <style>\r\n                                                .itinerary-list {\r\n                                                    width: 100%;\r\n                                                    text-align: left;\r\n                                                    padding-left: 15px !important;\r\n                                                    margin-left: 0 !important;\r\n                                                }\r\n\r\n                                                .itinerary-item {\r\n                                                    padding-left: 40px !important;\r\n                                                    margin-left: 0 !important;\r\n                                                }\r\n\r\n                                                .itinerary-title {\r\n                                                    text-align: left !important;\r\n                                                    background: transparent;\r\n                                                    border: none;\r\n                                                    display: flex !important;\r\n                                                    align-items: center !important;\r\n                                                    padding-left: 0 !important;\r\n                                                    margin-left: 0 !important;\r\n                                                }\r\n\r\n                                                .itinerary-content {\r\n                                                    padding-left: 5px !important;\r\n                                                    margin-left: 0 !important;\r\n                                                }\r\n                                            </style>\r\n                                            <div class=\"itinerary-list\">\r\n                                                {$clean_details = $item->package_details|replace:\'<ul>\':\'\'|replace:\'</ul>\':\'\'|trim}\r\n                                                {$li_items = \"<li>\"|explode:$clean_details}\r\n                                                {$itinerary_days = []}\r\n                                                {foreach from=$li_items item=li}\r\n                                                    {$cleaned_li = $li|replace:\'</li>\':\'\'|trim}\r\n                                                    {if !empty($cleaned_li)}{$itinerary_days[] = $cleaned_li}{/if}\r\n                                                {/foreach}\r\n                                                {foreach from=$itinerary_days item=day_text name=itinerary}\r\n                                                    <div class=\"itinerary-item {if $smarty.foreach.itinerary.first}active{/if}\">\r\n                                                        {$parts = \":\"|explode:$day_text:2}\r\n                                                        {$day_title = $parts[0]|trim}\r\n                                                        {$day_content = $parts[1]|trim}\r\n                                                        <button\r\n                                                            class=\"itinerary-title {if $smarty.foreach.itinerary.first}active{/if}\">\r\n                                                            {if $smarty.foreach.itinerary.first}\r\n                                                                <span class=\"icon\"><img\r\n                                                                        src=\"{uploads_url}/csm/assets/images/trip/icon/14.svg\"\r\n                                                                        alt=\"\"></span>\r\n                                                            {elseif $smarty.foreach.itinerary.last}\r\n                                                                <span class=\"icon-2\"><img\r\n                                                                        src=\"{uploads_url}/csm/assets/images/trip/icon/15.svg\"\r\n                                                                        alt=\"\"></span>\r\n                                                            {/if}\r\n                                                            {$day_title}\r\n                                                        </button>\r\n                                                        <div class=\"itinerary-content\"\r\n                                                            {if $smarty.foreach.itinerary.first}style=\"display: block;\" {/if}>\r\n                                                            <p>{$day_content}</p>\r\n                                                        </div>\r\n                                                    </div>\r\n                                                {/foreach}\r\n                                            </div>\r\n                                        </div>\r\n                                    </div>\r\n                                </div>\r\n                            </div>\r\n\r\n\r\n\r\n                            <div class=\"tab-pane fade\" id=\"location\" role=\"tabpanel\" aria-labelledby=\"location-tab\">\r\n                                <div class=\"tab-content-inner\">\r\n                                    <div class=\"highlight-area\">\r\n                                        <h5 class=\"title\">Tour Map {$item->title}</h5>\r\n                                        <div class=\"map-area overflow-hidden radius-10\">\r\n                                            <a href=\"https://www.openstreetmap.org/search?query={$item->start}\"><img\r\n                                                    src=\"{uploads_url}/{$item->map}\" width=\"100%\"></a>\r\n                                        </div>\r\n                                    </div>\r\n                                </div>\r\n                            </div>\r\n\r\n                            <div class=\"tab-pane fade\" id=\"gallery\" role=\"tabpanel\" aria-labelledby=\"gallery-tab\">\r\n                                <div class=\"tab-content-inner\">\r\n\r\n\r\n\r\n\r\n\r\n\r\n\r\n\r\n\r\n        <div class=\"highlight-area\">\r\n    <h5 class=\"title\">Gallery</h5>\r\n\r\n    <style>\r\n        .gallery-wrapper .hover-image {\r\n            width: 100%;\r\n            height: 250px;\r\n            object-fit: cover;\r\n            display: block;\r\n        }\r\n\r\n        .mfp-counter {\r\n            display: none !important;\r\n        }\r\n\r\n        /* Added a small style helper for your text captions */\r\n        .gallery-caption {\r\n            display: block;\r\n            margin-top: 8px;\r\n            font-size: 14px;\r\n            color: #333; \r\n            text-align: center;\r\n            font-weight: 500;\r\n            text-transform: capitalize; /* Optional: Capitalizes the first letter of each word */\r\n        }\r\n    </style>\r\n\r\n    {$img1 = $item->fielddefs.gallery1.value|trim}\r\n    {$img2 = $item->fielddefs.gallery2.value|trim}\r\n    {$img3 = $item->fielddefs.gallery3.value|trim}\r\n    {$img4 = $item->fielddefs.gallery4.value|trim}\r\n    {$img5 = $item->fielddefs.gallery5.value|trim}\r\n\r\n    {if $img1 != \'\' || $img2 != \'\' || $img3 != \'\' || $img4 != \'\' || $img5 != \'\'}\r\n        <div class=\"row\">\r\n            {$my_gallery = [$img1, $img2, $img3, $img4, $img5]}\r\n\r\n            {foreach from=$my_gallery item=img name=galleryLoop}\r\n                {if $img != \'\'}\r\n                    {* Clean up the image name: remove path, remove extension, replace underscores/dashes with spaces *}\r\n                    {$cleanName = $img|regex_replace:\'/.*\\//\':\'\'|regex_replace:\'/\\.[^.]+$/\':\'\'|replace:\'_\':\' \'|replace:\'-\':\' \'}\r\n\r\n                    <div class=\"col-lg-3 col-md-4 col-sm-6 col-6 mb--30\">\r\n                        <div class=\"gallery-wrapper with-icon wow scaleIn\"\r\n                            data-wow-delay=\"{$smarty.foreach.galleryLoop.index * 0.2}s\">\r\n                            \r\n                            <a href=\"{uploads_url}/{$img|replace:\' \':\'%20\'}\" title=\"{$cleanName}\"\r\n                                class=\"gallery-image image-transform\">\r\n                                <img class=\"hover-image\" src=\"{uploads_url}/{$img|replace:\' \':\'%20\'}\"\r\n                                    alt=\"{$cleanName}\">\r\n                                <span class=\"icon\">\r\n                                    <img src=\"assets/images/gallery/insta.svg\" alt=\"\">\r\n                                </span>\r\n                            </a>\r\n\r\n                            {* THIS DISPLAYS THE CLEAN TEXT DIRECTLY UNDER THE PHOTO *}\r\n                            <span class=\"gallery-caption\">\r\n                                \r\n                            </span>\r\n\r\n                        </div>\r\n                    </div>\r\n                {/if}\r\n            {/foreach}\r\n        </div>\r\n    {/if}\r\n</div>\r\n\r\n\r\n\r\n\r\n\r\n\r\n\r\n\r\n\r\n\r\n\r\n\r\n\r\n\r\n                                </div>\r\n                            </div>\r\n\r\n\r\n\r\n\r\n                        </div> {* End of myTabContent *}\r\n                    </div> {* End of tour-details-tab-area *}\r\n\r\n                    <div class=\"contact-area content-box radius-10 border overflow-hidden\">\r\n                        <h5 class=\"title mb--30\">You can send your enquiry via the form below.</h5>\r\n                        {* Form code stays exactly as it is... *}\r\n                        <form id=\"contact-form\" action=\"#\" class=\"contact-form border radius-10 \">\r\n                            <div class=\"input-div\">\r\n                                <div class=\"row g-24\">\r\n                                    <div class=\"col-lg-6\">\r\n                                        <div class=\"single-input\"><input type=\"text\" placeholder=\"Enter your first name*\"\r\n                                                required></div>\r\n                                    </div>\r\n                                    <div class=\"col-lg-6\">\r\n                                        <div class=\"single-input\"><input type=\"text\" placeholder=\"Enter your last name*\"\r\n                                                required></div>\r\n                                    </div>\r\n                                    <div class=\"col-lg-12\">\r\n                                        <div class=\"single-input\"><input type=\"email\"\r\n                                                placeholder=\"Enter your email address...\" required></div>\r\n                                    </div>\r\n                                    <div class=\"col-lg-12\">\r\n                                        <div class=\"single-input\"><textarea placeholder=\"Enter your message*\"\r\n                                                required></textarea></div>\r\n                                    </div>\r\n                                    <div class=\"col-lg-12\"><button type=\"submit\" class=\"rts-btn btn-primary border\">Send\r\n                                            Mail</button></div>\r\n                                </div>\r\n                            </div>\r\n                        </form>\r\n                    </div>\r\n                </div>\r\n\r\n                <div class=\"right\">\r\n                    <div class=\"sticky-top\">\r\n                        <div class=\"content-box radius-10 border overflow-hidden pricing-box\">\r\n\r\n                            \r\n                                \r\n                                  \r\n                                    \r\n                                        <h5>$ {$item->starting_price} <span>/ per person</span></h5>\r\n                                \r\n                            <div class=\"mid-area\">\r\n                                \r\n\r\n                                \r\n\r\n                                <style>\r\n                                    /* 1. Reduce space between list items (li) */\r\n                                    .tour-inclusions li {\r\n                                        display: flex !important;\r\n                                        align-items: flex-start !important;\r\n                                        margin-bottom: 4px !important;\r\n                                        /* Reduced from 10px to 4px */\r\n                                        line-height: 1.3 !important;\r\n                                        /* Slightly tighter line spacing */\r\n                                    }\r\n\r\n                                    /* 2. Reduce space under \"Package includes\" and \"Package excludes\" titles */\r\n                                    .tour-inclusions h5,\r\n                                    .tour-inclusions .title {\r\n                                        margin-bottom: 5px !important;\r\n                                        /* Tightens space under the heading */\r\n                                    }\r\n\r\n                                    /* 3. Reduce space for the list container itself */\r\n                                    .tour-inclusions ul {\r\n                                        list-style: none !important;\r\n                                        padding: 0 !important;\r\n                                        margin-top: 5px !important;\r\n                                        /* Tightens gap between title/line and the first item */\r\n                                        margin-bottom: 20px !important;\r\n                                        /* Space before the next section starts */\r\n                                    }\r\n\r\n                                    /* 4. Icon alignment for tighter lines */\r\n                                    .tour-inclusions li i {\r\n                                        flex-shrink: 0 !important;\r\n                                        margin-right: 8px !important;\r\n                                        margin-top: 3px !important;\r\n                                        /* Adjusted slightly for the new line-height */\r\n                                        color: #0088cc;\r\n                                        font-size: 14px !important;\r\n                                    }\r\n\r\n                                    .tour-inclusions p {\r\n                                        font-size: var(--font-size-b2);\r\n                                        line-height: var(--line-height-b2);\r\n                                        font-weight: 500;\r\n                                        color: var(--color-body-1);\r\n                                        margin: 0 0 00px;\r\n                                    }\r\n                                </style>\r\n\r\n                                <div class=\"tour-inclusions\">\r\n                                <span style=\"margin-bottom: 27px>;\">Travel dates</span>\r\n                                {$item->departure_dates}<br>\r\n                                    {$item->price_conditions|replace:\'<li>\':\'<li><i class=\"fa-regular fa-check\"></i>\'}\r\n                                </div>\r\n                            </div>\r\n                            <a href=\"#\" class=\"rts-btn btn-primary m-w-100 text-center border\">Check Availability</a>\r\n                        </div>\r\n                    </div>\r\n                </div>\r\n            </div>\r\n        </div>\r\n    </div>\r\n{/block}','2026-06-22 14:57:20','2026-06-22 14:57:20'),
('LISEPackages','summary_package_summary_reslynx','{include file=\'cms_template:package_summary_reslynx\'}','2026-06-30 13:40:17','2026-06-30 13:40:17'),
('LISEPackages','detail_package_detail_reslynx','<pre>{$smarty.get|print_r}</pre>','2026-06-30 19:08:56','2026-06-30 19:08:56');

--
-- Table structure for table `cmsqy_module_tinymce_profile_group`
--

CREATE TABLE `cmsqy_module_tinymce_profile_group` (
  `id_profile` int(11) NOT NULL,
  `id_group` int(11) NOT NULL,
  PRIMARY KEY (`id_profile`,`id_group`)
) ENGINE=MyISAM DEFAULT CHARSET=utf8mb3 COLLATE=utf8mb3_general_ci;

--
-- Dumping data for table `cmsqy_module_tinymce_profile_group`
--


--
-- Table structure for table `cmsqy_module_tinymce_profiles`
--

CREATE TABLE `cmsqy_module_tinymce_profiles` (
  `id_profile` int(11) NOT NULL AUTO_INCREMENT,
  `id_template` int(11) DEFAULT NULL,
  `name` varchar(255) DEFAULT NULL,
  `priority` int(11) DEFAULT NULL,
  `license_key` varchar(200) DEFAULT NULL,
  `resize` varchar(20) DEFAULT NULL,
  `autoresize` int(11) DEFAULT NULL,
  `plugins` text DEFAULT NULL,
  `enable_linker` int(11) DEFAULT NULL,
  `show_menubar` int(11) DEFAULT NULL,
  `menubar` varchar(255) DEFAULT NULL,
  `use_advanced_menu` int(11) DEFAULT NULL,
  `advanced_menu` text DEFAULT NULL,
  `show_toolbar` int(11) DEFAULT NULL,
  `toolbar1` text DEFAULT NULL,
  `toolbar2` text DEFAULT NULL,
  `contextmenu` text DEFAULT NULL,
  `show_statusbar` int(11) DEFAULT NULL,
  `id_design` int(11) DEFAULT NULL,
  `link_classes` text DEFAULT NULL,
  `image_classes` text DEFAULT NULL,
  `style_formats` text DEFAULT NULL,
  `use_custom_block_formats` int(11) DEFAULT NULL,
  `block_formats` varchar(255) DEFAULT NULL,
  `enable_user_templates` int(11) DEFAULT NULL,
  `enable_custom_dropdown` int(11) DEFAULT NULL,
  `custom_dropdown_title` varchar(100) DEFAULT NULL,
  `custom_dropdown` text DEFAULT NULL,
  `extra_js` text DEFAULT NULL,
  `external_modules` text DEFAULT NULL,
  `external_modules_show_menutext` int(11) DEFAULT NULL,
  `filemanager_use` int(11) DEFAULT NULL,
  `filemanager_id_profile` int(11) DEFAULT NULL,
  `forced_root_block` varchar(50) DEFAULT NULL,
  `newline_behavior` varchar(10) DEFAULT NULL,
  `relative_urls` int(11) DEFAULT NULL,
  `image_advtab` int(11) DEFAULT NULL,
  `css_files` text DEFAULT NULL,
  `user_templates_files_dir` varchar(250) DEFAULT NULL,
  PRIMARY KEY (`id_profile`)
) ENGINE=MyISAM AUTO_INCREMENT=3 DEFAULT CHARSET=utf8mb3 COLLATE=utf8mb3_general_ci;

--
-- Dumping data for table `cmsqy_module_tinymce_profiles`
--

INSERT INTO `cmsqy_module_tinymce_profiles` (`id_profile`, `id_template`, `name`, `priority`, `license_key`, `resize`, `autoresize`, `plugins`, `enable_linker`, `show_menubar`, `menubar`, `use_advanced_menu`, `advanced_menu`, `show_toolbar`, `toolbar1`, `toolbar2`, `contextmenu`, `show_statusbar`, `id_design`, `link_classes`, `image_classes`, `style_formats`, `use_custom_block_formats`, `block_formats`, `enable_user_templates`, `enable_custom_dropdown`, `custom_dropdown_title`, `custom_dropdown`, `extra_js`, `external_modules`, `external_modules_show_menutext`, `filemanager_use`, `filemanager_id_profile`, `forced_root_block`, `newline_behavior`, `relative_urls`, `image_advtab`, `css_files`, `user_templates_files_dir`) VALUES (1,-1,'Minimal',5,'gpl','0',1,'autolink anchor code fullscreen image link media table visualblocks lists',1,0,'edit insert view format table tools',0,'{\n        edit: {title: \'Edit\', items: \'undo redo | cut copy paste pastetext | selectall\'},\n        insert: {title: \'Insert\', items: \'link media | template hr\'},\n        view: {title: \'View\', items: \'visualaid\'},\n        format: {title: \'Format\', items: \'bold italic underline strikethrough superscript subscript | formats | removeformat\'},\n        table: {title: \'Table\', items: \'inserttable tableprops deletetable | cell row column\'},\n        tools: {title: \'Tools\', items: \'code\'}\n    }',1,'formatselect | bold italic underline | cmsms_linker link image','','cmsms_linker link image | inserttable table | cmsms_template',0,0,'','','',0,'Paragraph=p;Header 1=h1;Header 2=h2;Header 3=h3;Header 4=h4;Header 5=h5;Header 6=h6',0,0,'Extensions','Root url|{root_url}\nSite name|{sitename}','paste_as_text: true,\nimage_caption: true','0',1,1,0,'p','default',1,0,'',''),
(2,-1,'Advanced',5,'gpl','1',1,'autolink anchor code fullscreen image link media table visualblocks lists',1,1,'edit insert view format table tools',0,'{\n        edit: {title: \'Edit\', items: \'undo redo | cut copy paste pastetext | selectall\'},\n        insert: {title: \'Insert\', items: \'link media | template hr\'},\n        view: {title: \'View\', items: \'visualaid\'},\n        format: {title: \'Format\', items: \'bold italic underline strikethrough superscript subscript | formats | removeformat\'},\n        table: {title: \'Table\', items: \'inserttable tableprops deletetable | cell row column\'},\n        tools: {title: \'Tools\', items: \'code\'}\n    }',1,'undo redo | cut copy paste | blocks | bold italic underline | alignleft aligncenter alignright alignjustify | bullist numlist | cmsms_linker link unlink image template | fullscreen code','','cmsms_linker link image | inserttable table | cmsms_template',0,0,'','','',0,'Paragraph=p;Header 1=h1;Header 2=h2;Header 3=h3;Header 4=h4;Header 5=h5;Header 6=h6',0,0,'Extensions','Root url|{root_url}\nSite name|{sitename}','paste_as_text: true,\nimage_caption: true','0',1,1,0,'p','default',1,0,'','');

--
-- Table structure for table `cmsqy_module_userguide`
--

CREATE TABLE `cmsqy_module_userguide` (
  `id` int(11) NOT NULL AUTO_INCREMENT,
  `title` varchar(255) NOT NULL,
  `position` int(11) DEFAULT NULL,
  `active` tinyint(4) DEFAULT NULL,
  `admin` tinyint(4) DEFAULT NULL,
  `content` text DEFAULT NULL,
  `embed_type` varchar(10) DEFAULT NULL,
  `embed_code` text DEFAULT NULL,
  `embed_first` tinyint(4) DEFAULT NULL,
  PRIMARY KEY (`id`)
) ENGINE=MyISAM AUTO_INCREMENT=8 DEFAULT CHARSET=utf8mb3 COLLATE=utf8mb3_general_ci;

--
-- Dumping data for table `cmsqy_module_userguide`
--

INSERT INTO `cmsqy_module_userguide` (`id`, `title`, `position`, `active`, `admin`, `content`, `embed_type`, `embed_code`, `embed_first`) VALUES (1,'Introduction',1,1,0,'','vimeo','929800510?badge=0&autopause=0&player_id=0&app_id=58479',0),
(2,'The File Manager',2,1,0,'','vimeo','929800455?badge=0&autopause=0&player_id=0&app_id=58479',0),
(3,'The Content Manager Pt 1',3,1,0,'','vimeo','929800206?badge=0&autopause=0&player_id=0&app_id=58479',0),
(4,'The Content Manager Pt 2',4,1,0,'','vimeo','929800126?badge=0&autopause=0&player_id=0&app_id=58479',0),
(5,'The Content Manager Pt 3',5,1,0,'','vimeo','929800339?badge=0&autopause=0&player_id=0&app_id=58479',0),
(6,'News',6,1,0,'','vimeo','929818091?badge=0&autopause=0&player_id=0&app_id=58479',0),
(7,'Getting Further Help',7,1,0,'','vimeo','929827027?badge=0&autopause=0&player_id=0&app_id=58479',0);

--
-- Table structure for table `cmsqy_modules`
--

CREATE TABLE `cmsqy_modules` (
  `module_name` varchar(160) NOT NULL,
  `status` varchar(255) DEFAULT NULL,
  `version` varchar(255) DEFAULT NULL,
  `admin_only` tinyint(4) DEFAULT 0,
  `active` tinyint(4) DEFAULT NULL,
  `allow_fe_lazyload` tinyint(4) DEFAULT NULL,
  `allow_admin_lazyload` tinyint(4) DEFAULT NULL,
  PRIMARY KEY (`module_name`),
  KEY `cmsqy_idx_modules_by_name` (`module_name`)
) ENGINE=MyISAM DEFAULT CHARSET=utf8mb3 COLLATE=utf8mb3_general_ci;

--
-- Dumping data for table `cmsqy_modules`
--

INSERT INTO `cmsqy_modules` (`module_name`, `status`, `version`, `admin_only`, `active`, `allow_fe_lazyload`, `allow_admin_lazyload`) VALUES ('AdminSearch','installed','1.0.6',0,1,1,1),
('CMSContentManager','installed','1.1.14',0,1,1,1),
('CmsJobManager','installed','1.0.0',0,1,0,0),
('DesignManager','installed','1.1.11',0,1,1,1),
('FileManager','installed','1.6.16',0,1,1,0),
('FilePicker','installed','1.0.9',0,1,0,0),
('CMSMSExt','installed','1.4.5',0,1,0,0),
('ModuleManager','installed','2.1.9',1,1,0,1),
('Navigator','installed','1.0.11',0,1,1,1),
('Search','installed','1.54',0,1,1,1),
('UserGuide','installed','1.0.0',0,1,0,1),
('LISE','installed','1.5.6',0,1,0,0),
('LISEPackages','installed','1.5.6',0,1,0,0),
('LISEInspiration','installed','1.5.6',0,1,0,0),
('LISEPages','installed','1.5.6',0,1,0,0),
('CMSMailer','installed','6.2.14',0,1,1,1),
('TinyMCE','installed','4.0.0-beta3',0,1,1,1),
('SmartyExt','installed','1.0',0,1,0,0),
('CGExtensions','installed','1.65.2',0,1,0,0),
('MAMS','installed','1.1.0',0,1,0,0);

--
-- Table structure for table `cmsqy_permissions`
--

CREATE TABLE `cmsqy_permissions` (
  `permission_id` int(11) NOT NULL,
  `permission_name` varchar(255) DEFAULT NULL,
  `permission_text` varchar(255) DEFAULT NULL,
  `permission_source` varchar(255) DEFAULT NULL,
  `create_date` datetime DEFAULT NULL,
  `modified_date` datetime DEFAULT NULL,
  PRIMARY KEY (`permission_id`)
) ENGINE=MyISAM DEFAULT CHARSET=utf8mb3 COLLATE=utf8mb3_general_ci;

--
-- Dumping data for table `cmsqy_permissions`
--

INSERT INTO `cmsqy_permissions` (`permission_id`, `permission_name`, `permission_text`, `permission_source`, `create_date`, `modified_date`) VALUES (1,'Add Pages','Add Pages','Core','2026-06-01 11:06:56','2026-06-01 11:06:56'),
(2,'Manage Groups','Manage Groups','Core','2026-06-01 11:06:56','2026-06-01 11:06:56'),
(3,'Add Templates','Add Templates','Core','2026-06-01 11:06:56','2026-06-01 11:06:56'),
(4,'Manage Users','Manage Users','Core','2026-06-01 11:06:56','2026-06-01 11:06:56'),
(5,'Modify Any Page','Modify Any Page','Core','2026-06-01 11:06:56','2026-06-01 11:06:56'),
(6,'Modify Permissions','Modify Permissions','Core','2026-06-01 11:06:56','2026-06-01 11:06:56'),
(7,'Modify Templates','Modify Templates','Core','2026-06-01 11:06:56','2026-06-01 11:06:56'),
(8,'Remove Pages','Remove Pages','Core','2026-06-01 11:06:56','2026-06-01 11:06:56'),
(9,'Modify Modules','Modify Modules','Core','2026-06-01 11:06:56','2026-06-01 11:06:56'),
(10,'Modify Files','Modify Files','Core','2026-06-01 11:06:56','2026-06-01 11:06:56'),
(11,'Modify Site Preferences','Modify Site Preferences','Core','2026-06-01 11:06:56','2026-06-01 11:06:56'),
(12,'Manage Stylesheets','Manage Stylesheets','Core','2026-06-01 11:06:56','2026-06-01 11:06:56'),
(13,'Manage Designs','Manage Designs','Core','2026-06-01 11:06:56','2026-06-01 11:06:56'),
(14,'Modify User-defined Tags','Modify User-defined Tags','Core','2026-06-01 11:06:56','2026-06-01 11:06:56'),
(15,'Clear Admin Log','Clear Admin Log','Core','2026-06-01 11:06:56','2026-06-01 11:06:56'),
(16,'Modify Events','Modify Events','Core','2026-06-01 11:06:56','2026-06-01 11:06:56'),
(17,'View Tag Help','View Tag Help','Core','2026-06-01 11:06:56','2026-06-01 11:06:56'),
(18,'Manage All Content','Manage All Content','Core','2026-06-01 11:06:56','2026-06-01 11:06:56'),
(19,'Reorder Content','Reorder Content','Core','2026-06-01 11:06:56','2026-06-01 11:06:56'),
(20,'Manage My Settings','Manage My Settings','Core','2026-06-01 11:06:56','2026-06-01 11:06:56'),
(21,'Manage My Account','Manage My Account','Core','2026-06-01 11:06:56','2026-06-01 11:06:56'),
(22,'Manage My Bookmarks','Manage My Bookmarks','Core','2026-06-01 11:06:56','2026-06-01 11:06:56'),
(23,'Use Admin Search','Use Admin Search','AdminSearch','2026-06-01 11:06:56','2026-06-01 11:06:56'),
(24,'Manage Jobs','Manage Jobs','CmsJobManager','2026-06-01 11:06:56','2026-06-01 11:06:56'),
(25,'Use FileManager Advanced','Advanced usage of the File Manager module','FileManager','2026-06-01 11:06:56','2026-06-01 11:06:56'),
(29,'Manage Search','Manage Search','Search','2026-06-01 11:06:56','2026-06-01 11:06:56'),
(30,'manage_userguide','UserGuide - Manage','UserGuide','2026-06-01 11:06:56','2026-06-01 11:06:56'),
(31,'use_userguide','UserGuide - Use','UserGuide','2026-06-01 11:06:56','2026-06-01 11:06:56'),
(32,'lisepackages_modify_item','lisepackages: Modify Items','LISEPackages','2026-06-11 13:42:43','2026-06-11 13:42:43'),
(33,'lisepackages_modify_category','lisepackages: Modify Categories','LISEPackages','2026-06-11 13:42:43','2026-06-11 13:42:43'),
(34,'lisepackages_modify_option','lisepackages: Modify Options','LISEPackages','2026-06-11 13:42:43','2026-06-11 13:42:43'),
(35,'lisepackages_remove_item','lisepackages: Remove items','LISEPackages','2026-06-11 13:42:43','2026-06-11 13:42:43'),
(36,'lisepackages_approve_item','lisepackages: Approve items','LISEPackages','2026-06-11 13:42:43','2026-06-11 13:42:43'),
(37,'lisepackages_modify_all_item','lisepackages: Modify all items','LISEPackages','2026-06-11 13:42:43','2026-06-11 13:42:43'),
(51,'liseinspiration_modify_category','liseinspiration: Modify Categories','LISEInspiration','2026-06-17 16:07:39','2026-06-17 16:07:39'),
(52,'liseinspiration_modify_option','liseinspiration: Modify Options','LISEInspiration','2026-06-17 16:07:39','2026-06-17 16:07:39'),
(53,'liseinspiration_remove_item','liseinspiration: Remove items','LISEInspiration','2026-06-17 16:07:39','2026-06-17 16:07:39'),
(54,'liseinspiration_approve_item','liseinspiration: Approve items','LISEInspiration','2026-06-17 16:07:39','2026-06-17 16:07:39'),
(50,'liseinspiration_modify_item','liseinspiration: Modify Items','LISEInspiration','2026-06-17 16:07:39','2026-06-17 16:07:39'),
(55,'liseinspiration_modify_all_item','liseinspiration: Modify all items','LISEInspiration','2026-06-17 16:07:39','2026-06-17 16:07:39'),
(56,'lisepages_modify_item','lisepages: Modify Items','LISEPages','2026-06-17 16:08:27','2026-06-17 16:08:27'),
(57,'lisepages_modify_category','lisepages: Modify Categories','LISEPages','2026-06-17 16:08:27','2026-06-17 16:08:27'),
(58,'lisepages_modify_option','lisepages: Modify Options','LISEPages','2026-06-17 16:08:27','2026-06-17 16:08:27'),
(59,'lisepages_remove_item','lisepages: Remove items','LISEPages','2026-06-17 16:08:27','2026-06-17 16:08:27'),
(60,'lisepages_approve_item','lisepages: Approve items','LISEPages','2026-06-17 16:08:27','2026-06-17 16:08:27'),
(61,'lisepages_modify_all_item','lisepages: Modify all items','LISEPages','2026-06-17 16:08:27','2026-06-17 16:08:27'),
(62,'Manage TinyMCE profiles','Manage TinyMCE profiles','TinyMCE','2026-06-23 16:28:08','2026-06-23 16:28:08'),
(63,'Modify MAMS','Modify MAMS Properties','MAMS','2026-06-23 17:07:08','2026-06-23 17:07:08');

--
-- Table structure for table `cmsqy_permissions_seq`
--

CREATE TABLE `cmsqy_permissions_seq` (
  `id` int(11) NOT NULL
) ENGINE=MyISAM DEFAULT CHARSET=utf8mb3 COLLATE=utf8mb3_general_ci;

--
-- Dumping data for table `cmsqy_permissions_seq`
--

INSERT INTO `cmsqy_permissions_seq` (`id`) VALUES (63);

--
-- Table structure for table `cmsqy_routes`
--

CREATE TABLE `cmsqy_routes` (
  `term` varchar(255) NOT NULL,
  `key1` varchar(50) NOT NULL,
  `key2` varchar(50) DEFAULT NULL,
  `key3` varchar(50) DEFAULT NULL,
  `data` text DEFAULT NULL,
  `created` datetime DEFAULT NULL,
  PRIMARY KEY (`term`,`key1`)
) ENGINE=MyISAM DEFAULT CHARSET=utf8mb3 COLLATE=utf8mb3_general_ci;

--
-- Dumping data for table `cmsqy_routes`
--


--
-- Table structure for table `cmsqy_siteprefs`
--

CREATE TABLE `cmsqy_siteprefs` (
  `sitepref_name` varchar(255) NOT NULL,
  `sitepref_value` text DEFAULT NULL,
  `create_date` datetime DEFAULT NULL,
  `modified_date` datetime DEFAULT NULL,
  PRIMARY KEY (`sitepref_name`)
) ENGINE=MyISAM DEFAULT CHARSET=utf8mb3 COLLATE=utf8mb3_general_ci;

--
-- Dumping data for table `cmsqy_siteprefs`
--

INSERT INTO `cmsqy_siteprefs` (`sitepref_name`, `sitepref_value`, `create_date`, `modified_date`) VALUES ('sitemask','sn6xuzpp6cc5jpcm',NULL,NULL),
('sitedownmessage','<p>Site is currently down for maintenance</p>',NULL,NULL),
('metadata','<!-- Character Encoding & Rendering -->\r\n<meta charset=\"UTF-8\">\r\n<meta name=\"viewport\" content=\"width=device-width, initial-scale=1.0\">\r\n\r\n<!-- SEO Master Tags -->\r\n<title>CSM Travel | Receptive Tour Operator for Western Canada, Yukon & Alaska</title>\r\n<meta name=\"description\" content=\"CSM Travel is a BC-based receptive tour operator specializing in custom FIT self-drive itineraries, small group tours, and soft-adventure packages across Western Canada, Yukon, and Alaska for international wholesalers.\">\r\n<meta name=\"keywords\" content=\"receptive tour operator Canada, Western Canada wholesale travel, FIT self-drive packages BC, custom group tours Canada, Yukon Alaska tour operator, Canadian incoming agency\">\r\n<meta name=\"robots\" content=\"index, follow\">\r\n<link rel=\"canonical\" href=\"https://csmtravel.com/\">\r\n<meta http-equiv=\"Content-Type\" content=\"text/html; charset=utf-8\" />\r\n',NULL,NULL),
('global_umask','022',NULL,NULL),
('auto_clear_cache_age','60',NULL,NULL),
('adminlog_lifetime','2678400',NULL,NULL),
('allow_browser_cache','0',NULL,NULL),
('browser_cache_expiry','1440',NULL,NULL),
('CMSMS\\LoginOperations','640f868fc6ad017b766fd4b9a828ef11eb5842cf',NULL,NULL),
('sitename','CSM Travel | Receptive Tour Operator for Western Canada, Yukon &amp; Alaska',NULL,NULL),
('CMSContentManager_mapi_pref_locktimeout','60',NULL,NULL),
('CMSContentManager_mapi_pref_lockrefresh','120',NULL,NULL),
('DesignManager_mapi_pref_lock_timeout','60',NULL,NULL),
('DesignManager_mapi_pref_lock_refresh','120',NULL,NULL),
('FileManager_mapi_pref_advancedmode','1',NULL,NULL),
('FileManager_mapi_pref_iconsize','32px',NULL,NULL),
('FileManager_mapi_pref_showhiddenfiles','0',NULL,NULL),
('FileManager_mapi_pref_showthumbnails','1',NULL,NULL),
('FileManager_mapi_pref_create_thumbnails','1',NULL,NULL),
('FileManager_mapi_pref_permissionstyle','xxx',NULL,NULL),
('c462d48967a440dcdbc8ce9074312ebf2','a:1:{s:8:\"xt_cmsms\";O:25:\"CMSMSExt\\jsloader\\libdefn\":1:{s:32:\"\0CMSMSExt\\jsloader\\libdefn\0_data\";a:2:{s:4:\"name\";s:8:\"xt_cmsms\";s:8:\"callback\";a:2:{i:0;s:12:\"xt_jshandler\";i:1;s:4:\"load\";}}}}',NULL,NULL),
('MAMS_mapi_pref_allowed_image_extensions','.gif,.png,.jpg',NULL,NULL),
('ModuleManager_mapi_pref_latestdepends','0',NULL,NULL),
('ModuleManager_mapi_pref_allowuninstall','0',NULL,NULL),
('ModuleManager_mapi_pref_module_repository','https://www.cmsmadesimple.org/ModuleRepository/request/v2/',NULL,NULL),
('LISEInspiration_mapi_pref_submit_on_pn','0',NULL,NULL),
('LISEPages_mapi_pref_submit_on_pn','0',NULL,NULL),
('Search_mapi_pref_stopwords','i, me, my, myself, we, our, ours, ourselves, you, your, yours, yourself, yourselves, he, him, his, himself, she, her, hers, herself, it, its, itself, they, them, their, theirs, themselves, what, which, who, whom, this, that, these, those, am, is, are, was, were, be, been, being, have, has, had, having, do, does, did, doing, a, an, the, and, but, if, or, because, as, until, while, of, at, by, for, with, about, against, between, into, through, during, before, after, above, below, to, from, up, down, in, out, on, off, over, under, again, further, then, once, here, there, when, where, why, how, all, any, both, each, few, more, most, other, some, such, no, nor, not, only, own, same, so, than, too, very',NULL,NULL),
('Search_mapi_pref_usestemming','false',NULL,NULL),
('Search_mapi_pref_searchtext','Enter Search...',NULL,NULL),
('UserGuide_mapi_pref_customModuleName','User Guide',NULL,NULL),
('UserGuide_mapi_pref_adminSection','main',NULL,NULL),
('UserGuide_mapi_pref_useSmarty','1',NULL,NULL),
('UserGuide_mapi_pref_imageFolder','',NULL,NULL),
('CmsJobManager_mapi_pref_tasks_lastcheck','1782252043',NULL,NULL),
('ClearCache_lastexecute','1782181014',NULL,NULL),
('CmsJobManager_mapi_pref_last_async_trigger','1782944830',NULL,NULL),
('CmsJobManager_mapi_pref_last_badjob_run','1782944829',NULL,NULL),
('frontendlang','en_US',NULL,NULL),
('ReduceAdminlog_lastexecute','1782246816',NULL,NULL),
('CmsVersionCheckTask','1782181014',NULL,NULL),
('adminalert_6c90bdde8f818884b1fbe817ca38f0e7','a:2:{s:6:\"module\";s:0:\"\";s:4:\"data\";s:662:\"O:35:\"CMSMS\\AdminAlerts\\TranslatableAlert\":10:{s:30:\"\0CMSMS\\AdminAlerts\\Alert\0_name\";s:26:\"CmsSecurityCheckTaskconfig\";s:32:\"\0CMSMS\\AdminAlerts\\Alert\0_module\";N;s:33:\"\0CMSMS\\AdminAlerts\\Alert\0_created\";i:1782181014;s:34:\"\0CMSMS\\AdminAlerts\\Alert\0_priority\";s:5:\"_high\";s:32:\"\0CMSMS\\AdminAlerts\\Alert\0_loaded\";N;s:43:\"\0CMSMS\\AdminAlerts\\TranslatableAlert\0_perms\";a:1:{i:0;s:23:\"Modify Site Preferences\";}s:42:\"\0CMSMS\\AdminAlerts\\TranslatableAlert\0_icon\";N;s:46:\"\0CMSMS\\AdminAlerts\\TranslatableAlert\0_titlekey\";s:14:\"security_issue\";s:44:\"\0CMSMS\\AdminAlerts\\TranslatableAlert\0_msgkey\";s:15:\"config_writable\";s:45:\"\0CMSMS\\AdminAlerts\\TranslatableAlert\0_msgargs\";N;}\";}',NULL,NULL),
('adminalert_b05a48b5f5c3e39922e569ad1dd82a8f','a:2:{s:6:\"module\";s:0:\"\";s:4:\"data\";s:659:\"O:35:\"CMSMS\\AdminAlerts\\TranslatableAlert\":10:{s:30:\"\0CMSMS\\AdminAlerts\\Alert\0_name\";s:24:\"CmsSecurityCheckTaskmail\";s:32:\"\0CMSMS\\AdminAlerts\\Alert\0_module\";N;s:33:\"\0CMSMS\\AdminAlerts\\Alert\0_created\";i:1782181014;s:34:\"\0CMSMS\\AdminAlerts\\Alert\0_priority\";s:5:\"_high\";s:32:\"\0CMSMS\\AdminAlerts\\Alert\0_loaded\";N;s:43:\"\0CMSMS\\AdminAlerts\\TranslatableAlert\0_perms\";a:1:{i:0;s:23:\"Modify Site Preferences\";}s:42:\"\0CMSMS\\AdminAlerts\\TranslatableAlert\0_icon\";N;s:46:\"\0CMSMS\\AdminAlerts\\TranslatableAlert\0_titlekey\";s:12:\"config_issue\";s:44:\"\0CMSMS\\AdminAlerts\\TranslatableAlert\0_msgkey\";s:16:\"info_mail_notset\";s:45:\"\0CMSMS\\AdminAlerts\\TranslatableAlert\0_msgargs\";N;}\";}',NULL,NULL),
('CmsSecurityCheckTask','1782181014',NULL,NULL),
('PruneAdminlog_lastexecute','1782181014',NULL,NULL),
('LISE_mapi_pref_allow_autoscan','0',NULL,NULL),
('LISE_mapi_pref_allow_autoinstall','1',NULL,NULL),
('LISE_mapi_pref_allow_autoupdate','1',NULL,NULL),
('LISEPackages_mapi_pref_lisepackages_default_summary_template','featured_package_slider',NULL,NULL),
('LISEPackages_mapi_pref_lisepackages_default_detail_template','Package Detail',NULL,NULL),
('LISEPackages_mapi_pref_lisepackages_default_search_template','default',NULL,NULL),
('LISEPackages_mapi_pref_lisepackages_default_category_template','default',NULL,NULL),
('LISEPackages_mapi_pref_lisepackages_default_archive_template','default',NULL,NULL),
('LISEPackages_mapi_pref_sortorder','ASC',NULL,NULL),
('LISEPackages_mapi_pref_adminsection','content',NULL,NULL),
('LISEPackages_mapi_pref_url_prefix','packages',NULL,NULL),
('LISEPackages_mapi_pref_urltemplate','{Prefix|lower}/{ItemTitle|lower}',NULL,NULL),
('LISEPackages_mapi_pref_alias_template','{ItemTitle|lower}_{ItemNextID|string_format:\"%06u\"}',NULL,NULL),
('LISEPackages_mapi_pref_friendlyname','Packages',NULL,NULL),
('LISEPackages_mapi_pref_item_singular','Item',NULL,NULL),
('LISEPackages_mapi_pref_item_plural','Items',NULL,NULL),
('LISEPackages_mapi_pref_item_title','Title',NULL,NULL),
('LISEPackages_mapi_pref_inactive_item_triggers_404','1',NULL,NULL),
('LISEPackages_mapi_pref_moddescription','LISE allows you to create lists that you can display throughout your website.',NULL,NULL),
('LISEPackages_mapi_pref_hide_alias','0',NULL,NULL),
('LISEPackages_mapi_pref_hide_slug','0',NULL,NULL),
('LISEPackages_mapi_pref_hide_time_control','0',NULL,NULL),
('LISEPackages_mapi_pref_auto_upgrade','1',NULL,NULL),
('LISEPackages_mapi_pref_separate_settings','0',NULL,NULL),
('LISEPackages_mapi_pref_submit_on_pn','0',NULL,NULL),
('frontendwysiwyg','&#45;1',NULL,NULL),
('logintheme','OneEleven',NULL,NULL),
('backendwysiwyg','',NULL,NULL),
('defaultdateformat','',NULL,NULL),
('thumbnail_width','96',NULL,NULL),
('thumbnail_height','96',NULL,NULL),
('searchmodule','Search',NULL,NULL),
('LISEInspiration_mapi_pref_hide_time_control','0',NULL,NULL),
('LISEInspiration_mapi_pref_hide_slug','0',NULL,NULL),
('LISEInspiration_mapi_pref_hide_alias','0',NULL,NULL),
('LISEInspiration_mapi_pref_inactive_item_triggers_404','1',NULL,NULL),
('LISEInspiration_mapi_pref_moddescription','LISE allows you to create lists that you can display throughout your website.',NULL,NULL),
('LISEInspiration_mapi_pref_item_title','Title',NULL,NULL),
('LISEInspiration_mapi_pref_item_plural','Items',NULL,NULL),
('LISEInspiration_mapi_pref_item_singular','Item',NULL,NULL),
('LISEInspiration_mapi_pref_friendlyname','inspiration',NULL,NULL),
('LISEInspiration_mapi_pref_alias_template','{ItemTitle|lower}_{ItemNextID|string_format:\"%06u\"}',NULL,NULL),
('LISEInspiration_mapi_pref_url_prefix','liseinspiration',NULL,NULL),
('LISEInspiration_mapi_pref_urltemplate','{Prefix|lower}/{ItemTitle|lower}',NULL,NULL),
('LISEInspiration_mapi_pref_sortorder','ASC',NULL,NULL),
('LISEInspiration_mapi_pref_adminsection','content',NULL,NULL),
('LISEInspiration_mapi_pref_liseinspiration_default_archive_template','default',NULL,NULL),
('LISEInspiration_mapi_pref_liseinspiration_default_category_template','default',NULL,NULL),
('LISEInspiration_mapi_pref_liseinspiration_default_search_template','default',NULL,NULL),
('LISEInspiration_mapi_pref_liseinspiration_default_detail_template','Inspiration detail',NULL,NULL),
('LISEInspiration_mapi_pref_liseinspiration_default_summary_template','featured_package_slider',NULL,NULL),
('LISEPackages_mapi_pref_title_auto_gen','0',NULL,NULL),
('LISEPackages_mapi_pref_title_display_mode','0',NULL,NULL),
('LISEPackages_mapi_pref_display_create_date','0',NULL,NULL),
('LISEPackages_mapi_pref_item_cols','create_time,package_code,trip_types,route,updated',NULL,NULL),
('LISEPackages_mapi_pref_items_per_page','20',NULL,NULL),
('LISEPackages_mapi_pref_local_mode_instance','-1',NULL,NULL),
('LISEPackages_mapi_pref_display_inline','0',NULL,NULL),
('LISEPackages_mapi_pref_subcategory','0',NULL,NULL),
('LISEPackages_mapi_pref_title_template','{ItemSingular|capitalize} - {ItemNextID|string_format:\"%06u\"}',NULL,NULL),
('LISEPackages_mapi_pref_detailpage','37',NULL,NULL),
('LISEPackages_mapi_pref_summarypage','38',NULL,NULL),
('LISEPackages_mapi_pref_reindex_search','1',NULL,NULL),
('LISEInspiration_mapi_pref_auto_upgrade','1',NULL,NULL),
('LISEInspiration_mapi_pref_separate_settings','0',NULL,NULL),
('LISEPages_mapi_pref_lisepages_default_summary_template','default',NULL,NULL),
('LISEPages_mapi_pref_lisepages_default_detail_template','default',NULL,NULL),
('LISEPages_mapi_pref_lisepages_default_search_template','default',NULL,NULL),
('LISEPages_mapi_pref_lisepages_default_category_template','default',NULL,NULL),
('LISEPages_mapi_pref_lisepages_default_archive_template','default',NULL,NULL),
('LISEPages_mapi_pref_sortorder','ASC',NULL,NULL),
('LISEPages_mapi_pref_adminsection','content',NULL,NULL),
('LISEPages_mapi_pref_url_prefix','lisepages',NULL,NULL),
('LISEPages_mapi_pref_urltemplate','{Prefix|lower}/{ItemTitle|lower}',NULL,NULL),
('LISEPages_mapi_pref_alias_template','{ItemTitle|lower}_{ItemNextID|string_format:\"%06u\"}',NULL,NULL),
('LISEPages_mapi_pref_friendlyname','Pages',NULL,NULL),
('LISEPages_mapi_pref_item_singular','Item',NULL,NULL),
('LISEPages_mapi_pref_item_plural','Items',NULL,NULL),
('LISEPages_mapi_pref_item_title','Title',NULL,NULL),
('LISEPages_mapi_pref_inactive_item_triggers_404','1',NULL,NULL),
('LISEPages_mapi_pref_moddescription','LISE allows you to create lists that you can display throughout your website.',NULL,NULL),
('LISEPages_mapi_pref_hide_alias','0',NULL,NULL),
('LISEPages_mapi_pref_hide_slug','0',NULL,NULL),
('LISEPages_mapi_pref_hide_time_control','0',NULL,NULL),
('LISEPages_mapi_pref_auto_upgrade','1',NULL,NULL),
('LISEPages_mapi_pref_separate_settings','0',NULL,NULL),
('LISEInspiration_mapi_pref_title_auto_gen','0',NULL,NULL),
('LISEInspiration_mapi_pref_title_display_mode','0',NULL,NULL),
('LISEInspiration_mapi_pref_display_create_date','0',NULL,NULL),
('LISEInspiration_mapi_pref_item_cols','',NULL,NULL),
('LISEInspiration_mapi_pref_items_per_page','20',NULL,NULL),
('LISEInspiration_mapi_pref_local_mode_instance','-1',NULL,NULL),
('LISEInspiration_mapi_pref_display_inline','0',NULL,NULL),
('LISEInspiration_mapi_pref_subcategory','0',NULL,NULL),
('LISEInspiration_mapi_pref_title_template','{ItemSingular|capitalize} - {ItemNextID|string_format:\"%06u\"}',NULL,NULL),
('LISEInspiration_mapi_pref_detailpage','43',NULL,NULL),
('LISEInspiration_mapi_pref_summarypage',NULL,NULL,NULL),
('LISEInspiration_mapi_pref_reindex_search','0',NULL,NULL),
('LISEPages_mapi_pref_title_auto_gen','0',NULL,NULL),
('LISEPages_mapi_pref_title_display_mode','0',NULL,NULL),
('LISEPages_mapi_pref_display_create_date','0',NULL,NULL),
('LISEPages_mapi_pref_item_cols','',NULL,NULL),
('LISEPages_mapi_pref_items_per_page','20',NULL,NULL),
('LISEPages_mapi_pref_local_mode_instance','-1',NULL,NULL),
('LISEPages_mapi_pref_display_inline','0',NULL,NULL),
('LISEPages_mapi_pref_subcategory','0',NULL,NULL),
('LISEPages_mapi_pref_title_template','{ItemSingular|capitalize} - {ItemNextID|string_format:\"%06u\"}',NULL,NULL),
('LISEPages_mapi_pref_detailpage','45',NULL,NULL),
('LISEPages_mapi_pref_summarypage','45',NULL,NULL),
('LISEPages_mapi_pref_reindex_search','1',NULL,NULL),
('TinyMCE_mapi_pref_id_default_profile','2',NULL,NULL),
('MAMS_mapi_pref_required_field_color','blue',NULL,NULL),
('MAMS_mapi_pref_require_onegroup','1',NULL,NULL),
('MAMS_mapi_pref_hidden_field_marker','!',NULL,NULL),
('MAMS_mapi_pref_hidden_field_color','green',NULL,NULL),
('MAMS_mapi_pref_pageid_forgotpasswd','',NULL,NULL),
('MAMS_mapi_pref_pageid_changesettings','',NULL,NULL),
('MAMS_mapi_pref_pageid_login','packages',NULL,NULL),
('MAMS_mapi_pref_pageid_logout','cmss/index.php',NULL,NULL),
('MAMS_mapi_pref_pageid_afterverify','',NULL,NULL),
('MAMS_mapi_pref_notification_subject','MAMS Event Notification',NULL,NULL),
('MAMS_mapi_pref_allow_duplicate_emails','0',NULL,NULL),
('MAMS_mapi_pref_max_passwordlength','20',NULL,NULL),
('MAMS_mapi_pref_enhanced_password','1',NULL,NULL),
('MAMS_mapi_pref_pwrequiredchars','~@#$%^&*=+_-().,!',NULL,NULL),
('MAMS_mapi_pref_min_usernamelength','4',NULL,NULL),
('MAMS_mapi_pref_max_usernamelength','40',NULL,NULL),
('MAMS_mapi_pref_user_session_expires','1800',NULL,NULL),
('MAMS_mapi_pref_cookie_keepalive','1',NULL,NULL),
('MAMS_mapi_pref_cookiename','xa1454635',NULL,NULL),
('MAMS_mapi_pref_default_group','3',NULL,NULL),
('MAMS_mapi_pref_required_field_marker','*',NULL,NULL),
('MAMS_mapi_pref_min_passwordlength','6',NULL,NULL),
('cf669c2c49b7eeaf80506380723ea25f6','a:1:{s:8:\"cg_cmsms\";O:29:\"CGExtensions\\jsloader\\libdefn\":1:{s:36:\"\0CGExtensions\\jsloader\\libdefn\0_data\";a:2:{s:4:\"name\";s:8:\"cg_cmsms\";s:8:\"callback\";a:2:{i:0;s:13:\"cge_jshandler\";i:1;s:4:\"load\";}}}}',NULL,NULL),
('CMSMSExt\\DailyHookTask','1782250157',NULL,NULL),
('CMSMSExt\\HourlyHookTask','1782250157',NULL,NULL),
('MAMS_mapi_pref_image_destination_path','_mams',NULL,NULL),
('MAMS_mapi_pref_username_is_email','1',NULL,NULL),
('MAMS_mapi_pref_passwordfldlength','20',NULL,NULL),
('MAMS_mapi_pref_usernamefldlength','40',NULL,NULL),
('MAMS_mapi_pref_allow_repeated_logins','1',NULL,NULL),
('ModuleManager_mapi_pref_dl_chunksize','256',NULL,NULL),
('MAMS_mapi_pref_expireage_months','520',NULL,NULL),
('MAMS_mapi_pref_use_usersalt','2',NULL,NULL),
('MAMS_mapi_pref_support_lostun','1',NULL,NULL),
('MAMS_mapi_pref_allow_changeusername','0',NULL,NULL),
('MAMS_mapi_pref_support_lostpw','1',NULL,NULL),
('MAMS_mapi_pref_password_requiredchars','',NULL,NULL),
('MAMS_mapi_pref_allow_duplicate_reminders','1',NULL,NULL),
('MAMS_mapi_pref_login_after_verify','1',NULL,NULL),
('MAMS_mapi_pref_signin_button','Sign in',NULL,NULL),
('MAMS_mapi_pref_secure_field_marker','^^',NULL,NULL),
('MAMS_mapi_pref_secure_field_color','yellow',NULL,NULL),
('MAMS_mapi_pref_pageidforgotpasswd','',NULL,NULL),
('Search_mapi_pref_savephrases','false',NULL,NULL),
('MAMS_mapi_pref_pageid_onverify','',NULL,NULL),
('MAMS_mapi_pref_pageid_afterchangesettings','',NULL,NULL),
('xmlmodulerepository','',NULL,NULL),
('Search_mapi_pref_alpharesults','false',NULL,NULL),
('Search_mapi_pref_resultpage','47',NULL,NULL),
('checkversion','1',NULL,NULL),
('lock_timeout','60',NULL,NULL),
('use_smartycache','1',NULL,NULL),
('use_smartycompilecheck','1',NULL,NULL);

--
-- Table structure for table `cmsqy_user_groups`
--

CREATE TABLE `cmsqy_user_groups` (
  `group_id` int(11) NOT NULL,
  `user_id` int(11) NOT NULL,
  `create_date` datetime DEFAULT NULL,
  `modified_date` datetime DEFAULT NULL,
  PRIMARY KEY (`group_id`,`user_id`)
) ENGINE=MyISAM DEFAULT CHARSET=utf8mb3 COLLATE=utf8mb3_general_ci;

--
-- Dumping data for table `cmsqy_user_groups`
--

INSERT INTO `cmsqy_user_groups` (`group_id`, `user_id`, `create_date`, `modified_date`) VALUES (1,1,'2026-06-01 11:06:56','2026-06-01 11:06:56'),
(1,2,NULL,NULL);

--
-- Table structure for table `cmsqy_userplugins`
--

CREATE TABLE `cmsqy_userplugins` (
  `userplugin_id` int(11) NOT NULL,
  `userplugin_name` varchar(255) DEFAULT NULL,
  `code` text DEFAULT NULL,
  `description` text DEFAULT NULL,
  `create_date` datetime DEFAULT NULL,
  `modified_date` datetime DEFAULT NULL,
  PRIMARY KEY (`userplugin_id`)
) ENGINE=MyISAM DEFAULT CHARSET=utf8mb3 COLLATE=utf8mb3_general_ci;

--
-- Dumping data for table `cmsqy_userplugins`
--

INSERT INTO `cmsqy_userplugins` (`userplugin_id`, `userplugin_name`, `code`, `description`, `create_date`, `modified_date`) VALUES (1,'user_agent','//Code to show the users user agent information.\necho $_SERVER[\'HTTP_USER_AGENT\'];','Code to show the user\'s user agent information','2026-06-01 11:06:56','2026-06-01 11:06:56'),
(2,'custom_copyright','//set start to date your site was published\n$startCopyRight=\'2004\';\n\n// check if start year is this year\nif(date(\'Y\') == $startCopyRight){\n// it was, just print this year\n    echo $startCopyRight;\n}else{\n// it wasnt, print startyear and this year delimited with a dash\n    echo $startCopyRight.\'-\'. date(\'Y\');\n}','Code to output copyright information','2026-06-01 11:06:56','2026-06-01 11:06:56');

--
-- Table structure for table `cmsqy_userplugins_seq`
--

CREATE TABLE `cmsqy_userplugins_seq` (
  `id` int(11) NOT NULL
) ENGINE=MyISAM DEFAULT CHARSET=utf8mb3 COLLATE=utf8mb3_general_ci;

--
-- Dumping data for table `cmsqy_userplugins_seq`
--

INSERT INTO `cmsqy_userplugins_seq` (`id`) VALUES (2);

--
-- Table structure for table `cmsqy_userprefs`
--

CREATE TABLE `cmsqy_userprefs` (
  `user_id` int(11) NOT NULL,
  `preference` varchar(50) NOT NULL,
  `value` text DEFAULT NULL,
  `type` varchar(25) DEFAULT NULL,
  PRIMARY KEY (`user_id`,`preference`),
  KEY `cmsqy_idx_userprefs_by_user_id` (`user_id`)
) ENGINE=MyISAM DEFAULT CHARSET=utf8mb3 COLLATE=utf8mb3_general_ci;

--
-- Dumping data for table `cmsqy_userprefs`
--

INSERT INTO `cmsqy_userprefs` (`user_id`, `preference`, `value`, `type`) VALUES (1,'wysiwyg','TinyMCE',NULL),
(1,'default_cms_language','en_US',NULL),
(2,'default_cms_language','en_US',NULL),
(2,'wysiwyg','MicroTiny',NULL),
(1,'filemanager_cwd','/uploads/images/packages',NULL),
(1,'ce_navdisplay','',NULL),
(1,'syntaxhighlighter','&#45;1',NULL),
(1,'admintheme','OneEleven',NULL),
(1,'bookmarks','0',NULL),
(1,'hide_help_links','0',NULL),
(1,'indent','1',NULL),
(1,'paging','0',NULL),
(1,'date_format_string','%x %X',NULL),
(1,'default_parent','-1',NULL),
(1,'homepage','',NULL),
(1,'changegroupassign_group','4',NULL);

--
-- Table structure for table `cmsqy_users`
--

CREATE TABLE `cmsqy_users` (
  `user_id` int(11) NOT NULL,
  `username` varchar(25) DEFAULT NULL,
  `password` varchar(40) DEFAULT NULL,
  `admin_access` tinyint(4) DEFAULT NULL,
  `first_name` varchar(50) DEFAULT NULL,
  `last_name` varchar(50) DEFAULT NULL,
  `email` varchar(255) DEFAULT NULL,
  `active` tinyint(4) DEFAULT NULL,
  `create_date` datetime DEFAULT NULL,
  `modified_date` datetime DEFAULT NULL,
  PRIMARY KEY (`user_id`)
) ENGINE=MyISAM DEFAULT CHARSET=utf8mb3 COLLATE=utf8mb3_general_ci;

--
-- Dumping data for table `cmsqy_users`
--

INSERT INTO `cmsqy_users` (`user_id`, `username`, `password`, `admin_access`, `first_name`, `last_name`, `email`, `active`, `create_date`, `modified_date`) VALUES (1,'willem','ccf4f9e5071fd887d4a09d9c52c62579',1,'','','willem@oudemans.com',1,'2026-06-01 11:06:56','2026-06-28 20:17:32'),
(2,'digi3','6a1f9ff99966e7ed2000589ef7d4e389',1,'digi','digi','matt@matthornsby.ca',1,'2026-06-17 18:24:14','2026-06-30 16:47:21');

--
-- Table structure for table `cmsqy_users_seq`
--

CREATE TABLE `cmsqy_users_seq` (
  `id` int(11) NOT NULL
) ENGINE=MyISAM DEFAULT CHARSET=utf8mb3 COLLATE=utf8mb3_general_ci;

--
-- Dumping data for table `cmsqy_users_seq`
--

INSERT INTO `cmsqy_users_seq` (`id`) VALUES (2);

--
-- Table structure for table `cmsqy_version`
--

CREATE TABLE `cmsqy_version` (
  `version` int(11) DEFAULT NULL
) ENGINE=MyISAM DEFAULT CHARSET=utf8mb3 COLLATE=utf8mb3_general_ci;

--
-- Dumping data for table `cmsqy_version`
--

INSERT INTO `cmsqy_version` (`version`) VALUES (202);

--
-- Dumping events for database 'csmtrave_cmss989'
--

--
-- Dumping routines for database 'csmtrave_cmss989'
--


